000
CXUS54 KEWX 300910
CF6HDO
PRELIMINARY LOCAL CLIMATOLOGICAL DATA (WS FORM: F-6)

                                          STATION:   HONDO
                                          MONTH:     MAY
                                          YEAR:      2017
                                          LATITUDE:   29 21 N
                                          LONGITUDE:  99 10 W

  TEMPERATURE IN F:       :PCPN:    SNOW:  WIND      :SUNSHINE: SKY     :PK WND
================================================================================
1   2   3   4   5  6A  6B    7    8   9   10  11  12  13   14  15   16   17  18
                                     12Z  AVG MX 2MIN
DY MAX MIN AVG DEP HDD CDD  WTR  SNW DPTH SPD SPD DIR MIN PSBL S-S WX    SPD DR
================================================================================

 1  91  46  69  -4   0   4 0.00    M    M  8.8 21 190   M    M   0 8      27 190
 2  91  52  72  -1   0   7 0.00    M    M 10.2 22 120   M    M   2 8      31 130
 3  90  66  78   5   0  13 0.06    M    M  9.6 26 340   M    M   7 138    36 360
 4  83  53  68  -6   0   3 0.00    M    M 10.2 22 360   M    M   0 8      32  10
 5  86  47  67  -7   0   2 0.00    M    M  5.0 13 360   M    M   0 8      17 340
 6  90  49  70  -4   0   5 0.00    M    M  8.2 17 190   M    M   0        20 190
 7  88  55  72  -2   0   7 0.00    M    M 11.2 22 150   M    M   0 8      31  40
 8  78  68  73  -2   0   8 0.00    M    M 13.4 23 150   M    M   9 8      28 160
 9  83  70  77   2   0  12    T    M    M 14.0 23 140   M    M  10 18     29 130
10  88  71  80   5   0  15    T    M    M 13.6 22 120   M    M   9 18     27 140
11  83  66  75   0   0  10 0.01    M    M  4.6 13 140   M    M   7 18     15 140
12  92  60  76   0   0  11 0.00    M    M 10.1 20  10   M    M   0 1      24 330
13  91  53  72  -4   0   7 0.00    M    M  6.0 13 120   M    M   0 8      16 130
14  93  61  77   1   0  12 0.00    M    M  9.8 21 140   M    M   1 8      26 120
15  92  70  81   5   0  16 0.00    M    M 12.7 22 130   M    M   8 8      29 130
16  84  72  78   1   0  13    T    M    M 15.0 24 130   M    M  10 1      31 120
17  93  72  83   6   0  18 0.02    M    M 10.4 17  60   M    M   6 18     23  70
18  94  76  85   8   0  20    T    M    M 13.8 25 130   M    M   8 18     31 140
19  93  77  85   8   0  20 0.00    M    M 13.0 21 130   M    M   8        27 140
20  82  71  77  -1   0  12 0.40    M    M 10.0 21  80   M    M   7 13     27  80
21  78  63  71  -7   0   6 1.17    M    M 12.7 29 100   M    M   8 13     37  90
22  81  66  74  -4   0   9    T    M    M  8.5 29 100   M    M   8 13     36 100
23  87  59  73  -5   0   8 0.27    M    M  7.1 29  10   M    M   4 138    35  10
24  85  51  68 -10   0   3 0.00    M    M  6.0 15 280   M    M   0 8      21 260
25  96  55  76  -3   0  11 0.00    M    M 10.0 21 130   M    M   0        25 120
26  92  77  85   6   0  20 0.00    M    M  8.0 17 130   M    M   7        21 140
27  99  79  89  10   0  24 0.00    M    M 10.6 25 140   M    M   6 18     32 140
28  93  71  82   3   0  17    T    M    M  9.2 24 350   M    M   3 13     28 350
29  88  72  80   1   0  15 0.00  0.0    0  8.1 21  90   M    M   4        26  70
================================================================================
SM 2564 1848         0 328  1.93     0.0 289.8          M      132
================================================================================
AV 88.4 63.7                              10.0 FASTST   M    M   5    MAX(MPH)
                                 MISC ---->  # 29 100               # 37   90
================================================================================
NOTES:
# LAST OF SEVERAL OCCURRENCES

COLUMN 17 PEAK WIND IN M.P.H.

PRELIMINARY LOCAL CLIMATOLOGICAL DATA (WS FORM: F-6) , PAGE 2

                                          STATION:  HONDO
                                          MONTH:    MAY
                                          YEAR:     2017
                                          LATITUDE:   29 21 N
                                          LONGITUDE:  99 10 W

[TEMPERATURE DATA]      [PRECIPITATION DATA]       SYMBOLS USED IN COLUMN 16

AVERAGE MONTHLY: 76.1   TOTAL FOR MONTH:   1.93    1 = FOG OR MIST
DPTR FM NORMAL:  -0.2   DPTR FM NORMAL:   -1.20    2 = FOG REDUCING VISIBILITY
HIGHEST:    99 ON 27    GRTST 24HR  1.17 ON 21-21      TO 1/4 MILE OR LESS
LOWEST:     46 ON  1                               3 = THUNDER
                        SNOW, ICE PELLETS, HAIL    4 = ICE PELLETS
                        TOTAL MONTH:   0.0 INCH    5 = HAIL
                        GRTST 24HR     0.0         6 = FREEZING RAIN OR DRIZZLE
                        GRTST DEPTH:   0           7 = DUSTSTORM OR SANDSTORM:
                                                       VSBY 1/2 MILE OR LESS
                                                   8 = SMOKE OR HAZE
[NO. OF DAYS WITH]      [WEATHER - DAYS WITH]      9 = BLOWING SNOW
                                                   X = TORNADO
MAX 32 OR BELOW:   0    0.01 INCH OR MORE:   6
MAX 90 OR ABOVE:  15    0.10 INCH OR MORE:   3
MIN 32 OR BELOW:   0    0.50 INCH OR MORE:   1
MIN  0 OR BELOW:   0    1.00 INCH OR MORE:   1

[HDD (BASE 65) ]
TOTAL THIS MO.     0    CLEAR  (SCALE 0-3)  12
DPTR FM NORMAL     0    PTCLDY (SCALE 4-7)  12
TOTAL FM JUL 1   739    CLOUDY (SCALE 8-10)  5
DPTR FM NORMAL  -846

[CDD (BASE 65) ]
TOTAL THIS MO.   328
DPTR FM NORMAL     1    [PRESSURE DATA]
TOTAL FM JAN 1   772    HIGHEST SLP M ON M
DPTR FM NORMAL   210    LOWEST  SLP 29.60 ON 18

[REMARKS]
