000
CXUS53 KBIS 260743
CF6HEI
PRELIMINARY LOCAL CLIMATOLOGICAL DATA (WS FORM: F-6)

                                          STATION:   HETTINGER ND
                                          MONTH:     NOVEMBER
                                          YEAR:      2014
                                          LATITUDE:   46  0 N
                                          LONGITUDE: 102 39 W

  TEMPERATURE IN F:       :PCPN:    SNOW:  WIND      :SUNSHINE: SKY     :PK WND
================================================================================
1   2   3   4   5  6A  6B    7    8   9   10  11  12  13   14  15   16   17  18
                                     12Z  AVG MX 2MIN
DY MAX MIN AVG DEP HDD CDD  WTR  SNW DPTH SPD SPD DIR MIN PSBL S-S WX    SPD DR
================================================================================

 1  52  29  41   5  24   0 0.00    M    M  8.8 16 140   M    M   0        20 130
 2  62  31  47  11  18   0 0.00    M    M  8.6 18 280   M    M   0        20 290
 3  50  25  38   3  27   0 0.00    M    M 13.3 29 290   M    M   1        36 290
 4  58  21  40   5  25   0    T    M    M 10.0 29 280   M    M   4        34 270
 5  50  24  37   3  28   0    T    M    M 16.8 38 300   M    M   1        45 290
 6  58  19  39   5  26   0 0.00    M    M  7.5 17 170   M    M   1        22 160
 7  59  22  41   8  24   0 0.00    M    M 17.1 41 310   M    M   2        53 310
 8  57  19  38   5  27   0 0.00    M    M  6.9 28 270   M    M   2        31 260
 9  37  20  29  -3  36   0 0.23    M    M 12.5 26  60   M    M   9 1      30  60
10  20   5  13 -19  52   0 0.01    M    M 16.7 23 310   M    M   8 168    29  10
11   9  -2   4 -27  61   0    T    M    M 16.5 24 300   M    M   5 18     29 300
12  11 -10   1 -30  64   0 0.00    M    M 14.6 26 310   M    M   2 18     33 310
13   9 -21  -6 -36  71   0 0.00    M    M  3.9 13 280   M    M   5 18     15 300
14   6 -22  -8 -38  73   0    T    M    M  3.1  9 320   M    M   6 128    11 320
15   6  -6   0 -29  65   0    T    M    M 14.6 29 290   M    M   4 18     32 290
16  19   1  10 -19  55   0    T    M    M 23.4 36 310   M    M   6 89     45 320
17  15   1   8 -20  57   0    T    M    M 16.8 28 310   M    M   9 18     34 310
18  32  -5  14 -14  51   0    T    M    M 16.6 35 300   M    M   6 8      43 290
19  19  13  16 -11  49   0    T    M    M 15.6 26 310   M    M   9 1      34 310
20  28  12  20  -7  45   0 0.00    M    M  6.9 14 190   M    M   5 1      19 180
21  43  16  30   4  35   0 0.00    M    M  6.1 20 260   M    M   1        23 260
22  43  19  31   5  34   0    T    M    M  5.6 21 290   M    M   5        26 290
23  38  17  28   2  37   0    T    M    M 25.5 44 300   M    M   7        55 290
24  27  12  20  -5  45   0 0.00    M    M 10.9 24 310   M    M   5        29 300
25  36  14  25   1  40   0    T    M    M 14.0 36 330   M    M   8 1      45 320
================================================================================
SM  844  254      1069   0  0.24    M    312.3          M      111
================================================================================
AV 33.8 10.2                              12.5 FASTST   M    M   4    MAX(MPH)
                                 MISC ---->  # 44 300               # 55  290
================================================================================
NOTES:
# LAST OF SEVERAL OCCURRENCES

COLUMN 17 PEAK WIND IN M.P.H.

PRELIMINARY LOCAL CLIMATOLOGICAL DATA (WS FORM: F-6) , PAGE 2

                                          STATION:  HETTINGER ND
                                          MONTH:    NOVEMBER
                                          YEAR:     2014
                                          LATITUDE:   46  0 N
                                          LONGITUDE: 102 39 W

[TEMPERATURE DATA]      [PRECIPITATION DATA]       SYMBOLS USED IN COLUMN 16

AVERAGE MONTHLY: 22.0   TOTAL FOR MONTH:   0.24    1 = FOG OR MIST
DPTR FM NORMAL:  -8.3   DPTR FM NORMAL:   -0.34    2 = FOG REDUCING VISIBILITY
HIGHEST:    62 ON  2    GRTST 24HR  0.24 ON  9-10      TO 1/4 MILE OR LESS
LOWEST:    -22 ON 14                               3 = THUNDER
                        SNOW, ICE PELLETS, HAIL    4 = ICE PELLETS
                        TOTAL MONTH:    M          5 = HAIL
                        GRTST 24HR    M  ON   M    6 = FREEZING RAIN OR DRIZZLE
                        GRTST DEPTH:  M  ON   M    7 = DUSTSTORM OR SANDSTORM:
                                                       VSBY 1/2 MILE OR LESS
                                                   8 = SMOKE OR HAZE
[NO. OF DAYS WITH]      [WEATHER - DAYS WITH]      9 = BLOWING SNOW
                                                   X = TORNADO
MAX 32 OR BELOW:  12    0.01 INCH OR MORE:   2
MAX 90 OR ABOVE:   0    0.10 INCH OR MORE:   1
MIN 32 OR BELOW:  25    0.50 INCH OR MORE:   0
MIN  0 OR BELOW:   6    1.00 INCH OR MORE:   0

[HDD (BASE 65) ]
TOTAL THIS MO.  1069    CLEAR  (SCALE 0-3)   9
DPTR FM NORMAL   201    PTCLDY (SCALE 4-7)  12
TOTAL FM JUL 1  2047    CLOUDY (SCALE 8-10)  4
DPTR FM NORMAL   124

[CDD (BASE 65) ]
TOTAL THIS MO.     0
DPTR FM NORMAL     0    [PRESSURE DATA]
TOTAL FM JAN 1   241    HIGHEST SLP M ON M
DPTR FM NORMAL  -136    LOWEST  SLP 29.37 ON 22

[REMARKS]
