000
CXUS54 KHGX 271415
CF6HGX
PRELIMINARY LOCAL CLIMATOLOGICAL DATA (WS FORM: F-6)

                                          STATION:   DICKINSON  WFO
                                          MONTH:     APRIL
                                          YEAR:      2017
                                          LATITUDE:   29 28 N
                                          LONGITUDE:  95  5 W

  TEMPERATURE IN F:       :PCPN:    SNOW:  WIND      :SUNSHINE: SKY     :PK WND
================================================================================
1   2   3   4   5  6A  6B    7    8   9   10  11  12  13   14  15   16   17  18
                                     12Z  AVG MX 2MIN
DY MAX MIN AVG DEP HDD CDD  WTR  SNW DPTH SPD SPD DIR MIN PSBL S-S WX    SPD DR
================================================================================

 1  79  67  73   8   0   8 0.00  0.0    0   M   M   M   M    M   M         M  M
 2  79  70  75  10   0  10 0.02  0.0    0   M   M   M   M    M   M         M  M
 3  87  58  73   8   0   8 0.00  0.0    0   M   M   M   M    M   M         M  M
 4  84  62  73   8   0   8 0.00  0.0    0   M   M   M   M    M   M         M  M
 5  74  53  64  -1   1   0 0.00  0.0    0   M   M   M   M    M   M         M  M
 6  79  48  64  -2   1   0 0.00  0.0    M   M   M   M   M    M   M         M  M
 7  79  50  65  -1   0   0 0.00  0.0    M   M   M   M   M    M   M         M  M
 8  79  57  68   2   0   3 0.00  0.0    M   M   M   M   M    M   M         M  M
 9  81  66  74   8   0   9 0.00  0.0    0   M   M   M   M    M   M         M  M
10  79  71  75   9   0  10 0.00  0.0    0   M   M   M   M    M   M         M  M
11  80  63  72   5   0   7 0.85  0.0    0   M   M   M   M    M   M         M  M
12  77  62  70   3   0   5 2.05  0.0    0   M   M   M   M    M   M         M  M
13  81  64  73   6   0   8 0.00  0.0    0   M   M   M   M    M   M         M  M
14  80  62  71   4   0   6 0.00  0.0    0   M   M   M   M    M   M         M  M
15  82  63  73   5   0   8 0.00  0.0    0   M   M   M   M    M   M         M  M
16  82  72  77   9   0  12 0.00  0.0    0   M   M   M   M    M   M         M  M
17  83  66  75   7   0  10 0.67  0.0    0   M   M   M   M    M   M 3       M  M
18  75  65  70   2   0   5 4.06    M    M   M   M   M   M    M   M 3       M  M
19  82  69  76   8   0  11 0.08  0.0    0   M   M   M   M    M   M         M  M
20  84  67  76   7   0  11 0.00  0.0    0   M   M   M   M    M   M         M  M
21  83  70  77   8   0  12 0.00  0.0    0   M   M   M   M    M   M         M  M
22  87  61  74   5   0   9 0.00  0.0    0   M   M   M   M    M   M         M  M
23  74  54  64  -5   1   0 0.00  0.0    0   M   M   M   M    M   M         M  M
24  79  52  66  -4   0   1 0.00  0.0    0   M   M   M   M    M   M         M  M
25  81  63  72   2   0   7 0.00  0.0    0   M   M   M   M    M   M         M  M
26  85  66  76   6   0  11    T  0.0    0   M   M   M   M    M   M         M  M
================================================================================
SM 2095 1621         3 179  7.73     0.0     M          M        M
================================================================================
AV 80.6 62.4                                 M FASTST   M    M   4    MAX(MPH)
                                 MISC ---->     M   M                  M    M
================================================================================
NOTES:
# LAST OF SEVERAL OCCURRENCES

COLUMN 17 PEAK WIND IN M.P.H.

PRELIMINARY LOCAL CLIMATOLOGICAL DATA (WS FORM: F-6) , PAGE 2

                                          STATION:  DICKINSON  WFO
                                          MONTH:    APRIL
                                          YEAR:     2017
                                          LATITUDE:   29 28 N
                                          LONGITUDE:  95  5 W

[TEMPERATURE DATA]      [PRECIPITATION DATA]       SYMBOLS USED IN COLUMN 16

AVERAGE MONTHLY: 71.5   TOTAL FOR MONTH:   7.73    1 = FOG OR MIST
DPTR FM NORMAL:   4.2   DPTR FM NORMAL:    4.84    2 = FOG REDUCING VISIBILITY
HIGHEST:    87 ON 22, 3 GRTST 24HR  4.06 ON 18-18      TO 1/4 MILE OR LESS
LOWEST:     48 ON  6                               3 = THUNDER
                        SNOW, ICE PELLETS, HAIL    4 = ICE PELLETS
                        TOTAL MONTH:   0.0 INCH    5 = HAIL
                        GRTST 24HR     0.0         6 = FREEZING RAIN OR DRIZZLE
                        GRTST DEPTH:   0           7 = DUSTSTORM OR SANDSTORM:
                                                       VSBY 1/2 MILE OR LESS
                                                   8 = SMOKE OR HAZE
[NO. OF DAYS WITH]      [WEATHER - DAYS WITH]      9 = BLOWING SNOW
                                                   X = TORNADO
MAX 32 OR BELOW:   0    0.01 INCH OR MORE:   6
MAX 90 OR ABOVE:   0    0.10 INCH OR MORE:   4
MIN 32 OR BELOW:   0    0.50 INCH OR MORE:   4
MIN  0 OR BELOW:   0    1.00 INCH OR MORE:   2

[HDD (BASE 65) ]
TOTAL THIS MO.     3    CLEAR  (SCALE 0-3)   0
DPTR FM NORMAL   -42    PTCLDY (SCALE 4-7)   0
TOTAL FM JUL 1   566    CLOUDY (SCALE 8-10)  0
DPTR FM NORMAL  -833

[CDD (BASE 65) ]
TOTAL THIS MO.   179
DPTR FM NORMAL    75    [PRESSURE DATA]
TOTAL FM JAN 1   499    HIGHEST SLP M ON M
DPTR FM NORMAL   319    LOWEST  SLP M ON M

[REMARKS]
