000
CXUS55 KLOX 261655
CF6HHR
PRELIMINARY LOCAL CLIMATOLOGICAL DATA (WS FORM: F-6)

                                          STATION:   HAWTHORNE AIRPORT CA
                                          MONTH:     MARCH
                                          YEAR:      2015
                                          LATITUDE:   33 55 N
                                          LONGITUDE: 118 20 W

  TEMPERATURE IN F:       :PCPN:    SNOW:  WIND      :SUNSHINE: SKY     :PK WND
================================================================================
1   2   3   4   5  6A  6B    7    8   9   10  11  12  13   14  15   16   17  18
                                     12Z  AVG MX 2MIN
DY MAX MIN AVG DEP HDD CDD  WTR  SNW DPTH SPD SPD DIR MIN PSBL S-S WX    SPD DR
================================================================================

 1  64  52  58  -2   7   0 0.21  0.0    0  5.1 14 130   M    M   8 3      20 150
 2  63  50  57  -3   8   0 0.12  0.0    0  4.1 13 110   M    M   4 3      22 130
 3  67  49  58  -2   7   0 0.03    M    0  4.5 17 260   M    M   1        22 250
 4  72  50  61   1   4   0 0.00  0.0    0  3.5 14 250   M    M   0        19 260
 5  77  51  64   4   1   0 0.00  0.0    0  2.6 13 260   M    M   0        15 270
 6  84  50  67   7   0   2 0.00  0.0    0  2.1 14 260   M    M   0        16 260
 7  87  53  70  10   0   5 0.00  0.0    0  3.7 15 250   M    M   0 8      18 270
 8  75  56  66   6   0   1 0.00  0.0    0  4.8 16 240   M    M   0 8      21 260
 9  69  57  63   3   2   0 0.00  0.0    0  4.2 13 260   M    M   4 18     17 270
10  75  57  66   6   0   1 0.00  0.0    0  3.5 13 270   M    M   3 18     16 260
11  72  61  67   7   0   2    T  0.0    0  2.2 14 260   M    M   2 18     17 260
12  84  57  71  11   0   6 0.00  0.0    0  2.6 12 250   M    M   0 8      15 250
13  89  61  75  15   0  10 0.00  0.0    0  3.8 16 250   M    M   0 8      19 260
14  94  65  80  20   0  15 0.00  0.0    0  3.5 15 260   M    M   0        19 260
15  92  70  81  21   0  16 0.00  0.0    0  3.0 14 260   M    M   0        18 250
16  90  66  78  18   0  13 0.00  0.0    0  3.3 15 260   M    M   0        18 260
17  80  65  73  13   0   8 0.00  0.0    0  4.6 15 260   M    M   0        18 270
18  73  63  68   8   0   3    T  0.0    0  6.7 13 150   M    M   3        18 160
19  72  61  67   7   0   2 0.00  0.0    0  5.1 16 260   M    M   4        20 250
20  75  62  69   9   0   4 0.00  0.0    0  4.9 17 260   M    M   5 8      24 260
21  72  63  68   8   0   3 0.00  0.0    0  5.7 14 260   M    M   7        18 270
22  70  60  65   5   0   0 0.00  0.0    0  5.8 15 260   M    M   4        19 250
23  71  59  65   5   0   0 0.00  0.0    0  6.1 17 260   M    M   1 8      23 250
24  74  57  66   5   0   1 0.00  0.0    0  5.7 16 260   M    M   0 8      27 330
25  81  61  71  10   0   6 0.00  0.0    0  4.5 17 260   M    M   0 8      20 260
================================================================================
SM 1922 1456        29  98  0.36     0.0 105.7          M       46
================================================================================
AV 76.9 58.2                               4.2 FASTST   M    M   2    MAX(MPH)
                                 MISC ---->    17   M               # 27  330
================================================================================
NOTES:
# LAST OF SEVERAL OCCURRENCES

COLUMN 17 PEAK WIND IN M.P.H.

PRELIMINARY LOCAL CLIMATOLOGICAL DATA (WS FORM: F-6) , PAGE 2

                                          STATION:  HAWTHORNE AIRPORT CA
                                          MONTH:    MARCH
                                          YEAR:     2015
                                          LATITUDE:   33 55 N
                                          LONGITUDE: 118 20 W

[TEMPERATURE DATA]      [PRECIPITATION DATA]       SYMBOLS USED IN COLUMN 16

AVERAGE MONTHLY: 67.6   TOTAL FOR MONTH:   0.36    1 = FOG OR MIST
DPTR FM NORMAL:   7.5   DPTR FM NORMAL:   -1.68    2 = FOG REDUCING VISIBILITY
HIGHEST:    94 ON 14    GRTST 24HR  0.21 ON  1- 1      TO 1/4 MILE OR LESS
LOWEST:     49 ON  3                               3 = THUNDER
                        SNOW, ICE PELLETS, HAIL    4 = ICE PELLETS
                        TOTAL MONTH:   0.0 INCH    5 = HAIL
                        GRTST 24HR     0.0         6 = FREEZING RAIN OR DRIZZLE
                        GRTST DEPTH:   0           7 = DUSTSTORM OR SANDSTORM:
                                                       VSBY 1/2 MILE OR LESS
                                                   8 = SMOKE OR HAZE
[NO. OF DAYS WITH]      [WEATHER - DAYS WITH]      9 = BLOWING SNOW
                                                   X = TORNADO
MAX 32 OR BELOW:   0    0.01 INCH OR MORE:   3
MAX 90 OR ABOVE:   3    0.10 INCH OR MORE:   2
MIN 32 OR BELOW:   0    0.50 INCH OR MORE:   0
MIN  0 OR BELOW:   0    1.00 INCH OR MORE:   0

[HDD (BASE 65) ]
TOTAL THIS MO.    29    CLEAR  (SCALE 0-3)  16
DPTR FM NORMAL  -104    PTCLDY (SCALE 4-7)   9
TOTAL FM JUL 1   336    CLOUDY (SCALE 8-10)  0
DPTR FM NORMAL  -595

[CDD (BASE 65) ]
TOTAL THIS MO.    98
DPTR FM NORMAL    96    [PRESSURE DATA]
TOTAL FM JAN 1   161    HIGHEST SLP M ON M
DPTR FM NORMAL   145    LOWEST  SLP 29.82 ON  9

[REMARKS]
