148
CXUS56 KPQR 281200
CF6HIO
PRELIMINARY LOCAL CLIMATOLOGICAL DATA (WS FORM: F-6)

                                          STATION:   HILLSBORO OR
                                          MONTH:     APRIL
                                          YEAR:      2016
                                          LATITUDE:   45 32 N
                                          LONGITUDE: 122 57 W

  TEMPERATURE IN F:       :PCPN:    SNOW:  WIND      :SUNSHINE: SKY     :PK WND
================================================================================
1   2   3   4   5  6A  6B    7    8   9   10  11  12  13   14  15   16   17  18
                                     12Z  AVG MX 2MIN
DY MAX MIN AVG DEP HDD CDD  WTR  SNW DPTH SPD SPD DIR MIN PSBL S-S WX    SPD DR
================================================================================

 1  76  43  60  12   5   0 0.00  0.0    0  2.4  9 300   M    M   0         9 300
 2  70  43  57   9   8   0 0.00  0.0    0  1.8  8 290   M    M   1        11 150
 3  71  41  56   8   9   0 0.21    M    0  6.3 17 170   M    M   3 1      21 170
 4  59  43  51   3  14   0 0.05    M    0  6.3 21 250   M    M   6 1      29 240
 5  61  42  52   3  13   0 0.00  0.0    0  2.6  8 100   M    M   3        10  90
 6  75  37  56   7   9   0 0.00  0.0    0  2.2  9  60   M    M   0        12  50
 7  86  42  64  15   1   0 0.00  0.0    0  5.0 16 100   M    M   0        22  90
 8  85  48  67  18   0   2 0.00  0.0    0  5.8 21 320   M    M   0        26 310
 9  68  44  56   7   9   0 0.00  0.0    0  3.6 10 180   M    M   3        13 130
10  61  48  55   6  10   0    T    M    0  3.9 13 330   M    M   8 18     16 310
11  62  50  56   7   9   0 0.00  0.0    0  2.9  9 310   M    M   9        11  40
12  58  46  52   3  13   0 0.20    M    0  7.9 17 250   M    M  10 1      25 250
13  59  42  51   1  14   0 0.16    M    0  7.5 23 220   M    M   8 1      33 220
14  53  41  47  -3  18   0 0.31    M    0  9.1 22 180   M    M   8 1      30 170
15  61  34  48  -2  17   0 0.00  0.0    0  1.9 13 250   M    M   5 18     18 290
16  70  40  55   5  10   0 0.00  0.0    0  0.7  7 300   M    M   2         8 290
17  80  42  61  11   4   0 0.00  0.0    0  8.7 18  70   M    M   0        25  90
18  88  47  68  18   0   3 0.00  0.0    0  4.6 12  90   M    M   0        17  70
19  85  49  67  17   0   2 0.00    M    0  3.0 12 300   M    M   0        14 300
20  80  50  65  14   0   0    T  0.0    0  2.7 16 150   M    M   0        22 200
21  75  47  61  10   4   0 0.26    M    0  3.9 17 250   M    M   1 13     22 250
22  64  48  56   5   9   0 0.45    M    0  4.9 15 240   M    M   8 1      19 260
23  62  44  53   2  12   0 0.05    M    0  5.9 17 240   M    M   9 8      22 230
24  55  40  48  -3  17   0 0.13    M    0  5.3 20 310   M    M   7        24 320
25  61  34  48  -4  17   0    T    M    0  7.5 20 300   M    M   3        24 290
26  58  34  46  -6  19   0    T    M    0  2.3  9 240   M    M   3        12 230
27  59  46  53   1  12   0 0.02    M    0  2.1  9 340   M    M   9        10 350
================================================================================
SM 1842 1165       253   7  1.84     0.0 120.8          M      106
================================================================================
AV 68.2 43.1                               4.5 FASTST   M    M   4    MAX(MPH)
                                 MISC ---->  # 23 220               # 33  220
================================================================================
NOTES:
# LAST OF SEVERAL OCCURRENCES

COLUMN 17 PEAK WIND IN M.P.H.

PRELIMINARY LOCAL CLIMATOLOGICAL DATA (WS FORM: F-6) , PAGE 2

                                          STATION:  HILLSBORO OR
                                          MONTH:    APRIL
                                          YEAR:     2016
                                          LATITUDE:   45 32 N
                                          LONGITUDE: 122 57 W

[TEMPERATURE DATA]      [PRECIPITATION DATA]       SYMBOLS USED IN COLUMN 16

AVERAGE MONTHLY: 55.7   TOTAL FOR MONTH:   1.84    1 = FOG OR MIST
DPTR FM NORMAL:   5.9   DPTR FM NORMAL:   -0.93    2 = FOG REDUCING VISIBILITY
HIGHEST:    88 ON 18    GRTST 24HR  0.71 ON 21-22      TO 1/4 MILE OR LESS
LOWEST:     34 ON 26,25                            3 = THUNDER
                        SNOW, ICE PELLETS, HAIL    4 = ICE PELLETS
                        TOTAL MONTH:   0.0 INCH    5 = HAIL
                        GRTST 24HR     0.0         6 = FREEZING RAIN OR DRIZZLE
                        GRTST DEPTH:   0           7 = DUSTSTORM OR SANDSTORM:
                                                       VSBY 1/2 MILE OR LESS
                                                   8 = SMOKE OR HAZE
[NO. OF DAYS WITH]      [WEATHER - DAYS WITH]      9 = BLOWING SNOW
                                                   X = TORNADO
MAX 32 OR BELOW:   0    0.01 INCH OR MORE:  10
MAX 90 OR ABOVE:   0    0.10 INCH OR MORE:   7
MIN 32 OR BELOW:   0    0.50 INCH OR MORE:   0
MIN  0 OR BELOW:   0    1.00 INCH OR MORE:   0

[HDD (BASE 65) ]
TOTAL THIS MO.   253    CLEAR  (SCALE 0-3)  13
DPTR FM NORMAL  -157    PTCLDY (SCALE 4-7)   8
TOTAL FM JUL 1  3750    CLOUDY (SCALE 8-10)  6
DPTR FM NORMAL  -774

[CDD (BASE 65) ]
TOTAL THIS MO.     7
DPTR FM NORMAL     7    [PRESSURE DATA]
TOTAL FM JAN 1     7    HIGHEST SLP M ON M
DPTR FM NORMAL     7    LOWEST  SLP 29.58 ON 22

[REMARKS]
