000
CXUS53 KGID 230730
CF6HJH
PRELIMINARY LOCAL CLIMATOLOGICAL DATA (WS FORM: F-6)

                                          STATION:   HEBRON
                                          MONTH:     JULY
                                          YEAR:      2016
                                          LATITUDE:   40  9 N
                                          LONGITUDE:  97 35 W

  TEMPERATURE IN F:       :PCPN:    SNOW:  WIND      :SUNSHINE: SKY     :PK WND
================================================================================
1   2   3   4   5  6A  6B    7    8   9   10  11  12  13   14  15   16   17  18
                                     12Z  AVG MX 2MIN
DY MAX MIN AVG DEP HDD CDD  WTR  SNW DPTH SPD SPD DIR MIN PSBL S-S WX    SPD DR
================================================================================

 1  80  63  72  -4   0   7 0.00    M    M  6.4 12  80   M    M   3         M  M
 2  70  63  67  -9   0   2 0.48    M    M  8.4 13  90   M    M  10 1      18  90
 3  65  60  63 -13   2   0 0.49    M    M  7.0 12  60   M    M  10 1      17  80
 4  84  63  74  -3   0   9 0.00    M    M  4.1  9 210   M    M   7 1       M  M
 5  96  67  82   5   0  17 0.00    M    M  4.4 13 180   M    M   0 1      17 180
 6  93  71  82   5   0  17 0.01    M    M  4.2  8 350   M    M   0         M  M
 7  89  66  78   1   0  13 0.33    M    M  7.0 14 190   M    M   2 3      22 160
 8  88  69  79   2   0  14 0.00    M    M  4.2  8 130   M    M   1         M  M
 9  91  67  79   2   0  14 0.00    M    M  6.4 14 150   M    M   3        17 170
10  94  73  84   7   0  19 0.00    M    M 12.7 21 180   M    M   0        28 170
11  94  76  85   8   0  20    T    M    M 14.0 21 180   M    M   1 3      29 170
12  84  66  75  -2   0  10 0.00    M    M  5.3 10 180   M    M   2 3       M  M
13  87  67  77   0   0  12 0.11    M    M  4.3 13  70   M    M   1 3      18 270
14  86  65  76  -1   0  11 0.05    M    M  2.3  8  80   M    M   1         M  M
15  73  60  67 -10   0   2 0.17    M    M  5.4 13 360   M    M   3 3      21 360
16  88  59  74  -3   0   9 0.00    M    M  7.6 18 150   M    M   5        28 160
17  90  72  81   4   0  16 0.01    M    M  7.2 20 250   M    M   2 38     25 180
18  91  71  81   4   0  16 0.00    M    M  8.6 17 130   M    M   2        23 130
19  93  74  84   7   0  19 0.00    M    M  8.9 17 180   M    M   0        22 210
20  97  74  86   9   0  21 0.00    M    M 12.2 18 190   M    M   0        28 190
21  99  77  88  11   0  23 0.00    M    M 11.6 17 200   M    M   0        23 220
22  94  75  85   8   0  20 0.05    M    M  7.5 18 190   M    M   1 3      27 170
================================================================================
SM 1926 1498         2 291  1.70    M    159.7          M       54
================================================================================
AV 87.5 68.1                               7.3 FASTST   M    M   2    MAX(MPH)
                                 MISC ---->    21   M                 29    M
================================================================================
NOTES:
# LAST OF SEVERAL OCCURRENCES

COLUMN 17 PEAK WIND IN M.P.H.

PRELIMINARY LOCAL CLIMATOLOGICAL DATA (WS FORM: F-6) , PAGE 2

                                          STATION:  HEBRON
                                          MONTH:    JULY
                                          YEAR:     2016
                                          LATITUDE:   40  9 N
                                          LONGITUDE:  97 35 W

[TEMPERATURE DATA]      [PRECIPITATION DATA]       SYMBOLS USED IN COLUMN 16

AVERAGE MONTHLY: 77.8   TOTAL FOR MONTH:   1.70    1 = FOG OR MIST
DPTR FM NORMAL:   1.0   DPTR FM NORMAL:   -1.18    2 = FOG REDUCING VISIBILITY
HIGHEST:    99 ON 21    GRTST 24HR  0.49 ON  3- 3      TO 1/4 MILE OR LESS
LOWEST:     59 ON 16                               3 = THUNDER
                        SNOW, ICE PELLETS, HAIL    4 = ICE PELLETS
                        TOTAL MONTH:    M          5 = HAIL
                        GRTST 24HR    M  ON   M    6 = FREEZING RAIN OR DRIZZLE
                        GRTST DEPTH:  M  ON   M    7 = DUSTSTORM OR SANDSTORM:
                                                       VSBY 1/2 MILE OR LESS
                                                   8 = SMOKE OR HAZE
[NO. OF DAYS WITH]      [WEATHER - DAYS WITH]      9 = BLOWING SNOW
                                                   X = TORNADO
MAX 32 OR BELOW:   0    0.01 INCH OR MORE:   9
MAX 90 OR ABOVE:  11    0.10 INCH OR MORE:   5
MIN 32 OR BELOW:   0    0.50 INCH OR MORE:   0
MIN  0 OR BELOW:   0    1.00 INCH OR MORE:   0

[HDD (BASE 65) ]
TOTAL THIS MO.     2    CLEAR  (SCALE 0-3)  18
DPTR FM NORMAL     2    PTCLDY (SCALE 4-7)   2
TOTAL FM JUL 1     2    CLOUDY (SCALE 8-10)  2
DPTR FM NORMAL     2

[CDD (BASE 65) ]
TOTAL THIS MO.   291
DPTR FM NORMAL    29    [PRESSURE DATA]
TOTAL FM JAN 1   727    HIGHEST SLP M ON M
DPTR FM NORMAL   163    LOWEST  SLP M ON M

[REMARKS]
