000
CXUS54 KJAN 271200
CF6HKS
PRELIMINARY LOCAL CLIMATOLOGICAL DATA (WS FORM: F-6)

                                          STATION:   JACKSON HAWKINS
                                          MONTH:     FEBRUARY
                                          YEAR:      2015
                                          LATITUDE:   32 20 N
                                          LONGITUDE:  90 14 W

  TEMPERATURE IN F:       :PCPN:    SNOW:  WIND      :SUNSHINE: SKY     :PK WND
================================================================================
1   2   3   4   5  6A  6B    7    8   9   10  11  12  13   14  15   16   17  18
                                     12Z  AVG MX 2MIN
DY MAX MIN AVG DEP HDD CDD  WTR  SNW DPTH SPD SPD DIR MIN PSBL S-S WX    SPD DR
================================================================================

 1  72  43  58  10   7   0 0.50  0.0    0 11.3 41 240   M    M   7 13     68 250
 2  43  29  36 -12  29   0 0.00  0.0    0  8.9 22 300   M    M   5        29 320
 3  47  29  38 -10  27   0 0.00  0.0    0  3.7  8 150   M    M   0        11  70
 4  50  37  44  -4  21   0 0.00  0.0    0  3.3  9 140   M    M   5        10 170
 5  51  31  41  -7  24   0 0.00  0.0    0  6.7 14 310   M    M   4 8      21 340
 6  59  26  43  -6  22   0 0.00  0.0    0  0.5  7 150   M    M   0         9 150
 7  69  32  51   2  14   0 0.00  0.0    0  7.1 17 160   M    M   0        24 210
 8  74  49  62  13   3   0    T  0.0    0  9.4 21 210   M    M   5 1      27 220
 9  70  41  56   7   9   0    T  0.0    0  8.0 20 300   M    M   1 8      29 330
10  57  35  46  -3  19   0 0.00  0.0    0  5.9 12 320   M    M   1 8      17 300
11  68  32  50   0  15   0 0.00  0.0    0   M   M   M   M    M   0 18      M  M
12  51  32  42  -8  23   0 0.00  0.0    0  8.6 18 320   M    M   0        27  10
13  51  28  40 -10  25   0 0.00  0.0    0  2.7  9  20   M    M   0        14  60
14  71  32  52   2  13   0 0.00  0.0    0  4.6 16 300   M    M   0        23 260
15  53  39  46  -5  19   0    T  0.0    0  6.9 13  80   M    M   1        21  40
16  65  27  46  -5  19   0 1.00    M    0 10.1 28 320   M    M  10 16     39 320
17  38  24  31 -20  34   0 0.00  0.0    0  7.3 15 340   M    M   5        24 310
18  46  25  36 -15  29   0 0.00  0.0    0  8.4 24 300   M    M   0        33 300
19  41  23  32 -20  33   0 0.00  0.0    0  5.0 12 360   M    M   2        16  20
20  57  30  44  -8  21   0 0.01    M    0 11.9 29 160   M    M   9        41 160
21  67  50  59   7   6   0 1.09  0.0    0 14.9 29 150   M    M   9 13     39 170
22  50  41  46  -6  19   0 0.72  0.0    0  6.9 18 300   M    M  10 1      22 300
23  41  31  36 -17  29   0 0.90    M    0  8.8 16 360   M    M  10 168    22  10
24  32  27  30 -23  35   0    T  0.0    0  4.3 10  10   M    M   9 16     15  10
25  35  32  34 -19  31   0 1.00    M    0  4.8 12 320   M    M   9 1      16  70
26  46  32  39 -14  26   0 0.00  0.0    0  7.7 16 310   M    M   9 1      22 320
================================================================================
SM 1404  857       552   0  5.22     0.0 177.7          M      111
================================================================================
AV 54.0 33.0                               7.1 FASTST   M    M   4    MAX(MPH)
                                 MISC ---->  # 41 240               # 68  250
================================================================================
NOTES:
# LAST OF SEVERAL OCCURRENCES

COLUMN 17 PEAK WIND IN M.P.H.

PRELIMINARY LOCAL CLIMATOLOGICAL DATA (WS FORM: F-6) , PAGE 2

                                          STATION:  JACKSON HAWKINS
                                          MONTH:    FEBRUARY
                                          YEAR:     2015
                                          LATITUDE:   32 20 N
                                          LONGITUDE:  90 14 W

[TEMPERATURE DATA]      [PRECIPITATION DATA]       SYMBOLS USED IN COLUMN 16

AVERAGE MONTHLY: 43.5   TOTAL FOR MONTH:   5.22    1 = FOG OR MIST
DPTR FM NORMAL:  -6.9   DPTR FM NORMAL:    1.16    2 = FOG REDUCING VISIBILITY
HIGHEST:    74 ON  8    GRTST 24HR  1.78 ON 21-22      TO 1/4 MILE OR LESS
LOWEST:     23 ON 19                               3 = THUNDER
                        SNOW, ICE PELLETS, HAIL    4 = ICE PELLETS
                        TOTAL MONTH:   0.0 INCH    5 = HAIL
                        GRTST 24HR     0.0         6 = FREEZING RAIN OR DRIZZLE
                        GRTST DEPTH:   0           7 = DUSTSTORM OR SANDSTORM:
                                                       VSBY 1/2 MILE OR LESS
                                                   8 = SMOKE OR HAZE
[NO. OF DAYS WITH]      [WEATHER - DAYS WITH]      9 = BLOWING SNOW
                                                   X = TORNADO
MAX 32 OR BELOW:   1    0.01 INCH OR MORE:   7
MAX 90 OR ABOVE:   0    0.10 INCH OR MORE:   6
MIN 32 OR BELOW:  18    0.50 INCH OR MORE:   6
MIN  0 OR BELOW:   0    1.00 INCH OR MORE:   3

[HDD (BASE 65) ]
TOTAL THIS MO.   552    CLEAR  (SCALE 0-3)  12
DPTR FM NORMAL   165    PTCLDY (SCALE 4-7)   6
TOTAL FM JUL 1  2060    CLOUDY (SCALE 8-10)  8
DPTR FM NORMAL   221

[CDD (BASE 65) ]
TOTAL THIS MO.     0
DPTR FM NORMAL     0    [PRESSURE DATA]
TOTAL FM JAN 1     0    HIGHEST SLP M ON M
DPTR FM NORMAL    -4    LOWEST  SLP 29.72 ON 16

[REMARKS]
