000
CXUS52 KGSP 250817
CF6HKY
PRELIMINARY LOCAL CLIMATOLOGICAL DATA (WS FORM: F-6)

                                          STATION:   HICKORY NC
                                          MONTH:     MAY
                                          YEAR:      2016
                                          LATITUDE:   35 45 N
                                          LONGITUDE:  81 23 W

  TEMPERATURE IN F:       :PCPN:    SNOW:  WIND      :SUNSHINE: SKY     :PK WND
================================================================================
1   2   3   4   5  6A  6B    7    8   9   10  11  12  13   14  15   16   17  18
                                     12Z  AVG MX 2MIN
DY MAX MIN AVG DEP HDD CDD  WTR  SNW DPTH SPD SPD DIR MIN PSBL S-S WX    SPD DR
================================================================================

 1  73  56  65   3   0   0 0.84    M    M  4.1 14  20   M    M   8 1      16  20
 2  82  62  72   9   0   7 1.42    M    M  4.2 21 310   M    M   5 13     27 310
 3  76  59  68   5   0   3 0.47    M    M  4.6 14 210   M    M   5 13     19 190
 4  69  55  62  -1   3   0 0.00    M    M  3.9 13 300   M    M   8        16 330
 5  63  46  55  -8  10   0 0.19    M    M  8.4 18 330   M    M   8 1      26  10
 6  66  47  57  -7   8   0 0.02    M    M  7.6 20 320   M    M   6        28 320
 7  81  48  65   1   0   0    T    M    M  7.5 18 310   M    M   2        29 320
 8  82  62  72   8   0   7 0.00    M    M  6.8 16 260   M    M   4        21 290
 9  76  59  68   4   0   3    T    M    M  2.2  8 210   M    M   0        12 200
10  81  63  72   7   0   7 0.00    M    M  5.5 16 210   M    M   1 8      25 230
11  79  61  70   5   0   5 0.03    M    M  3.1 10 230   M    M   2 1      14 190
12  86  61  74   9   0   9 0.13    M    M  4.3 20 290   M    M   2 13     25 300
13  78  59  69   4   0   4 0.01    M    M  4.6 13 280   M    M   5 1      20 340
14  80  51  66   0   0   1 0.00    M    M  8.2 21 300   M    M   1        31 270
15  68  45  57  -9   8   0 0.00    M    M  8.4 17 260   M    M   0        26 260
16  70  44  57  -9   8   0 0.00    M    M  2.9 12 190   M    M   2        16 200
17  71  56  64  -2   1   0 0.28    M    M  1.6  7 200   M    M   9 1      10 200
18  74  59  67   0   0   2 0.04    M    M  5.4 10  70   M    M   9 1      16  70
19  60  57  59  -8   6   0 0.03    M    M  5.8 10  70   M    M  10 1      14  50
20  58  55  57 -10   8   0 0.70    M    M  4.9 16 270   M    M  10 1      20 280
21  74  55  65  -3   0   0 0.22    M    M  4.4 13 200   M    M   6 123    18 190
22  75  54  65  -3   0   0 0.01    M    M  6.6 17  10   M    M   5        29  20
23  73  50  62  -6   3   0 0.00    M    M  5.0 13  20   M    M   4        18  20
24  80  50  65  -3   0   0 0.00    M    M  3.9 12 190   M    M   1        15 190
================================================================================
SM 1775 1314        55  48  4.39    M    123.9          M      113
================================================================================
AV 74.0 54.8                               5.2 FASTST   M    M   5    MAX(MPH)
                                 MISC ---->  # 21 310               # 31  270
================================================================================
NOTES:
# LAST OF SEVERAL OCCURRENCES

COLUMN 17 PEAK WIND IN M.P.H.

PRELIMINARY LOCAL CLIMATOLOGICAL DATA (WS FORM: F-6) , PAGE 2

                                          STATION:  HICKORY NC
                                          MONTH:    MAY
                                          YEAR:     2016
                                          LATITUDE:   35 45 N
                                          LONGITUDE:  81 23 W

[TEMPERATURE DATA]      [PRECIPITATION DATA]       SYMBOLS USED IN COLUMN 16

AVERAGE MONTHLY: 64.4   TOTAL FOR MONTH:   4.39    1 = FOG OR MIST
DPTR FM NORMAL:  -0.9   DPTR FM NORMAL:    1.65    2 = FOG REDUCING VISIBILITY
HIGHEST:    86 ON 12    GRTST 24HR  1.89 ON  2- 3      TO 1/4 MILE OR LESS
LOWEST:     44 ON 16                               3 = THUNDER
                        SNOW, ICE PELLETS, HAIL    4 = ICE PELLETS
                        TOTAL MONTH:    M          5 = HAIL
                        GRTST 24HR    M  ON   M    6 = FREEZING RAIN OR DRIZZLE
                        GRTST DEPTH:  M  ON   M    7 = DUSTSTORM OR SANDSTORM:
                                                       VSBY 1/2 MILE OR LESS
                                                   8 = SMOKE OR HAZE
[NO. OF DAYS WITH]      [WEATHER - DAYS WITH]      9 = BLOWING SNOW
                                                   X = TORNADO
MAX 32 OR BELOW:   0    0.01 INCH OR MORE:  14
MAX 90 OR ABOVE:   0    0.10 INCH OR MORE:   8
MIN 32 OR BELOW:   0    0.50 INCH OR MORE:   3
MIN  0 OR BELOW:   0    1.00 INCH OR MORE:   1

[HDD (BASE 65) ]
TOTAL THIS MO.    55    CLEAR  (SCALE 0-3)   9
DPTR FM NORMAL    -4    PTCLDY (SCALE 4-7)  11
TOTAL FM JUL 1  3014    CLOUDY (SCALE 8-10)  4
DPTR FM NORMAL  -594

[CDD (BASE 65) ]
TOTAL THIS MO.    48
DPTR FM NORMAL   -20    [PRESSURE DATA]
TOTAL FM JAN 1   103    HIGHEST SLP M ON M
DPTR FM NORMAL     6    LOWEST  SLP 29.58 ON  5

[REMARKS]
