000
CXUS52 KGSP 260817
CF6HKY
PRELIMINARY LOCAL CLIMATOLOGICAL DATA (WS FORM: F-6)

                                          STATION:   HICKORY NC
                                          MONTH:     FEBRUARY
                                          YEAR:      2015
                                          LATITUDE:   35 45 N
                                          LONGITUDE:  81 23 W

  TEMPERATURE IN F:       :PCPN:    SNOW:  WIND      :SUNSHINE: SKY     :PK WND
================================================================================
1   2   3   4   5  6A  6B    7    8   9   10  11  12  13   14  15   16   17  18
                                     12Z  AVG MX 2MIN
DY MAX MIN AVG DEP HDD CDD  WTR  SNW DPTH SPD SPD DIR MIN PSBL S-S WX    SPD DR
================================================================================

 1  50  37  44   4  21   0 0.10    M    M  3.8 13 200   M    M   7 1      21 200
 2  54  25  40   0  25   0 0.21    M    M 12.7 33 280   M    M   4 1      46 280
 3  46  21  34  -7  31   0 0.00    M    M  2.7  9 190   M    M   0        14 190
 4  53  22  38  -3  27   0 0.00    M    M  3.6 16 200   M    M   0        20 210
 5  44  24  34  -7  31   0 0.00    M    M  7.3 20 340   M    M   0        29 330
 6  42  16  29 -12  36   0 0.00    M    M  2.3 12 210   M    M   0        15 180
 7  61  23  42   1  23   0 0.00    M    M  4.5 14 200   M    M   0        19 180
 8  70  35  53  12  12   0 0.00    M    M  8.6 21 200   M    M   0        30 200
 9  54  48  51  10  14   0 0.13    M    M  2.7 10 200   M    M   9 12     14 210
10  56  34  45   3  20   0 0.04    M    M  7.1 17  40   M    M   5 1      24 350
11  56  28  42   0  23   0 0.00    M    M  4.7 10 190   M    M   0        13 190
12  51  23  37  -5  28   0 0.00    M    M  9.9 25 320   M    M   1        38 330
13  38  23  31 -11  34   0 0.00    M    M  4.1 12 330   M    M   2        19 330
14  53  19  36  -6  29   0 0.00    M    M  7.5 33 300   M    M   3        45 300
15  33  12  23 -19  42   0 0.00    M    M  7.0 25 330   M    M   1        38 350
16  29  21  25 -18  40   0 0.44    M    M  3.4  9  70   M    M  10 146    11  60
17  39  21  30 -13  35   0 0.04    M    M  3.5 14 330   M    M   3 146    18 320
18  37  17  27 -16  38   0    T    M    M  8.7 25 290   M    M   3        38 290
19  21   8  15 -28  50   0 0.00    M    M  8.8 18 300   M    M   0        27 280
20  30   5  18 -26  47   0 0.00    M    M  2.9 12 190   M    M   2        14 190
21  39  24  32 -12  33   0 0.08    M    M  2.2  8 220   M    M  10 1      11 200
22  57  32  45   1  20   0 0.28    M    M  1.7  6  20   M    M   7 128     8 360
23  54  32  43  -1  22   0 0.00    M    M  6.8 17 360   M    M   8 1      24 360
24  32  25  29 -15  36   0    T    M    M  3.5 12 360   M    M  10 18     14 360
25  43  24  34 -11  31   0 0.19    M    M  2.9  8  30   M    M   4 18     11 200
================================================================================
SM 1142  599       748   0  1.51    M    132.9          M       89
================================================================================
AV 45.7 24.0                               5.3 FASTST   M    M   4    MAX(MPH)
                                 MISC ---->    33   M               # 46  280
================================================================================
NOTES:
# LAST OF SEVERAL OCCURRENCES

COLUMN 17 PEAK WIND IN M.P.H.

PRELIMINARY LOCAL CLIMATOLOGICAL DATA (WS FORM: F-6) , PAGE 2

                                          STATION:  HICKORY NC
                                          MONTH:    FEBRUARY
                                          YEAR:     2015
                                          LATITUDE:   35 45 N
                                          LONGITUDE:  81 23 W

[TEMPERATURE DATA]      [PRECIPITATION DATA]       SYMBOLS USED IN COLUMN 16

AVERAGE MONTHLY: 34.8   TOTAL FOR MONTH:   1.51    1 = FOG OR MIST
DPTR FM NORMAL:  -7.4   DPTR FM NORMAL:   -1.81    2 = FOG REDUCING VISIBILITY
HIGHEST:    70 ON  8    GRTST 24HR  0.48 ON 16-17      TO 1/4 MILE OR LESS
LOWEST:      5 ON 20                               3 = THUNDER
                        SNOW, ICE PELLETS, HAIL    4 = ICE PELLETS
                        TOTAL MONTH:    M          5 = HAIL
                        GRTST 24HR    M  ON   M    6 = FREEZING RAIN OR DRIZZLE
                        GRTST DEPTH:  M  ON   M    7 = DUSTSTORM OR SANDSTORM:
                                                       VSBY 1/2 MILE OR LESS
                                                   8 = SMOKE OR HAZE
[NO. OF DAYS WITH]      [WEATHER - DAYS WITH]      9 = BLOWING SNOW
                                                   X = TORNADO
MAX 32 OR BELOW:   4    0.01 INCH OR MORE:   9
MAX 90 OR ABOVE:   0    0.10 INCH OR MORE:   6
MIN 32 OR BELOW:  21    0.50 INCH OR MORE:   0
MIN  0 OR BELOW:   0    1.00 INCH OR MORE:   0

[HDD (BASE 65) ]
TOTAL THIS MO.   748    CLEAR  (SCALE 0-3)  14
DPTR FM NORMAL   181    PTCLDY (SCALE 4-7)   7
TOTAL FM JUL 1  2944    CLOUDY (SCALE 8-10)  4
DPTR FM NORMAL   149

[CDD (BASE 65) ]
TOTAL THIS MO.     0
DPTR FM NORMAL     0    [PRESSURE DATA]
TOTAL FM JAN 1     0    HIGHEST SLP M ON M
DPTR FM NORMAL     0    LOWEST  SLP 29.55 ON  2

[REMARKS]
