000
CXUS53 KGLD 200800
CF6HLC
PRELIMINARY LOCAL CLIMATOLOGICAL DATA (WS FORM: F-6)

                                          STATION:   HILL CITY KS
                                          MONTH:     NOVEMBER
                                          YEAR:      2014
                                          LATITUDE:   39 22 N
                                          LONGITUDE:  99 50 W

  TEMPERATURE IN F:       :PCPN:    SNOW:  WIND      :SUNSHINE: SKY     :PK WND
================================================================================
1   2   3   4   5  6A  6B    7    8   9   10  11  12  13   14  15   16   17  18
                                     12Z  AVG MX 2MIN
DY MAX MIN AVG DEP HDD CDD  WTR  SNW DPTH SPD SPD DIR MIN PSBL S-S WX    SPD DR
================================================================================

 1  58  29  44  -3  21   0 0.00    M    M 16.1 28 160   M    M   0        36 160
 2  73  45  59  12   6   0 0.00    M    M 14.9 24 200   M    M   0        35 190
 3  73  37  55   9  10   0    T    M    M 15.3 28 320   M    M   1        36 320
 4  64  30  47   1  18   0 0.00    M    M  7.8 16 300   M    M   0        22 280
 5  72  31  52   6  13   0 0.00  0.0    0 11.5 26 330   M    M   0        34 340
 6  62  30  46   1  19   0 0.00  0.0    0  5.6 10 160   M    M   0        14 180
 7  79  38  59  14   6   0 0.00    M    M  9.9 28 350   M    M   0        35 320
 8  62  35  49   5  16   0 0.00    M    M  9.1 20 340   M    M   0        24 350
 9  74  36  55  11  10   0 0.00    M    M  5.9 12 200   M    M   0        16 200
10  65  22  44   1  21   0    T    M    M 18.3 37 350   M    M   2 1      47 350
11  27  11  19 -24  46   0 0.00    M    M 15.0 30 350   M    M   5        37 350
12  21   9  15 -27  50   0 0.00    M    M 13.8 28 350   M    M   6        34 340
13  27   3  15 -27  50   0 0.00    M    M  4.2 13 350   M    M   0        15 310
14  31  14  23 -18  42   0 0.00    M    M 10.4 22 160   M    M   6        27 170
15  33  16  25 -16  40   0 0.01    M    M 12.7 28 340   M    M   9 1      33 340
16  40  11  26 -14  39   0 0.00    M    M 12.2 25 360   M    M   1        31 360
17  31   3  17 -23  48   0 0.00    M    M  9.1 25 350   M    M   2        36 350
18  57   2  30  -9  35   0 0.00    M    M  8.6 23 230   M    M   0        32 230
19  46  18  32  -7  33   0 0.00    M    M  5.1 16  10   M    M   1        20  20
================================================================================
SM  995  420       523   0  0.01     0.0 205.5          M       33
================================================================================
AV 52.4 22.1                              10.8 FASTST   M    M   2    MAX(MPH)
                                 MISC ---->  # 37 350               # 47  350
================================================================================
NOTES:
# LAST OF SEVERAL OCCURRENCES

COLUMN 17 PEAK WIND IN M.P.H.

PRELIMINARY LOCAL CLIMATOLOGICAL DATA (WS FORM: F-6) , PAGE 2

                                          STATION:  HILL CITY KS
                                          MONTH:    NOVEMBER
                                          YEAR:     2014
                                          LATITUDE:   39 22 N
                                          LONGITUDE:  99 50 W

[TEMPERATURE DATA]      [PRECIPITATION DATA]       SYMBOLS USED IN COLUMN 16

AVERAGE MONTHLY: 37.2   TOTAL FOR MONTH:   0.01    1 = FOG OR MIST
DPTR FM NORMAL:  -5.9   DPTR FM NORMAL:   -0.68    2 = FOG REDUCING VISIBILITY
HIGHEST:    79 ON  7    GRTST 24HR  0.01 ON 15-15      TO 1/4 MILE OR LESS
LOWEST:      2 ON 18                               3 = THUNDER
                        SNOW, ICE PELLETS, HAIL    4 = ICE PELLETS
                        TOTAL MONTH:   0.0 INCH    5 = HAIL
                        GRTST 24HR     0.0         6 = FREEZING RAIN OR DRIZZLE
                        GRTST DEPTH:   0           7 = DUSTSTORM OR SANDSTORM:
                                                       VSBY 1/2 MILE OR LESS
                                                   8 = SMOKE OR HAZE
[NO. OF DAYS WITH]      [WEATHER - DAYS WITH]      9 = BLOWING SNOW
                                                   X = TORNADO
MAX 32 OR BELOW:   5    0.01 INCH OR MORE:   1
MAX 90 OR ABOVE:   0    0.10 INCH OR MORE:   0
MIN 32 OR BELOW:  14    0.50 INCH OR MORE:   0
MIN  0 OR BELOW:   0    1.00 INCH OR MORE:   0

[HDD (BASE 65) ]
TOTAL THIS MO.   523    CLEAR  (SCALE 0-3)  15
DPTR FM NORMAL   108    PTCLDY (SCALE 4-7)   3
TOTAL FM JUL 1   846    CLOUDY (SCALE 8-10)  1
DPTR FM NORMAL    -5

[CDD (BASE 65) ]
TOTAL THIS MO.     0
DPTR FM NORMAL     0    [PRESSURE DATA]
TOTAL FM JAN 1  1454    HIGHEST SLP M ON M
DPTR FM NORMAL   154    LOWEST  SLP 29.32 ON 10

[REMARKS]
