000
CXUS51 KPBZ 300901
CF6HLG
PRELIMINARY LOCAL CLIMATOLOGICAL DATA (WS FORM: F-6)

                                          STATION:   WHEELING
                                          MONTH:     OCTOBER
                                          YEAR:      2014
                                          LATITUDE:   40 10 N
                                          LONGITUDE:  80 39 W

  TEMPERATURE IN F:       :PCPN:    SNOW:  WIND      :SUNSHINE: SKY     :PK WND
================================================================================
1   2   3   4   5  6A  6B    7    8   9   10  11  12  13   14  15   16   17  18
                                     12Z  AVG MX 2MIN
DY MAX MIN AVG DEP HDD CDD  WTR  SNW DPTH SPD SPD DIR MIN PSBL S-S WX    SPD DR
================================================================================

 1  68  55  62   3   3   0 0.00    M    M  4.7 10  50   M    M   6 18     13  50
 2  78  46  62   4   3   0 0.00    M    M  4.3 13 140   M    M   3 12     18 140
 3  74  53  64   6   1   0 0.47    M    M 11.7 22 180   M    M   5 1      30 170
 4  53  38  46 -12  19   0 0.06    M    M 11.9 26 260   M    M   9 1      39 260
 5  54  39  47 -10  18   0    T    M    M  9.8 21 250   M    M   8        26 230
 6  63  44  54  -3  11   0 0.22    M    M 11.3 18 180   M    M   6 13     25 210
 7  63  49  56   0   9   0 0.27    M    M 12.5 23 220   M    M   6 1      30 240
 8  64  48  56   0   9   0 0.00    M    M 10.8 24 260   M    M   4        32 260
 9  59  42  51  -5  14   0    T    M    M  6.3 16 230   M    M   5 1      21 230
10  59  47  53  -2  12   0 0.05    M    M  3.5  8  90   M    M   8 1      11  20
11  60  43  52  -3  13   0 0.01    M    M  7.9 14  20   M    M   3        19  10
12  63  38  51  -3  14   0    T    M    M  7.7 13 130   M    M   4 18     18  90
13  72  53  63   9   2   0 0.05    M    M  8.5 16 200   M    M   6 1      22 190
14  79  56  68  14   0   3 0.39    M    M 12.7 31 260   M    M   4 1      40 140
15  67  51  59   5   6   0 0.33    M    M  4.0 14  80   M    M   8 12     16  70
16  61  49  55   2  10   0    T    M    M  5.8 14 270   M    M  10 12     17 220
17  69  52  61   8   4   0    T    M    M 13.3 23 260   M    M   8        34 260
18  60  44  52   0  13   0 0.02    M    M 12.3 24 320   M    M  10 1      34 260
19  54  40  47  -5  18   0 0.00    M    M  7.6 15 300   M    M   4        20 290
20  59  42  51  -1  14   0 0.06    M    M  9.2 20 190   M    M   4 1      25 180
21  52  46  49  -3  16   0 0.26    M    M  7.0 16 310   M    M  10 1      23 290
22  49  43  46  -5  19   0 0.02    M    M 10.6 18 340   M    M  10 1      25 350
23  60  43  52   1  13   0 0.00    M    M  7.8 16 320   M    M   6 1      22 310
24  61  36  49  -2  16   0 0.00    M    M  4.5 13 250   M    M   3 12     17 260
25  66  45  56   6   9   0 0.00    M    M 11.1 22 230   M    M   4        31 200
26  62  45  54   4  11   0 0.00    M    M  8.0 20 250   M    M   0        27 240
27  74  40  57   7   8   0 0.00    M    M  8.6 17 190   M    M   0        22 180
28  77  53  65  16   0   0 0.01    M    M 14.4 31 230   M    M   4 1      42 230
29  57  42  50   1  15   0    T    M    M 10.3 21 270   M    M   5        26 270
================================================================================
SM 1837 1322       300   3  2.22    M    258.1          M      163
================================================================================
AV 63.3 45.6                               8.9 FASTST   M    M   6    MAX(MPH)
                                 MISC ---->  # 31 260               # 42  230
================================================================================
NOTES:
# LAST OF SEVERAL OCCURRENCES

COLUMN 17 PEAK WIND IN M.P.H.

PRELIMINARY LOCAL CLIMATOLOGICAL DATA (WS FORM: F-6) , PAGE 2

                                          STATION:  WHEELING
                                          MONTH:    OCTOBER
                                          YEAR:     2014
                                          LATITUDE:   40 10 N
                                          LONGITUDE:  80 39 W

[TEMPERATURE DATA]      [PRECIPITATION DATA]       SYMBOLS USED IN COLUMN 16

AVERAGE MONTHLY: 54.5   TOTAL FOR MONTH:   2.22    1 = FOG OR MIST
DPTR FM NORMAL:   0.8   DPTR FM NORMAL:   -0.19    2 = FOG REDUCING VISIBILITY
HIGHEST:    79 ON 14    GRTST 24HR  0.72 ON 14-15      TO 1/4 MILE OR LESS
LOWEST:     36 ON 24                               3 = THUNDER
                        SNOW, ICE PELLETS, HAIL    4 = ICE PELLETS
                        TOTAL MONTH:    M          5 = HAIL
                        GRTST 24HR    M  ON   M    6 = FREEZING RAIN OR DRIZZLE
                        GRTST DEPTH:  M  ON   M    7 = DUSTSTORM OR SANDSTORM:
                                                       VSBY 1/2 MILE OR LESS
                                                   8 = SMOKE OR HAZE
[NO. OF DAYS WITH]      [WEATHER - DAYS WITH]      9 = BLOWING SNOW
                                                   X = TORNADO
MAX 32 OR BELOW:   0    0.01 INCH OR MORE:  14
MAX 90 OR ABOVE:   0    0.10 INCH OR MORE:   6
MIN 32 OR BELOW:   0    0.50 INCH OR MORE:   0
MIN  0 OR BELOW:   0    1.00 INCH OR MORE:   0

[HDD (BASE 65) ]
TOTAL THIS MO.   300    CLEAR  (SCALE 0-3)   4
DPTR FM NORMAL   -40    PTCLDY (SCALE 4-7)  20
TOTAL FM JUL 1   419    CLOUDY (SCALE 8-10)  5
DPTR FM NORMAL   -22

[CDD (BASE 65) ]
TOTAL THIS MO.     3
DPTR FM NORMAL    -7    [PRESSURE DATA]
TOTAL FM JAN 1   644    HIGHEST SLP M ON M
DPTR FM NORMAL   -44    LOWEST  SLP 29.61 ON 17

[REMARKS]
