000
CXUS51 KPBZ 301001
CF6HLG
PRELIMINARY LOCAL CLIMATOLOGICAL DATA (WS FORM: F-6)

                                          STATION:   WHEELING
                                          MONTH:     JANUARY
                                          YEAR:      2015
                                          LATITUDE:   40 10 N
                                          LONGITUDE:  80 39 W

  TEMPERATURE IN F:       :PCPN:    SNOW:  WIND      :SUNSHINE: SKY     :PK WND
================================================================================
1   2   3   4   5  6A  6B    7    8   9   10  11  12  13   14  15   16   17  18
                                     12Z  AVG MX 2MIN
DY MAX MIN AVG DEP HDD CDD  WTR  SNW DPTH SPD SPD DIR MIN PSBL S-S WX    SPD DR
================================================================================

 1  35  20  28  -1  37   0 0.00    M    M 15.2 26 230   M    M   0        40 230
 2  39  27  33   4  32   0 0.00    M    M  8.0 15 250   M    M   3        22 260
 3  59  27  43  14  22   0 0.68    M    M 12.0 23 180   M    M   7 16     30 210
 4  60  32  46  17  19   0 0.18    M    M 19.4 35 270   M    M   9 1      45 280
 5  32  14  23  -6  42   0    T    M    M 16.1 30 270   M    M   5        42 260
 6  21  14  18 -11  47   0 0.13    M    M  8.8 21 250   M    M   9 18     30 250
 7  15   2   9 -20  56   0    T    M    M 15.2 26 300   M    M   7 18     36 310
 8  19  -3   8 -21  57   0    T    M    M 12.1 21 220   M    M   2        29 200
 9  22   4  13 -16  52   0    T    M    M 16.6 30 230   M    M   7 18     40 230
10  17   0   9 -20  56   0 0.00    M    M  9.2 18 270   M    M   0        27 270
11  37  12  25  -4  40   0 0.05    M    M  8.2 21 210   M    M   9 16     29 210
12  36  26  31   2  34   0 0.18    M    M  7.7 20 350   M    M  10 126    27 350
13  26  14  20  -9  45   0 0.00    M    M  9.4 17 340   M    M   1        22 340
14  25  17  21  -8  44   0    T    M    M  4.8 12 250   M    M   9 18     15 250
15  32  16  24  -5  41   0 0.00    M    M  8.3 15 220   M    M   5        22 210
16  34  24  29   0  36   0 0.00    M    M 10.4 20 260   M    M   8 8      25 250
17  50  19  35   6  30   0 0.00    M    M 11.5 22 200   M    M   0        29 210
18  47  33  40  11  25   0 0.03    M    M 13.8 25 240   M    M   7 1      39 250
19  42  29  36   7  29   0 0.00    M    M  5.8 15 270   M    M   8        21 250
20  38  27  33   4  32   0 0.01    M    M  3.1 12  30   M    M  10 18     13  20
21  37  32  35   6  30   0 0.15    M    M  7.2 22 260   M    M  10 16     28 260
22  34  30  32   3  33   0 0.00    M    M  7.1 15 270   M    M  10 1      22 250
23  34  27  31   2  34   0 0.08    M    M  1.6  8 210   M    M   8 18     11 190
24  32  26  29   0  36   0 0.07    M    M  8.2 16 230   M    M  10 128    22 230
25  35  31  33   4  32   0 0.18    M    M  6.5 14 230   M    M  10 1      19 220
26  30  20  25  -4  40   0 0.06    M    M  8.5 15 320   M    M  10 1      19 310
27  21  14  18 -11  47   0    T    M    M  8.3 14 320   M    M  10 18     20 310
28  25  12  19 -10  46   0 0.00    M    M  4.3 12 260   M    M   5 1      14 260
29  39  19  29  -1  36   0 0.17    M    M 12.1 26 250   M    M   7 16     38 250
================================================================================
SM  973  565      1110   0  1.97    M    279.4          M      196
================================================================================
AV 33.6 19.5                               9.6 FASTST   M    M   7    MAX(MPH)
                                 MISC ---->  # 35 270               # 45  280
================================================================================
NOTES:
# LAST OF SEVERAL OCCURRENCES

COLUMN 17 PEAK WIND IN M.P.H.

PRELIMINARY LOCAL CLIMATOLOGICAL DATA (WS FORM: F-6) , PAGE 2

                                          STATION:  WHEELING
                                          MONTH:    JANUARY
                                          YEAR:     2015
                                          LATITUDE:   40 10 N
                                          LONGITUDE:  80 39 W

[TEMPERATURE DATA]      [PRECIPITATION DATA]       SYMBOLS USED IN COLUMN 16

AVERAGE MONTHLY: 26.5   TOTAL FOR MONTH:   1.97    1 = FOG OR MIST
DPTR FM NORMAL:  -2.5   DPTR FM NORMAL:   -0.53    2 = FOG REDUCING VISIBILITY
HIGHEST:    60 ON  4    GRTST 24HR  0.77 ON  3- 4      TO 1/4 MILE OR LESS
LOWEST:     -3 ON  8                               3 = THUNDER
                        SNOW, ICE PELLETS, HAIL    4 = ICE PELLETS
                        TOTAL MONTH:    M          5 = HAIL
                        GRTST 24HR    M  ON   M    6 = FREEZING RAIN OR DRIZZLE
                        GRTST DEPTH:  M  ON   M    7 = DUSTSTORM OR SANDSTORM:
                                                       VSBY 1/2 MILE OR LESS
                                                   8 = SMOKE OR HAZE
[NO. OF DAYS WITH]      [WEATHER - DAYS WITH]      9 = BLOWING SNOW
                                                   X = TORNADO
MAX 32 OR BELOW:  13    0.01 INCH OR MORE:  13
MAX 90 OR ABOVE:   0    0.10 INCH OR MORE:   7
MIN 32 OR BELOW:  28    0.50 INCH OR MORE:   1
MIN  0 OR BELOW:   2    1.00 INCH OR MORE:   0

[HDD (BASE 65) ]
TOTAL THIS MO.  1110    CLEAR  (SCALE 0-3)   6
DPTR FM NORMAL    66    PTCLDY (SCALE 4-7)   9
TOTAL FM JUL 1  3231    CLOUDY (SCALE 8-10) 14
DPTR FM NORMAL    62

[CDD (BASE 65) ]
TOTAL THIS MO.     0
DPTR FM NORMAL     0    [PRESSURE DATA]
TOTAL FM JAN 1     0    HIGHEST SLP  0.00 ON  7
DPTR FM NORMAL     0    LOWEST  SLP  0.00 ON  7

[REMARKS]
