891
CXUS54 KHGX 261415
CF6HOU
PRELIMINARY LOCAL CLIMATOLOGICAL DATA (WS FORM: F-6)

                                          STATION:   HOUSTON/HOBBY AIRPORT
                                          MONTH:     APRIL
                                          YEAR:      2017
                                          LATITUDE:   29 38 N
                                          LONGITUDE:  95 17 W

  TEMPERATURE IN F:       :PCPN:    SNOW:  WIND      :SUNSHINE: SKY     :PK WND
================================================================================
1   2   3   4   5  6A  6B    7    8   9   10  11  12  13   14  15   16   17  18
                                     12Z  AVG MX 2MIN
DY MAX MIN AVG DEP HDD CDD  WTR  SNW DPTH SPD SPD DIR MIN PSBL S-S WX    SPD DR
================================================================================

 1  79  65  72   5   0   7 0.00  0.0    0 10.8 21 130   M    M   7        28 140
 2  82  71  77  10   0  12 0.05  0.0    0  9.5 21 150   M    M   8 1      27 150
 3  86  58  72   5   0   7 0.00  0.0    0  9.4 22 300   M    M   2        27 300
 4  85  61  73   6   0   8 0.00  0.0    0  7.8 20 150   M    M   3 1      26 160
 5  74  60  67  -1   0   2 0.01  0.0    0 14.8 26 330   M    M   3 1      34 340
 6  79  50  65  -3   0   0 0.00  0.0    0  3.6 16 360   M    M   2        19  10
 7  80  53  67  -1   0   2 0.00  0.0    0  5.2 14 180   M    M   4        20 170
 8  80  57  69   1   0   4 0.00  0.0    0 10.0 20 160   M    M   4        26 170
 9  81  62  72   4   0   7 0.00  0.0    0 10.6 20 160   M    M   5        28 160
10  80  71  76   8   0  11 0.01  0.0    0  9.7 17 160   M    M   9        24 160
11  79  61  70   1   0   5 1.26  0.0    0  7.4 38  10   M    M   9 13     52 360
12  78  62  70   1   0   5 0.42  0.0    0  6.9 16 130   M    M   8 1      22  80
13  80  65  73   4   0   8 0.00  0.0    0  6.8 16 120   M    M   6 1      21 130
14  81  63  72   3   0   7 0.00  0.0    0  7.3 17 110   M    M   5        22 110
15  81  64  73   3   0   8 0.00  0.0    0  6.2 17 170   M    M   7 1      24 150
16  83  69  76   6   0  11 0.01  0.0    0  7.8 18 160   M    M   7        25 140
17  83  68  76   6   0  11 0.01  0.0    0  7.2 21 250   M    M   8 13     26 240
18  75  67  71   1   0   6 0.93  0.0    0  5.4 13 110   M    M   6 13     19 100
19  82  68  75   4   0  10 0.28  0.0    0  7.0 17 160   M    M   5 13     24 180
20  85  69  77   6   0  12 0.00  0.0    0  6.6 14 170   M    M   4        19 180
21  84  69  77   6   0  12    T  0.0    0  8.0 18 170   M    M   3 1      24 190
22  83  60  72   1   0   7    T  0.0    0 11.3 26 350   M    M   5        32 340
23  73  54  64  -8   1   0 0.00  0.0    0 13.0 26 340   M    M   2        32 340
24  79  54  67  -5   0   2 0.00  0.0    0  5.9 16 170   M    M   4        22 180
25  83  63  73   1   0   8    T  0.0    0 11.6 21 180   M    M   7        31 160
================================================================================
SM 2015 1564         1 172  2.98     0.0 209.8          M      133
================================================================================
AV 80.6 62.6                               8.4 FASTST   M    M   5    MAX(MPH)
                                 MISC ---->  # 38  10               # 52  360
================================================================================
NOTES:
# LAST OF SEVERAL OCCURRENCES

COLUMN 17 PEAK WIND IN M.P.H.

PRELIMINARY LOCAL CLIMATOLOGICAL DATA (WS FORM: F-6) , PAGE 2

                                          STATION:  HOUSTON/HOBBY AIRPORT
                                          MONTH:    APRIL
                                          YEAR:     2017
                                          LATITUDE:   29 38 N
                                          LONGITUDE:  95 17 W

[TEMPERATURE DATA]      [PRECIPITATION DATA]       SYMBOLS USED IN COLUMN 16

AVERAGE MONTHLY: 71.6   TOTAL FOR MONTH:   2.98    1 = FOG OR MIST
DPTR FM NORMAL:   2.3   DPTR FM NORMAL:    0.36    2 = FOG REDUCING VISIBILITY
HIGHEST:    86 ON  3    GRTST 24HR  1.26 ON 11-11      TO 1/4 MILE OR LESS
LOWEST:     50 ON  6                               3 = THUNDER
                        SNOW, ICE PELLETS, HAIL    4 = ICE PELLETS
                        TOTAL MONTH:   0.0 INCH    5 = HAIL
                        GRTST 24HR     0.0         6 = FREEZING RAIN OR DRIZZLE
                        GRTST DEPTH:   0           7 = DUSTSTORM OR SANDSTORM:
                                                       VSBY 1/2 MILE OR LESS
                                                   8 = SMOKE OR HAZE
[NO. OF DAYS WITH]      [WEATHER - DAYS WITH]      9 = BLOWING SNOW
                                                   X = TORNADO
MAX 32 OR BELOW:   0    0.01 INCH OR MORE:   9
MAX 90 OR ABOVE:   0    0.10 INCH OR MORE:   4
MIN 32 OR BELOW:   0    0.50 INCH OR MORE:   2
MIN  0 OR BELOW:   0    1.00 INCH OR MORE:   1

[HDD (BASE 65) ]
TOTAL THIS MO.     1    CLEAR  (SCALE 0-3)   5
DPTR FM NORMAL   -26    PTCLDY (SCALE 4-7)  15
TOTAL FM JUL 1   541    CLOUDY (SCALE 8-10)  5
DPTR FM NORMAL  -677

[CDD (BASE 65) ]
TOTAL THIS MO.   172
DPTR FM NORMAL    38    [PRESSURE DATA]
TOTAL FM JAN 1   531    HIGHEST SLP M ON M
DPTR FM NORMAL   290    LOWEST  SLP 29.57 ON 25

[REMARKS]
