000
CXUS54 KHUN 301015
CF6HSV
PRELIMINARY LOCAL CLIMATOLOGICAL DATA (WS FORM: F-6)

                                          STATION:   HUNTSVILLE
                                          MONTH:     APRIL
                                          YEAR:      2016
                                          LATITUDE:   34 39 N
                                          LONGITUDE:  86 46 W

  TEMPERATURE IN F:       :PCPN:    SNOW:  WIND      :SUNSHINE: SKY     :PK WND
================================================================================
1   2   3   4   5  6A  6B    7    8   9   10  11  12  13   14  15   16   17  18
                                     12Z  AVG MX 2MIN
DY MAX MIN AVG DEP HDD CDD  WTR  SNW DPTH SPD SPD DIR MIN PSBL S-S WX    SPD DR
================================================================================

 1  69  52  61   3   4   0    T  0.0    0  7.3 16 320   M    M   8        20 320
 2  63  47  55  -3  10   0 0.00  0.0    0  9.0 21 270   M    M   2        27 260
 3  67  42  55  -3  10   0 0.00  0.0    0  4.4 10  40   M    M   0        14  10
 4  80  44  62   3   3   0 0.00  0.0    0  8.0 21 250   M    M   1        24 250
 5  67  44  56  -3   9   0 0.00  0.0    0  6.6 20  20   M    M   0        24  30
 6  74  42  58  -1   7   0 0.39  0.0    0 12.9 29 150   M    M   6 13     38 150
 7  71  45  58  -1   7   0 0.00  0.0    0  7.9 25  10   M    M   3 1      32  20
 8  63  44  54  -6  11   0 0.00  0.0    0  8.7 23 290   M    M   4        29 290
 9  60  40  50 -10  15   0 0.00  0.0    0  6.8 17  10   M    M   0        23 350
10  75  42  59  -1   6   0 0.02  0.0    0 12.9 25 170   M    M   4        32 160
11  69  50  60   0   5   0 1.10  0.0    0  8.8 28 140   M    M   8 13     34 140
12  68  49  59  -2   6   0    T  0.0    0  8.2 17  20   M    M   5 1      20 360
13  70  42  56  -5   9   0 0.20  0.0    0  5.1 17 120   M    M   7 1      22 110
14  69  58  64   3   1   0 0.07  0.0    0  8.4 18 130   M    M   9 1      22 150
15  73  54  64   2   1   0 0.00  0.0    0 12.3 25 130   M    M   6        33 130
16  76  57  67   5   0   2    T  0.0    0 11.5 25 110   M    M   5        32 110
17  78  53  66   4   0   1 0.00  0.0    0  7.2 18 130   M    M   0        24 120
18  81  48  65   3   0   0 0.00  0.0    0  3.9 12 130   M    M   5        16 140
19  78  51  65   2   0   0 0.00  0.0    0  2.8  7 150   M    M   7         9 210
20  84  58  71   8   0   6 0.00  0.0    0  5.2 16 190   M    M   7        22 190
21  73  60  67   4   0   2 0.02  0.0    0  8.9 18 240   M    M   7        26 200
22  80  57  69   5   0   4 0.02  0.0    0  6.7 16 320   M    M   5 13     23 290
23  80  52  66   2   0   1 0.00  0.0    0  7.8 20  10   M    M   1        24  20
24  83  50  67   3   0   2 0.00  0.0    0  4.2 13 160   M    M   2        17 200
25  84  61  73   9   0   8 0.00  0.0    0  7.1 17 220   M    M   4        22 230
26  87  59  73   8   0   8 0.00  0.0    0  6.4 15 230   M    M   2        19 220
27  84  63  74   9   0   9 0.00  0.0    0  8.5 17 180   M    M   6        23 150
28  87  62  75  10   0  10 0.00  0.0    0  5.8 15 250   M    M   4        20 250
29  84  57  71   5   0   6 0.41  0.0    0  6.7 17 150   M    M   7 13     22 320
================================================================================
SM 2177 1483       104  59  2.23     0.0 220.0          M      125
================================================================================
AV 75.1 51.1                               7.6 FASTST   M    M   4    MAX(MPH)
                                 MISC ---->  # 29 150               # 38  150
================================================================================
NOTES:
# LAST OF SEVERAL OCCURRENCES

COLUMN 17 PEAK WIND IN M.P.H.

PRELIMINARY LOCAL CLIMATOLOGICAL DATA (WS FORM: F-6) , PAGE 2

                                          STATION:  HUNTSVILLE
                                          MONTH:    APRIL
                                          YEAR:     2016
                                          LATITUDE:   34 39 N
                                          LONGITUDE:  86 46 W

[TEMPERATURE DATA]      [PRECIPITATION DATA]       SYMBOLS USED IN COLUMN 16

AVERAGE MONTHLY: 63.1   TOTAL FOR MONTH:   2.23    1 = FOG OR MIST
DPTR FM NORMAL:   1.5   DPTR FM NORMAL:   -1.94    2 = FOG REDUCING VISIBILITY
HIGHEST:    87 ON 28,26 GRTST 24HR  1.85 ON 31- 1      TO 1/4 MILE OR LESS
LOWEST:     40 ON  9                               3 = THUNDER
                        SNOW, ICE PELLETS, HAIL    4 = ICE PELLETS
                        TOTAL MONTH:   0.0 INCH    5 = HAIL
                        GRTST 24HR     0.0         6 = FREEZING RAIN OR DRIZZLE
                        GRTST DEPTH:   0           7 = DUSTSTORM OR SANDSTORM:
                                                       VSBY 1/2 MILE OR LESS
                                                   8 = SMOKE OR HAZE
[NO. OF DAYS WITH]      [WEATHER - DAYS WITH]      9 = BLOWING SNOW
                                                   X = TORNADO
MAX 32 OR BELOW:   0    0.01 INCH OR MORE:   8
MAX 90 OR ABOVE:   0    0.10 INCH OR MORE:   4
MIN 32 OR BELOW:   0    0.50 INCH OR MORE:   1
MIN  0 OR BELOW:   0    1.00 INCH OR MORE:   1

[HDD (BASE 65) ]
TOTAL THIS MO.   104    CLEAR  (SCALE 0-3)  10
DPTR FM NORMAL   -48    PTCLDY (SCALE 4-7)  18
TOTAL FM JUL 1  2233    CLOUDY (SCALE 8-10)  1
DPTR FM NORMAL  -739

[CDD (BASE 65) ]
TOTAL THIS MO.    59
DPTR FM NORMAL     4    [PRESSURE DATA]
TOTAL FM JAN 1    84    HIGHEST SLP M ON M
DPTR FM NORMAL    15    LOWEST  SLP 29.66 ON  1

[REMARKS]
