000
CXUS53 KAPX 260631
CF6HTL
PRELIMINARY LOCAL CLIMATOLOGICAL DATA (WS FORM: F-6)

                                          STATION:   HOUGHTON LAKE MI
                                          MONTH:     FEBRUARY
                                          YEAR:      2015
                                          LATITUDE:   44 22 N
                                          LONGITUDE:  84 41 W

  TEMPERATURE IN F:       :PCPN:    SNOW:  WIND      :SUNSHINE: SKY     :PK WND
================================================================================
1   2   3   4   5  6A  6B    7    8   9   10  11  12  13   14  15   16   17  18
                                     12Z  AVG MX 2MIN
DY MAX MIN AVG DEP HDD CDD  WTR  SNW DPTH SPD SPD DIR MIN PSBL S-S WX    SPD DR
================================================================================

 1  17   4  11  -7  54   0 0.08  1.2    9 13.5 23  70   M    M  10        29  50
 2  15  -5   5 -13  60   0    T    T   10  8.5 17  20   M    M   4        23  30
 3  21   4  13  -5  52   0 0.06  0.3    9  7.0 15 240   M    M   4        23 250
 4  19   2  11  -7  54   0 0.08  1.1    9  7.4 23 320   M    M   9        27 320
 5  17 -13   2 -16  63   0    T    T   10  7.4 20 240   M    M   3 1      27 230
 6  26  13  20   2  45   0    T    T   10  7.6 21 260   M    M   8 18     27 250
 7  28  23  26   8  39   0 0.01    T   10  6.9 16  80   M    M  10 18     19  80
 8  26  12  19   0  46   0    T    T   10 13.3 23  60   M    M  10 18     28  50
 9  23   2  13  -6  52   0    T  0.5   10  6.7 12 330   M    M   5 18     15  20
10  27  -5  11  -8  54   0 0.00  0.0   11  4.6 14 130   M    M   1        19 120
11  27  13  20   1  45   0 0.07  1.0   11  9.9 22 320   M    M  10 18     31 300
12  13  -8   3 -16  62   0    T    T   12 10.7 23 340   M    M   3 9      31 340
13  18 -13   3 -16  62   0 0.01  0.5   11  8.1 20 230   M    M   9        26 210
14  16  -9   4 -16  61   0 0.03  1.1   12 16.1 29 320   M    M   8 9      40 330
15   3 -19  -8 -28  73   0 0.00  0.0   12  5.8 17 340   M    M   0        25 340
16  11 -18  -3 -23  68   0 0.00  0.0   12  4.4 10 150   M    M   9        14 170
17  16  -6   5 -15  60   0    T    T   12  5.9 15 290   M    M   9        20 290
18  10  -8   1 -19  64   0 0.04  0.4   12  9.3 18 320   M    M   7        27 310
19  -2 -21 -11 -32  76   0 0.00  0.0   12  7.7 21 330   M    M   3        27 330
20  10 -29  -9 -30  74   0 0.02  0.3   12  7.5 17 180   M    M   5        22 190
21  24   8  16  -5  49   0 0.01  0.5   12  5.8 12 180   M    M  10        16 170
22  16 -11   3 -19  62   0    T  0.2   13  9.7 21 320   M    M   6        28 310
23   9 -23  -7 -29  72   0 0.00  0.0   13  6.9 15 210   M    M   0        21 210
24  23   4  14  -8  51   0 0.21  3.8   13 14.2 21 350   M    M   7        33 220
25  14  -8   3 -19  62   0 0.00  0.0   16  6.6 16 330   M    M   6        21 330
================================================================================
SM  427 -111      1460   0  0.62    10.9 211.5          M      156
================================================================================
AV 17.1 -4.4                               8.5 FASTST   M    M   6    MAX(MPH)
                                 MISC ---->  # 29 320               # 40  330
================================================================================
NOTES:
# LAST OF SEVERAL OCCURRENCES

COLUMN 17 PEAK WIND IN M.P.H.

PRELIMINARY LOCAL CLIMATOLOGICAL DATA (WS FORM: F-6) , PAGE 2

                                          STATION:  HOUGHTON LAKE MI
                                          MONTH:    FEBRUARY
                                          YEAR:     2015
                                          LATITUDE:   44 22 N
                                          LONGITUDE:  84 41 W

[TEMPERATURE DATA]      [PRECIPITATION DATA]       SYMBOLS USED IN COLUMN 16

AVERAGE MONTHLY:  6.3   TOTAL FOR MONTH:   0.62    1 = FOG OR MIST
DPTR FM NORMAL: -13.3   DPTR FM NORMAL:   -0.43    2 = FOG REDUCING VISIBILITY
HIGHEST:    28 ON  7    GRTST 24HR  0.21 ON 24-24      TO 1/4 MILE OR LESS
LOWEST:    -29 ON 20                               3 = THUNDER
                        SNOW, ICE PELLETS, HAIL    4 = ICE PELLETS
                        TOTAL MONTH:  10.9 INCHES  5 = HAIL
                        GRTST 24HR   3.8 ON   M    6 = FREEZING RAIN OR DRIZZLE
                        GRTST DEPTH:  16 ON 25     7 = DUSTSTORM OR SANDSTORM:
                                                       VSBY 1/2 MILE OR LESS
                                                   8 = SMOKE OR HAZE
[NO. OF DAYS WITH]      [WEATHER - DAYS WITH]      9 = BLOWING SNOW
                                                   X = TORNADO
MAX 32 OR BELOW:  25    0.01 INCH OR MORE:  11
MAX 90 OR ABOVE:   0    0.10 INCH OR MORE:   1
MIN 32 OR BELOW:  25    0.50 INCH OR MORE:   0
MIN  0 OR BELOW:  15    1.00 INCH OR MORE:   0

[HDD (BASE 65) ]
TOTAL THIS MO.  1460    CLEAR  (SCALE 0-3)   5
DPTR FM NORMAL   325    PTCLDY (SCALE 4-7)  11
TOTAL FM JUL 1  6176    CLOUDY (SCALE 8-10)  9
DPTR FM NORMAL   429

[CDD (BASE 65) ]
TOTAL THIS MO.     0
DPTR FM NORMAL     0    [PRESSURE DATA]
TOTAL FM JAN 1     0    HIGHEST SLP M ON M
DPTR FM NORMAL     0    LOWEST  SLP 29.45 ON 24

[REMARKS]
