000
CXUS53 KAPX 010631
CF6HTL
PRELIMINARY LOCAL CLIMATOLOGICAL DATA (WS FORM: F-6)

                                          STATION:   HOUGHTON LAKE MI
                                          MONTH:     JANUARY
                                          YEAR:      2015
                                          LATITUDE:   44 22 N
                                          LONGITUDE:  84 41 W

  TEMPERATURE IN F:       :PCPN:    SNOW:  WIND      :SUNSHINE: SKY     :PK WND
================================================================================
1   2   3   4   5  6A  6B    7    8   9   10  11  12  13   14  15   16   17  18
                                     12Z  AVG MX 2MIN
DY MAX MIN AVG DEP HDD CDD  WTR  SNW DPTH SPD SPD DIR MIN PSBL S-S WX    SPD DR
================================================================================

 1  25  18  22   2  43   0 0.02  0.4    T 15.0 22 250   M    M  10 18     31 280
 2  26  12  19  -1  46   0    T    T    T  4.7 15 320   M    M   3        19 310
 3  30  13  22   3  43   0 0.47  3.7    1  5.7 12 100   M    M   8 12     19 120
 4  30   4  17  -2  48   0 0.22  2.7    5 12.5 24 300   M    M  10 1268   32 330
 5   4  -5   0 -19  65   0    T    T    7 11.7 22 270   M    M   5 8      30 280
 6  12   1   7 -12  58   0    T    T    7 11.3 21 280   M    M   9 18     28 280
 7   7   0   4 -15  61   0 0.13  1.4    8 13.0 25 280   M    M   9 128    32 280
 8  13   3   8 -10  57   0 0.02  0.3    8 13.4 22 220   M    M   8 18     30 230
 9  12  -4   4 -14  61   0    T    T    7 12.6 23 280   M    M   7 18     29 280
10  16  -4   6 -12  59   0    T    T    7 11.1 22 250   M    M   7 18     30 250
11  28  14  21   3  44   0 0.01    T    7  5.9 14 230   M    M  10 18     19 230
12  25  -6  10  -8  55   0    T  0.2    7  9.2 20 330   M    M   8        29 330
13  16 -18  -1 -19  66   0 0.00  0.0    7  2.4  8 150   M    M   1        11 150
14  20 -15   3 -15  62   0    T    T    7  4.3 10 240   M    M   7        14 240
15  31  20  26   8  39   0    T    T    7 11.5 20 300   M    M  10 18     27 290
16  27   6  17  -1  48   0    T    T    6  7.3 18 310   M    M   7 1      25 320
17  39  13  26   8  39   0 0.00  0.0    7 12.2 22 150   M    M   7 1      31 140
18  35  27  31  13  34   0 0.05  0.5    6  9.3 15 310   M    M  10        21 310
19  27  17  22   4  43   0    T    T    7  5.6 12 330   M    M  10        16 330
20  23  15  19   1  46   0    T    T    7  4.1  9 200   M    M  10        11 100
21  24  16  20   2  45   0    T    T    7  4.5  8 330   M    M  10 18     10 330
22  29   8  19   1  46   0    T    T    7  5.0 13 270   M    M   5 1      16 270
23  35  18  27  10  38   0    T    T    6 11.2 22 230   M    M   8 8      29 210
24  36  21  29  12  36   0 0.03    T    6  8.5 17 330   M    M  10 18     22 330
25  22   2  12  -6  53   0 0.00  0.0    6  7.3 16  50   M    M   1        21  60
26  22  -9   7 -11  58   0 0.00  0.0    6  3.9 12  90   M    M   1        15 100
27  25   2  14  -4  51   0 0.00  0.0    6  4.3 12  60   M    M   3        15  20
28  29  -5  12  -6  53   0 0.00  0.0    6  4.3 15 140   M    M   0        21 140
29  29  17  23   5  42   0 0.24  2.6    7 10.9 28 330   M    M  10 18     41 330
30  17   5  11  -7  54   0    T    T    9  8.7 25 330   M    M   8 9      35 330
31  26   6  16  -2  49   0    T    T   90  6.0 13 340   M    M  10        20 350
================================================================================
SM  740  192      1542   0  1.19    11.8 257.4          M      222
================================================================================
AV 23.9  6.2                               8.3 FASTST   M    M   7    MAX(MPH)
                                 MISC ---->  # 28 330               # 41  330
================================================================================
NOTES:
# LAST OF SEVERAL OCCURRENCES

COLUMN 17 PEAK WIND IN M.P.H.

PRELIMINARY LOCAL CLIMATOLOGICAL DATA (WS FORM: F-6) , PAGE 2

                                          STATION:  HOUGHTON LAKE MI
                                          MONTH:    JANUARY
                                          YEAR:     2015
                                          LATITUDE:   44 22 N
                                          LONGITUDE:  84 41 W

[TEMPERATURE DATA]      [PRECIPITATION DATA]       SYMBOLS USED IN COLUMN 16

AVERAGE MONTHLY: 15.0   TOTAL FOR MONTH:   1.19    1 = FOG OR MIST
DPTR FM NORMAL:  -3.1   DPTR FM NORMAL:   -0.32    2 = FOG REDUCING VISIBILITY
HIGHEST:    39 ON 17    GRTST 24HR  0.51 ON  3- 4      TO 1/4 MILE OR LESS
LOWEST:    -18 ON 13                               3 = THUNDER
                        SNOW, ICE PELLETS, HAIL    4 = ICE PELLETS
                        TOTAL MONTH:  11.8 INCHES  5 = HAIL
                        GRTST 24HR   3.7 ON   M    6 = FREEZING RAIN OR DRIZZLE
                        GRTST DEPTH:  90 ON 31     7 = DUSTSTORM OR SANDSTORM:
                                                       VSBY 1/2 MILE OR LESS
                                                   8 = SMOKE OR HAZE
[NO. OF DAYS WITH]      [WEATHER - DAYS WITH]      9 = BLOWING SNOW
                                                   X = TORNADO
MAX 32 OR BELOW:  27    0.01 INCH OR MORE:   9
MAX 90 OR ABOVE:   0    0.10 INCH OR MORE:   4
MIN 32 OR BELOW:  31    0.50 INCH OR MORE:   0
MIN  0 OR BELOW:   9    1.00 INCH OR MORE:   0

[HDD (BASE 65) ]
TOTAL THIS MO.  1542    CLEAR  (SCALE 0-3)   6
DPTR FM NORMAL    87    PTCLDY (SCALE 4-7)  11
TOTAL FM JUL 1  4716    CLOUDY (SCALE 8-10) 14
DPTR FM NORMAL   104

[CDD (BASE 65) ]
TOTAL THIS MO.     0
DPTR FM NORMAL     0    [PRESSURE DATA]
TOTAL FM JAN 1     0    HIGHEST SLP M ON M
DPTR FM NORMAL     0    LOWEST  SLP 29.46 ON M

[REMARKS]
#FINAL-01-15#
