000
CXUS51 KRLX 211034
CF6HTS
PRELIMINARY LOCAL CLIMATOLOGICAL DATA (WS FORM: F-6)

                                          STATION:   HUNTINGTON WV
                                          MONTH:     OCTOBER
                                          YEAR:      2017
                                          LATITUDE:   38 22 N
                                          LONGITUDE:  82 33 W

  TEMPERATURE IN F:       :PCPN:    SNOW:  WIND      :SUNSHINE: SKY     :PK WND
================================================================================
1   2   3   4   5  6A  6B    7    8   9   10  11  12  13   14  15   16   17  18
                                     12Z  AVG MX 2MIN
DY MAX MIN AVG DEP HDD CDD  WTR  SNW DPTH SPD SPD DIR MIN PSBL S-S WX    SPD DR
================================================================================

 1  74  44  59  -3   6   0 0.00  0.0    0  2.7  9 150   M    M   0        13 110
 2  76  43  60  -1   5   0 0.00  0.0    0  2.4  8 140   M    M   0        13 110
 3  82  46  64   3   1   0 0.00  0.0    0  2.2  9 180   M    M   0        12 180
 4  83  49  66   6   0   1 0.00  0.0    0  2.5  8 270   M    M   0 18     12 220
 5  83  56  70  10   0   5 0.00  0.0    0  2.8  9 240   M    M   1        14 210
 6  83  57  70  10   0   5 0.00  0.0    0  2.8  8  10   M    M   2 1      12 280
 7  87  58  73  14   0   8    T  0.0    0  5.9 15 200   M    M   1        21 220
 8  75  65  70  11   0   5 2.26  0.0    0  4.6 12 120   M    M   9 12     17 100
 9  82  67  75  16   0  10 0.29  0.0    0  4.7 13 230   M    M   7 18     17 220
10  82  66  74  16   0   9 0.12  0.0    0  2.2  8  20   M    M   7 12     15  30
11  82  59  71  13   0   6 0.27  0.0    0  6.2 25 250   M    M   6 18     37 250
12  69  56  63   5   2   0 0.00  0.0    0  2.5  7 360   M    M   7 1       9 310
13  79  52  66   9   0   1 0.00  0.0    0  1.1  7 210   M    M   4 128    11 220
14  82  53  68  11   0   3 0.00  0.0    0  2.3 13 170   M    M   3 12     16 180
15  79  53  66   9   0   1 0.28  0.0    0  9.8 23 330   M    M   4 1      39 310
16  62  43  53  -3  12   0 0.00  0.0    0  5.7 14 330   M    M   5        17 320
17  66  36  51  -5  14   0 0.00  0.0    0  1.5  9 220   M    M   0 1      13 220
18  71  37  54  -2  11   0 0.00  0.0    0  2.7  9 190   M    M   0 18     13 220
19  72  41  57   1   8   0 0.00  0.0    0  3.1 13 210   M    M   0 8      16 240
20  76  47  62   7   3   0 0.00  0.0    0  1.9  6  20   M    M   0 18      8 210
================================================================================
SM 1545 1028        62  54  3.22     0.0  69.6          M       56
================================================================================
AV 77.3 51.4                               3.5 FASTST   M    M   3    MAX(MPH)
                                 MISC ---->  # 25 250               # 39  310
================================================================================
NOTES:
# LAST OF SEVERAL OCCURRENCES

COLUMN 17 PEAK WIND IN M.P.H.

PRELIMINARY LOCAL CLIMATOLOGICAL DATA (WS FORM: F-6) , PAGE 2

                                          STATION:  HUNTINGTON WV
                                          MONTH:    OCTOBER
                                          YEAR:     2017
                                          LATITUDE:   38 22 N
                                          LONGITUDE:  82 33 W

[TEMPERATURE DATA]      [PRECIPITATION DATA]       SYMBOLS USED IN COLUMN 16

AVERAGE MONTHLY: 64.3   TOTAL FOR MONTH:   3.22    1 = FOG OR MIST
DPTR FM NORMAL:   6.1   DPTR FM NORMAL:    1.47    2 = FOG REDUCING VISIBILITY
HIGHEST:    87 ON  7    GRTST 24HR  2.26 ON  8- 8      TO 1/4 MILE OR LESS
LOWEST:     36 ON 17                               3 = THUNDER
                        SNOW, ICE PELLETS, HAIL    4 = ICE PELLETS
                        TOTAL MONTH:   0.0 INCH    5 = HAIL
                        GRTST 24HR     0.0         6 = FREEZING RAIN OR DRIZZLE
                        GRTST DEPTH:   0           7 = DUSTSTORM OR SANDSTORM:
                                                       VSBY 1/2 MILE OR LESS
                                                   8 = SMOKE OR HAZE
[NO. OF DAYS WITH]      [WEATHER - DAYS WITH]      9 = BLOWING SNOW
                                                   X = TORNADO
MAX 32 OR BELOW:   0    0.01 INCH OR MORE:   5
MAX 90 OR ABOVE:   0    0.10 INCH OR MORE:   5
MIN 32 OR BELOW:   0    0.50 INCH OR MORE:   1
MIN  0 OR BELOW:   0    1.00 INCH OR MORE:   1

[HDD (BASE 65) ]
TOTAL THIS MO.    62    CLEAR  (SCALE 0-3)  12
DPTR FM NORMAL   -90    PTCLDY (SCALE 4-7)   7
TOTAL FM JUL 1    94    CLOUDY (SCALE 8-10)  1
DPTR FM NORMAL  -116

[CDD (BASE 65) ]
TOTAL THIS MO.    54
DPTR FM NORMAL    38    [PRESSURE DATA]
TOTAL FM JAN 1  1188    HIGHEST SLP M ON M
DPTR FM NORMAL    61    LOWEST  SLP 29.64 ON  9

[REMARKS]
