000
CXUS51 KCAR 250600
CF6HUL
PRELIMINARY LOCAL CLIMATOLOGICAL DATA (WS FORM: F-6)

                                          STATION:   HOULTON ME
                                          MONTH:     SEPTEMBER
                                          YEAR:      2016
                                          LATITUDE:   46  7 N
                                          LONGITUDE:  67 48 W

  TEMPERATURE IN F:       :PCPN:    SNOW:  WIND      :SUNSHINE: SKY     :PK WND
================================================================================
1   2   3   4   5  6A  6B    7    8   9   10  11  12  13   14  15   16   17  18
                                     12Z  AVG MX 2MIN
DY MAX MIN AVG DEP HDD CDD  WTR  SNW DPTH SPD SPD DIR MIN PSBL S-S WX    SPD DR
================================================================================

 1  76  55  66   6   0   1 0.00    M    M  4.4 13 340   M    M   5 1      18 350
 2  69  45  57  -3   8   0 0.00    M    M  5.7 14 340   M    M   7 1      18 310
 3  71  43  57  -3   8   0 0.00    M    M  3.2 15  10   M    M   3 1      19 320
 4  77  43  60   0   5   0 0.00    M    M  3.6 10 220   M    M   1        14 240
 5  77  48  63   4   2   0 0.00    M    M  5.0 12 200   M    M   0        18 210
 6  80  45  63   4   2   0 0.00    M    M  2.7  9 200   M    M   6        13 180
 7  82  66  74  16   0   9 0.00    M    M  8.6 17 230   M    M   4        26 230
 8  74  67  71  13   0   6 0.02    M    M  5.7 12 200   M    M   8 18     18 200
 9  85  57  71  13   0   6 0.04    M    M  6.6 18 280   M    M   5 1      27 290
10  78  51  65   8   0   0 0.00    M    M  3.0 10 350   M    M   2        16 270
11  72  50  61   4   4   0 0.31    M    M  9.8 26 250   M    M   7 1      36 310
12  73  42  58   1   7   0 0.00    M    M  7.5 18 280   M    M   0        26 270
13  77  48  63   7   2   0 0.00    M    M  7.6 18 240   M    M   0        24 220
14  70  45  58   2   7   0 0.08    M    M  8.4 22 330   M    M   6 1      30 340
15  64  35  50  -5  15   0 0.00    M    M  2.8 12  10   M    M   1 1      16 350
16  70  33  52  -3  13   0 0.00    M    M  4.7 15 250   M    M   1        23 270
17  73  48  61   6   4   0    T    M    M  8.4 20 230   M    M   4 1      25 220
18  70  61  66  12   0   1 0.04    M    M  7.3 15 210   M    M   7 1      27 200
19  70  56  63   9   2   0    T    M    M  4.1 16 110   M    M  10 12     24 100
20  73  55  64  11   1   0 0.02    M    M  5.3 12 210   M    M   7 1      17 180
21  77  47  62   9   3   0 0.00    M    M  6.4 20 270   M    M   1 1      29 280
22  67  45  56   4   9   0 0.02    M    M  4.9 15 330   M    M   2        20 350
23  55  34  45  -7  20   0 0.46    M    M  5.4 17 360   M    M   7 1      23 360
24  57  31  44  -8  21   0 0.00    M    M  4.0 17 330   M    M   2        24 330
================================================================================
SM 1737 1150       133  23  0.99    M    135.1          M       96
================================================================================
AV 72.4 47.9                               5.6 FASTST   M    M   4    MAX(MPH)
                                 MISC ---->  # 26 250               # 36  310
================================================================================
NOTES:
# LAST OF SEVERAL OCCURRENCES

COLUMN 17 PEAK WIND IN M.P.H.

PRELIMINARY LOCAL CLIMATOLOGICAL DATA (WS FORM: F-6) , PAGE 2

                                          STATION:  HOULTON ME
                                          MONTH:    SEPTEMBER
                                          YEAR:     2016
                                          LATITUDE:   46  7 N
                                          LONGITUDE:  67 48 W

[TEMPERATURE DATA]      [PRECIPITATION DATA]       SYMBOLS USED IN COLUMN 16

AVERAGE MONTHLY: 60.1   TOTAL FOR MONTH:   0.99    1 = FOG OR MIST
DPTR FM NORMAL:   3.9   DPTR FM NORMAL:   -1.67    2 = FOG REDUCING VISIBILITY
HIGHEST:    85 ON  9    GRTST 24HR  0.48 ON 22-23      TO 1/4 MILE OR LESS
LOWEST:     31 ON 24                               3 = THUNDER
                        SNOW, ICE PELLETS, HAIL    4 = ICE PELLETS
                        TOTAL MONTH:    M          5 = HAIL
                        GRTST 24HR    M  ON   M    6 = FREEZING RAIN OR DRIZZLE
                        GRTST DEPTH:  M  ON   M    7 = DUSTSTORM OR SANDSTORM:
                                                       VSBY 1/2 MILE OR LESS
                                                   8 = SMOKE OR HAZE
[NO. OF DAYS WITH]      [WEATHER - DAYS WITH]      9 = BLOWING SNOW
                                                   X = TORNADO
MAX 32 OR BELOW:   0    0.01 INCH OR MORE:   8
MAX 90 OR ABOVE:   0    0.10 INCH OR MORE:   2
MIN 32 OR BELOW:   1    0.50 INCH OR MORE:   0
MIN  0 OR BELOW:   0    1.00 INCH OR MORE:   0

[HDD (BASE 65) ]
TOTAL THIS MO.   133    CLEAR  (SCALE 0-3)  11
DPTR FM NORMAL   -90    PTCLDY (SCALE 4-7)  12
TOTAL FM JUL 1   227    CLOUDY (SCALE 8-10)  1
DPTR FM NORMAL  -152

[CDD (BASE 65) ]
TOTAL THIS MO.    23
DPTR FM NORMAL    11    [PRESSURE DATA]
TOTAL FM JAN 1   229    HIGHEST SLP M ON M
DPTR FM NORMAL    39    LOWEST  SLP 29.63 ON 11

[REMARKS]
