000
CXUS56 KMTR 241000
CF6HWD
PRELIMINARY LOCAL CLIMATOLOGICAL DATA (WS FORM: F-6)

                                          STATION:   HAYWARD AIRPORT
                                          MONTH:     DECEMBER
                                          YEAR:      2014
                                          LATITUDE:   37 39 N
                                          LONGITUDE: 122  7 W

  TEMPERATURE IN F:       :PCPN:    SNOW:  WIND      :SUNSHINE: SKY     :PK WND
================================================================================
1   2   3   4   5  6A  6B    7    8   9   10  11  12  13   14  15   16   17  18
                                     12Z  AVG MX 2MIN
DY MAX MIN AVG DEP HDD CDD  WTR  SNW DPTH SPD SPD DIR MIN PSBL S-S WX    SPD DR
================================================================================

 1  71  54  63  11   2   0    T  0.0    0  6.6 16  50   M    M   4 18     25 140
 2  64  55  60   9   5   0 1.03  0.0    0  7.6 20  80   M    M   8 1      24  80
 3  67  58  63  12   2   0 0.85  0.0    0 10.4 24 170   M    M   9 18     33 160
 4  70  54  62  11   3   0 0.01  0.0    0  5.2 14 180   M    M   5 1      24 170
 5  70  56  63  12   2   0 0.11  0.0    0  6.5 17 170   M    M   8 1      22 170
 6  70  58  64  13   1   0 0.34  0.0    0  5.9 12 180   M    M   7 1      14 180
 7  66  54  60   9   5   0 0.00  0.0    0  2.4 14 270   M    M   1 18     20  30
 8  71  54  63  13   2   0 0.00  0.0    0  2.0 10 290   M    M   3        13 230
 9  67  55  61  11   4   0 0.00  0.0    0  1.9 13 270   M    M   2 18     26 320
10  67  57  62  12   3   0 0.00  0.0    0  8.6 22 140   M    M   5 18     28 160
11  66  51  59   9   6   0 3.28  0.0    0  9.1 30 150   M    M   9 1      41 160
12  58  50  54   4  11   0 0.16  0.0    0  1.8  7 150   M    M   8 1       9 110
13  59  47  53   3  12   0 0.00  0.0    0  3.5  9  50   M    M   2 1      10  50
14  64  48  56   6   9   0 0.10    M    0  5.8 13  50   M    M   3 1      17 130
15  58  51  55   5  10   0 0.88  0.0    0  9.3 23 150   M    M   8 1      29 160
16  64  49  57   7   8   0 0.68  0.0    0  8.6 20 170   M    M   7 1      28 340
17  60  49  55   5  10   0 0.10  0.0    0  5.9 13 140   M    M   8 1      15 140
18  64  53  59   9   6   0    T  0.0    0  4.0 12 120   M    M   6 1      15 110
19  61  55  58   8   7   0 0.16  0.0    0  9.6 17 150   M    M   9 1      21 150
20  63  54  59   9   6   0 0.01  0.0    0  2.8  9 190   M    M   7 18     13 190
21  65  56  61  11   4   0 0.01  0.0    0  5.3 14 290   M    M   8 18     18 280
22  64  55  60  10   5   0 0.00  0.0    0  3.1 13 260   M    M   7 12     23 220
23  65  50  58   8   7   0 0.00  0.0    0  3.7 15 290   M    M   0        17 290
================================================================================
SM 1494 1223       130   0  7.72     0.0 129.6          M      134
================================================================================
AV 65.0 53.2                               5.6 FASTST   M    M   6    MAX(MPH)
                                 MISC ---->  # 30 150               # 41  160
================================================================================
NOTES:
# LAST OF SEVERAL OCCURRENCES

COLUMN 17 PEAK WIND IN M.P.H.

PRELIMINARY LOCAL CLIMATOLOGICAL DATA (WS FORM: F-6) , PAGE 2

                                          STATION:  HAYWARD AIRPORT
                                          MONTH:    DECEMBER
                                          YEAR:     2014
                                          LATITUDE:   37 39 N
                                          LONGITUDE: 122  7 W

[TEMPERATURE DATA]      [PRECIPITATION DATA]       SYMBOLS USED IN COLUMN 16

AVERAGE MONTHLY: 59.1   TOTAL FOR MONTH:   7.72    1 = FOG OR MIST
DPTR FM NORMAL:   8.7   DPTR FM NORMAL:    5.51    2 = FOG REDUCING VISIBILITY
HIGHEST:    71 ON  8, 1 GRTST 24HR  3.30 ON 11-12      TO 1/4 MILE OR LESS
LOWEST:     47 ON 13                               3 = THUNDER
                        SNOW, ICE PELLETS, HAIL    4 = ICE PELLETS
                        TOTAL MONTH:   0.0 INCH    5 = HAIL
                        GRTST 24HR     0.0         6 = FREEZING RAIN OR DRIZZLE
                        GRTST DEPTH:   0           7 = DUSTSTORM OR SANDSTORM:
                                                       VSBY 1/2 MILE OR LESS
                                                   8 = SMOKE OR HAZE
[NO. OF DAYS WITH]      [WEATHER - DAYS WITH]      9 = BLOWING SNOW
                                                   X = TORNADO
MAX 32 OR BELOW:   0    0.01 INCH OR MORE:  14
MAX 90 OR ABOVE:   0    0.10 INCH OR MORE:  11
MIN 32 OR BELOW:   0    0.50 INCH OR MORE:   5
MIN  0 OR BELOW:   0    1.00 INCH OR MORE:   2

[HDD (BASE 65) ]
TOTAL THIS MO.   130    CLEAR  (SCALE 0-3)   5
DPTR FM NORMAL  -206    PTCLDY (SCALE 4-7)  14
TOTAL FM JUL 1   398    CLOUDY (SCALE 8-10)  4
DPTR FM NORMAL  -428

[CDD (BASE 65) ]
TOTAL THIS MO.     0
DPTR FM NORMAL     0    [PRESSURE DATA]
TOTAL FM JAN 1   568    HIGHEST SLP M ON M
DPTR FM NORMAL   275    LOWEST  SLP 29.48 ON 11

[REMARKS]
