285
CXUS56 KMTR 251000
CF6HWD
PRELIMINARY LOCAL CLIMATOLOGICAL DATA (WS FORM: F-6)

                                          STATION:   HAYWARD AIRPORT
                                          MONTH:     MARCH
                                          YEAR:      2017
                                          LATITUDE:   37 39 N
                                          LONGITUDE: 122  7 W

  TEMPERATURE IN F:       :PCPN:    SNOW:  WIND      :SUNSHINE: SKY     :PK WND
================================================================================
1   2   3   4   5  6A  6B    7    8   9   10  11  12  13   14  15   16   17  18
                                     12Z  AVG MX 2MIN
DY MAX MIN AVG DEP HDD CDD  WTR  SNW DPTH SPD SPD DIR MIN PSBL S-S WX    SPD DR
================================================================================

 1  62  41  52  -3  13   0 0.00  0.0    0  5.7 13 290   M    M   0        16 290
 2  67  41  54  -1  11   0 0.00  0.0    0  5.2 14 290   M    M   0        17 300
 3  65  44  55   0  10   0 0.00  0.0    0  6.4 16 290   M    M   1        20 280
 4  62  51  57   2   8   0 0.32  0.0    0  9.8 22 170   M    M   9 18     29 170
 5  54  42  48  -7  17   0 0.18    M    0 12.3 32 300   M    M   5        44 320
 6  57  42  50  -5  15   0 0.05    M    0  6.7 14 140   M    M   5 8      31 100
 7  61  42  52  -3  13   0    T    M    0  5.9 16 310   M    M   1        20 310
 8  66  44  55   0  10   0 0.00  0.0    0  4.8 15 280   M    M   0        18 300
 9  71  49  60   5   5   0 0.00  0.0    0  4.3 15 290   M    M   1 128    18 290
10  69  53  61   6   4   0 0.00  0.0    0  3.1 10 270   M    M   0        12 280
11  68  50  59   4   6   0 0.00  0.0    0  4.4 15 290   M    M   1        20 290
12  73  48  61   6   4   0 0.00  0.0    0  4.0 14 290   M    M   1 8      18 290
13  75  48  62   6   3   0 0.00  0.0    0  4.4  9 240   M    M   0        12 250
14  78  54  66  10   0   1 0.00  0.0    0  4.2 15 300   M    M   0        19 290
15  65  52  59   3   6   0 0.00  0.0    0  5.8 20 320   M    M   4 18     23 300
16  68  52  60   4   5   0 0.00  0.0    0  4.9 21 290   M    M   5 8      22 300
17  75  49  62   6   3   0 0.00  0.0    0  4.9 13 310   M    M   0        16 310
18  69  53  61   5   4   0 0.00  0.0    0  4.7 14 300   M    M   1        17 290
19  65  55  60   4   5   0 0.00  0.0    0  4.4 16 300   M    M   3 8      20 300
20  64  53  59   3   6   0 0.19  0.0    0  9.6 20 140   M    M   7 3      24 140
21  68  58  63   7   2   0 0.23  0.0    0 10.4 20 250   M    M   6        26 240
22  62  51  57   1   8   0 0.40  0.0    0 10.9 21 300   M    M   5        27 300
23  62  44  53  -3  12   0 0.00  0.0    0  6.3 17 300   M    M   3        21 300
24  58  53  56   0   9   0 0.29  0.0    0  8.1 23 170   M    M  10 18     29 170
================================================================================
SM 1584 1169       179   1  1.66     0.0 151.2          M       68
================================================================================
AV 66.0 48.7                               6.3 FASTST   M    M   3    MAX(MPH)
                                 MISC ---->  # 32 300               # 44  320
================================================================================
NOTES:
# LAST OF SEVERAL OCCURRENCES

COLUMN 17 PEAK WIND IN M.P.H.

PRELIMINARY LOCAL CLIMATOLOGICAL DATA (WS FORM: F-6) , PAGE 2

                                          STATION:  HAYWARD AIRPORT
                                          MONTH:    MARCH
                                          YEAR:     2017
                                          LATITUDE:   37 39 N
                                          LONGITUDE: 122  7 W

[TEMPERATURE DATA]      [PRECIPITATION DATA]       SYMBOLS USED IN COLUMN 16

AVERAGE MONTHLY: 57.4   TOTAL FOR MONTH:   1.66    1 = FOG OR MIST
DPTR FM NORMAL:   1.9   DPTR FM NORMAL:   -0.43    2 = FOG REDUCING VISIBILITY
HIGHEST:    78 ON 14    GRTST 24HR  0.40 ON 22-22      TO 1/4 MILE OR LESS
LOWEST:     41 ON  2, 1                            3 = THUNDER
                        SNOW, ICE PELLETS, HAIL    4 = ICE PELLETS
                        TOTAL MONTH:   0.0 INCH    5 = HAIL
                        GRTST 24HR     0.0         6 = FREEZING RAIN OR DRIZZLE
                        GRTST DEPTH:   0           7 = DUSTSTORM OR SANDSTORM:
                                                       VSBY 1/2 MILE OR LESS
                                                   8 = SMOKE OR HAZE
[NO. OF DAYS WITH]      [WEATHER - DAYS WITH]      9 = BLOWING SNOW
                                                   X = TORNADO
MAX 32 OR BELOW:   0    0.01 INCH OR MORE:   7
MAX 90 OR ABOVE:   0    0.10 INCH OR MORE:   6
MIN 32 OR BELOW:   0    0.50 INCH OR MORE:   0
MIN  0 OR BELOW:   0    1.00 INCH OR MORE:   0

[HDD (BASE 65) ]
TOTAL THIS MO.   179    CLEAR  (SCALE 0-3)  13
DPTR FM NORMAL   -53    PTCLDY (SCALE 4-7)   9
TOTAL FM JUL 1  1658    CLOUDY (SCALE 8-10)  2
DPTR FM NORMAL  -340

[CDD (BASE 65) ]
TOTAL THIS MO.     1
DPTR FM NORMAL     1    [PRESSURE DATA]
TOTAL FM JAN 1     1    HIGHEST SLP M ON M
DPTR FM NORMAL     1    LOWEST  SLP 29.82 ON  5

[REMARKS]
