000
CXUS54 KHGX 301415
CF6IAH
PRELIMINARY LOCAL CLIMATOLOGICAL DATA (WS FORM: F-6)

                                          STATION:   HOUSTON INTERCONTINENTAL
                                          MONTH:     APRIL
                                          YEAR:      2016
                                          LATITUDE:   29 58 N
                                          LONGITUDE:  95 21 W

  TEMPERATURE IN F:       :PCPN:    SNOW:  WIND      :SUNSHINE: SKY     :PK WND
================================================================================
1   2   3   4   5  6A  6B    7    8   9   10  11  12  13   14  15   16   17  18
                                     12Z  AVG MX 2MIN
DY MAX MIN AVG DEP HDD CDD  WTR  SNW DPTH SPD SPD DIR MIN PSBL S-S WX    SPD DR
================================================================================

 1  69  48  59  -7   6   0 0.05  0.0    0 14.2 29  40   M    M   7 3      37  30
 2  72  46  59  -7   6   0 0.00  0.0    0  7.2 21 360   M    M   3        28  10
 3  74  42  58  -9   7   0 0.00  0.0    0  2.8 10 170   M    M   1        13 170
 4  80  48  64  -3   1   0 0.00  0.0    0  4.1 12 260   M    M   1        15 270
 5  81  50  66  -1   0   1 0.00  0.0    0  6.5 20 150   M    M   1        22 150
 6  79  55  67   0   0   2    T  0.0    0  6.9 15 340   M    M   6        23 270
 7  85  49  67  -1   0   2 0.00  0.0    0  2.8 12 160   M    M   5        14 150
 8  82  52  67  -1   0   2 0.00  0.0    0  4.7 22  60   M    M   5        26  70
 9  78  54  66  -2   0   1    T  0.0    0  9.5 24 150   M    M   6        32 140
10  80  60  70   2   0   5 0.02  0.0    0 12.1 28 150   M    M   6 1      35 150
11  79  67  73   5   0   8 0.01  0.0    0  9.5 35 160   M    M   7 13     41 160
12  76  66  71   2   0   6 0.01  0.0    0  9.0 20  70   M    M   9 13     23  60
13  72  62  67  -2   0   2 0.63  0.0    0  6.4 21  40   M    M  10 13     23  40
14  76  60  68  -1   0   3 0.00  0.0    0  7.6 16 350   M    M   7 1      23 350
15  79  58  69   0   0   4 0.00  0.0    0  5.3 14 110   M    M   6        17 120
16  79  59  69  -1   0   4 0.01  0.0    0 15.6 26 120   M    M   8 1      35 120
17  76  65  71   1   0   6 0.71  0.0    0 18.4 33 140   M    M   9 13     44 110
18  70  64  67  -3   0   2 9.92  0.0    0  6.9 26  10   M    M   9 123    33 360
19  79  65  72   2   0   7 0.02  0.0    0  6.3 17 130   M    M   9 12     22 120
20  78  63  71   1   0   6 0.71  0.0    0  5.0 23 330   M    M   8 13     30 330
21  74  62  68  -3   0   3 0.77  0.0    0  3.4 28 330   M    M   7 13     33 340
22  81  60  71   0   0   6 0.00  0.0    0  4.5 16  10   M    M   3 1      22  30
23  80  56  68  -3   0   3 0.00  0.0    0  4.3 14 120   M    M   3        18  60
24  77  57  67  -5   0   2 0.32  0.0    0  7.3 20 140   M    M   8 1      24 150
25  85  67  76   4   0  11 0.00  0.0    0  9.4 22 150   M    M   7        26 150
26  83  73  78   6   0  13 0.00  0.0    0 13.1 24 140   M    M   8        30 140
27  86  61  74   2   0   9 0.60  0.0    0  6.9  9 290   M    M   5 13     13 250
28  85  65  75   3   0  10 0.00  0.0    0 10.6 21 140   M    M   7 12     29 140
29  86  73  80   7   0  15 0.01  0.0    0 15.9 26 150   M    M   9 1      36 150
================================================================================
SM 2281 1707        20 133 13.79     0.0 236.2          M      180
================================================================================
AV 78.7 58.9                               8.1 FASTST   M    M   6    MAX(MPH)
                                 MISC ---->  # 35 160               # 44  110
================================================================================
NOTES:
# LAST OF SEVERAL OCCURRENCES

COLUMN 17 PEAK WIND IN M.P.H.

PRELIMINARY LOCAL CLIMATOLOGICAL DATA (WS FORM: F-6) , PAGE 2

                                          STATION:  HOUSTON INTERCONTINENTAL
                                          MONTH:    APRIL
                                          YEAR:     2016
                                          LATITUDE:   29 58 N
                                          LONGITUDE:  95 21 W

[TEMPERATURE DATA]      [PRECIPITATION DATA]       SYMBOLS USED IN COLUMN 16

AVERAGE MONTHLY: 68.8   TOTAL FOR MONTH:  13.79    1 = FOG OR MIST
DPTR FM NORMAL:  -0.6   DPTR FM NORMAL:   10.62    2 = FOG REDUCING VISIBILITY
HIGHEST:    86 ON 29,27 GRTST 24HR  9.92 ON 18-18      TO 1/4 MILE OR LESS
LOWEST:     42 ON  3                               3 = THUNDER
                        SNOW, ICE PELLETS, HAIL    4 = ICE PELLETS
                        TOTAL MONTH:   0.0 INCH    5 = HAIL
                        GRTST 24HR     0.0         6 = FREEZING RAIN OR DRIZZLE
                        GRTST DEPTH:   0           7 = DUSTSTORM OR SANDSTORM:
                                                       VSBY 1/2 MILE OR LESS
                                                   8 = SMOKE OR HAZE
[NO. OF DAYS WITH]      [WEATHER - DAYS WITH]      9 = BLOWING SNOW
                                                   X = TORNADO
MAX 32 OR BELOW:   0    0.01 INCH OR MORE:  14
MAX 90 OR ABOVE:   0    0.10 INCH OR MORE:   7
MIN 32 OR BELOW:   0    0.50 INCH OR MORE:   6
MIN  0 OR BELOW:   0    1.00 INCH OR MORE:   1

[HDD (BASE 65) ]
TOTAL THIS MO.    20    CLEAR  (SCALE 0-3)   5
DPTR FM NORMAL   -15    PTCLDY (SCALE 4-7)  16
TOTAL FM JUL 1  1017    CLOUDY (SCALE 8-10)  8
DPTR FM NORMAL  -347

[CDD (BASE 65) ]
TOTAL THIS MO.   133
DPTR FM NORMAL   -31    [PRESSURE DATA]
TOTAL FM JAN 1   269    HIGHEST SLP M ON M
DPTR FM NORMAL    -4    LOWEST  SLP 29.58 ON 27

[REMARKS]
