000
CXUS53 KICT 260800
CF6ICT
PRELIMINARY LOCAL CLIMATOLOGICAL DATA (WS FORM: F-6)

                                          STATION:   WICHITA MID CONTINENT KS
                                          MONTH:     DECEMBER
                                          YEAR:      2014
                                          LATITUDE:   37 39 N
                                          LONGITUDE:  97 25 W

  TEMPERATURE IN F:       :PCPN:    SNOW:  WIND      :SUNSHINE: SKY     :PK WND
================================================================================
1   2   3   4   5  6A  6B    7    8   9   10  11  12  13   14  15   16   17  18
                                     12Z  AVG MX 2MIN
DY MAX MIN AVG DEP HDD CDD  WTR  SNW DPTH SPD SPD DIR MIN PSBL S-S WX    SPD DR
================================================================================

 1  33  18  26 -12  39   0 0.00  0.0    0 12.2 23  10   M    M   3        31  20
 2  44  18  31  -7  34   0 0.00  0.0    0  9.9 22 190   M    M   6        25 190
 3  47  27  37   0  28   0 0.00  0.0    0  8.9 20  80   M    M   8        25  80
 4  50  38  44   7  21   0 0.11  0.0    0  5.8 10 170   M    M  10 18     13 150
 5  54  40  47  11  18   0 0.46  0.0    0  7.1 18 340   M    M   7 1      22 350
 6  43  37  40   4  25   0    T  0.0    0  8.1 14  20   M    M   9 128    17  20
 7  48  38  43   7  22   0    T  0.0    0 11.3 18 170   M    M  10 12     21 170
 8  60  36  48  13  17   0 0.00  0.0    0  5.8 14  10   M    M   5 12     16  10
 9  48  30  39   4  26   0 0.00  0.0    0  8.9 16  40   M    M   3        19  30
10  45  32  39   4  26   0 0.00  0.0    0  5.9 12 120   M    M   9 8      15 130
11  50  40  45  11  20   0 0.00  0.0    0  5.6 10 140   M    M  10        13  90
12  51  46  49  15  16   0    T  0.0    0  8.2 13 160   M    M  10 128    16 170
13  56  49  53  19  12   0 0.03  0.0    0 13.8 24 170   M    M  10 12     30 170
14  59  51  55  21  10   0 0.21  0.0    0 18.2 26 150   M    M  10 1      33 150
15  56  34  45  12  20   0    T    T    0 21.7 33 330   M    M   9        45 320
16  42  28  35   2  30   0 0.00  0.0    0 13.4 31 340   M    M   5        41 320
17  34  29  32  -1  33   0 0.25  2.0    0  8.2 14  80   M    M  10 1246   16  80
18  36  31  34   1  31   0 0.06  0.7    3  4.8 10 350   M    M  10 12     12  20
19  38  31  35   2  30   0 0.00  0.0    1  4.8  9 180   M    M  10 18     11 180
20  49  32  41   8  24   0 0.00  0.0    0 11.9 21 190   M    M   7 18     24 210
21  46  41  44  12  21   0 0.04  0.0    0 14.5 24 160   M    M  10 18     30 170
22  55  37  46  14  19   0 0.04  0.0    0 10.0 22 320   M    M   6 12     28 320
23  40  34  37   5  28   0 0.02    T    0 16.6 25 340   M    M   7        32 350
24  46  29  38   6  27   0    T    T    0 12.7 24 340   M    M   5        31 340
25  57  32  45  13  20   0 0.00  0.0    0 20.3 38 190   M    M   3        47 200
================================================================================
SM 1187  858       597   0  1.22     2.7 268.6          M      192
================================================================================
AV 47.5 34.3                              10.7 FASTST   M    M   8    MAX(MPH)
                                 MISC ---->  # 38 190               # 47  200
================================================================================
NOTES:
# LAST OF SEVERAL OCCURRENCES

COLUMN 17 PEAK WIND IN M.P.H.

PRELIMINARY LOCAL CLIMATOLOGICAL DATA (WS FORM: F-6) , PAGE 2

                                          STATION:  WICHITA MID CONTINENT KS
                                          MONTH:    DECEMBER
                                          YEAR:     2014
                                          LATITUDE:   37 39 N
                                          LONGITUDE:  97 25 W

[TEMPERATURE DATA]      [PRECIPITATION DATA]       SYMBOLS USED IN COLUMN 16

AVERAGE MONTHLY: 40.9   TOTAL FOR MONTH:   1.22    1 = FOG OR MIST
DPTR FM NORMAL:   6.6   DPTR FM NORMAL:    0.20    2 = FOG REDUCING VISIBILITY
HIGHEST:    60 ON  8    GRTST 24HR  0.57 ON  4- 5      TO 1/4 MILE OR LESS
LOWEST:     18 ON  2, 1                            3 = THUNDER
                        SNOW, ICE PELLETS, HAIL    4 = ICE PELLETS
                        TOTAL MONTH:   2.7 INCHES  5 = HAIL
                        GRTST 24HR   2.0 ON 17-17  6 = FREEZING RAIN OR DRIZZLE
                        GRTST DEPTH:   3 ON 18     7 = DUSTSTORM OR SANDSTORM:
                                                       VSBY 1/2 MILE OR LESS
                                                   8 = SMOKE OR HAZE
[NO. OF DAYS WITH]      [WEATHER - DAYS WITH]      9 = BLOWING SNOW
                                                   X = TORNADO
MAX 32 OR BELOW:   0    0.01 INCH OR MORE:   9
MAX 90 OR ABOVE:   0    0.10 INCH OR MORE:   4
MIN 32 OR BELOW:  12    0.50 INCH OR MORE:   0
MIN  0 OR BELOW:   0    1.00 INCH OR MORE:   0

[HDD (BASE 65) ]
TOTAL THIS MO.   597    CLEAR  (SCALE 0-3)   2
DPTR FM NORMAL  -172    PTCLDY (SCALE 4-7)  10
TOTAL FM JUL 1  1477    CLOUDY (SCALE 8-10) 13
DPTR FM NORMAL  -168

[CDD (BASE 65) ]
TOTAL THIS MO.     0
DPTR FM NORMAL     0    [PRESSURE DATA]
TOTAL FM JAN 1  1849    HIGHEST SLP M ON M
DPTR FM NORMAL   163    LOWEST  SLP 29.52 ON 15

[REMARKS]
