000
CXUS55 KPIH 241200
CF6IDA

PRELIMINARY LOCAL CLIMATOLOGICAL DATA (WS FORM: F-6)

                                          STATION:   IDAHO FALLS ID
                                          MONTH:     MARCH
                                          YEAR:      2017
                                          LATITUDE:   43 31 N
                                          LONGITUDE: 112  4 W

  TEMPERATURE IN F:       :PCPN:    SNOW:  WIND      :SUNSHINE: SKY     :PK WND
================================================================================
1   2   3   4   5  6A  6B    7    8   9   10  11  12  13   14  15   16   17  18
                                     12Z  AVG MX 2MIN
DY MAX MIN AVG DEP HDD CDD  WTR  SNW DPTH SPD SPD DIR MIN PSBL S-S WX    SPD DR
================================================================================

 1  32  10  21  -9  44   0 0.00    M    M 12.8 28 220   M    M   4 1      36 210
 2  36  11  24  -6  41   0 0.00    M    M  4.0 12 330   M    M   2        15 330
 3  37  19  28  -3  37   0 0.00    M    M  4.2 14 360   M    M   2        17 360
 4  43  27  35   4  30   0 0.00    M    M  5.1 13 200   M    M   5        18 220
 5  42  27  35   3  30   0    T    M    M 12.2 29 270   M    M   9 18     36 240
 6  30  19  25  -7  40   0    T    M    M 20.7 30 240   M    M   5 17     41 240
 7  36  21  29  -3  36   0    T    M    M 16.1 29 220   M    M   7 18     38 220
 8  45  33  39   6  26   0 0.01    M    M 20.6 35 210   M    M   7 1      42 210
 9  50  38  44  11  21   0 0.00    M    M 18.0 28 220   M    M   6        35 230
10  48  34  41   7  24   0    T    M    M 12.7 22 200   M    M   7        29 210
11  50  29  40   6  25   0 0.00    M    M  5.2 15 230   M    M   4 1      19 230
12  50  32  41   6  24   0 0.00    M    M  9.7 20 220   M    M   2        26 210
13  54  32  43   8  22   0 0.00    M    M  8.7 21 210   M    M   8        26 210
14  59  33  46  10  19   0 0.00    M    M  6.1 17 240   M    M   2        21 200
15  65  31  48  12  17   0 0.00    M    M  7.6 22 220   M    M   2        30 250
16  56  41  49  13  16   0    T    M    M 17.3 35 230   M    M   5        45 230
17  64  37  51  14  14   0 0.00    M    M  5.0 17 230   M    M   6        23 220
18  69  33  51  14  14   0    T    M    M 10.4 24 230   M    M   1        32 220
19  61  46  54  17  11   0 0.02    M    M 15.1 26 210   M    M   7        34 200
20  57  41  49  11  16   0 0.00    M    M  7.7 17  30   M    M   7        20  40
21  69  37  53  15  12   0 0.05    M    M 10.4 26 250   M    M   5 13     33 190
22  53  40  47   9  18   0 0.01    M    M  8.2 22 210   M    M   7        26 230
23  57  34  46   7  19   0 0.00    M    M  8.9 22 200   M    M   5 1      27 210
================================================================================
SM 1163  705       556   0  0.09    M    246.7          M      115
================================================================================
AV 50.6 30.7                              10.7 FASTST   M    M   5    MAX(MPH)
                                 MISC ---->  # 35 210               # 45  230
================================================================================
NOTES:
# LAST OF SEVERAL OCCURRENCES
PRECIPITATION SUSPECT DURING FREEZING/FROZEN EVENTS

COLUMN 17 PEAK WIND IN M.P.H.

PRELIMINARY LOCAL CLIMATOLOGICAL DATA (WS FORM: F-6) , PAGE 2

                                          STATION:  IDAHO FALLS ID
                                          MONTH:    MARCH
                                          YEAR:     2017
                                          LATITUDE:   43 31 N
                                          LONGITUDE: 112  4 W

[TEMPERATURE DATA]      [PRECIPITATION DATA]       SYMBOLS USED IN COLUMN 16

AVERAGE MONTHLY: 40.6   TOTAL FOR MONTH:   0.09    1 = FOG OR MIST
DPTR FM NORMAL:   6.1   DPTR FM NORMAL:   -0.54    2 = FOG REDUCING VISIBILITY
HIGHEST:    69 ON 21,18 GRTST 24HR  0.05 ON 21-21      TO 1/4 MILE OR LESS
LOWEST:     10 ON  1                               3 = THUNDER
                        SNOW, ICE PELLETS, HAIL    4 = ICE PELLETS
                        TOTAL MONTH:    M          5 = HAIL
                        GRTST 24HR    M  ON   M    6 = FREEZING RAIN OR DRIZZLE
                        GRTST DEPTH:  M  ON   M    7 = DUSTSTORM OR SANDSTORM:
                                                       VSBY 1/2 MILE OR LESS
                                                   8 = SMOKE OR HAZE
[NO. OF DAYS WITH]      [WEATHER - DAYS WITH]      9 = BLOWING SNOW
                                                   X = TORNADO
MAX 32 OR BELOW:   2    0.01 INCH OR MORE:   4
MAX 90 OR ABOVE:   0    0.10 INCH OR MORE:   0
MIN 32 OR BELOW:  11    0.50 INCH OR MORE:   0
MIN  0 OR BELOW:   0    1.00 INCH OR MORE:   0

[HDD (BASE 65) ]
TOTAL THIS MO.   556    CLEAR  (SCALE 0-3)   6
DPTR FM NORMAL  -146    PTCLDY (SCALE 4-7)  16
TOTAL FM JUL 1  6353    CLOUDY (SCALE 8-10)  1
DPTR FM NORMAL  -151

[CDD (BASE 65) ]
TOTAL THIS MO.     0
DPTR FM NORMAL     0    [PRESSURE DATA]
TOTAL FM JAN 1     0    HIGHEST SLP M ON M
DPTR FM NORMAL     0    LOWEST  SLP 29.47 ON  5

[REMARKS]
