000
CXUS55 KVEF 220910
CF6IGM
PRELIMINARY LOCAL CLIMATOLOGICAL DATA (WS FORM: F-6)
STATION: KINGMAN AZ
MONTH: APRIL
YEAR: 2024
LATITUDE: 35 16 N
LONGITUDE: 113 57 W
TEMPERATURE IN F: :PCPN: SNOW: WIND :SUNSHINE: SKY :PK WND
================================================================================
1 2 3 4 5 6A 6B 7 8 9 10 11 12 13 14 15 16 17 18
12Z AVG MX 2MIN
DY MAX MIN AVG DEP HDD CDD WTR SNW DPTH SPD SPD DIR MIN PSBL S-S WX SPD DR
================================================================================
1 59 41 50 -6 15 0 0.01 M M 8.0 24 40 M M 7 30 50
2 68 37 53 -3 12 0 0.00 M M 5.7 13 10 M M 0 18 350
3 71 38 55 -1 10 0 0.00 M M 7.4 18 240 M M 0 27 270
4 73 46 60 4 5 0 0.00 M M 17.7 38 210 M M 0 48 200
5 60 37 49 -8 16 0 0.01 M M 15.3 30 220 M M 4 39 280
6 57 30 44 -13 21 0 0.00 M M 8.8 20 250 M M 0 26 240
7 62 31 47 -10 18 0 0.00 M M 6.8 20 250 M M 0 26 250
8 64 32 48 -9 17 0 0.00 M M 11.3 35 350 M M 2 44 360
9 70 40 55 -2 10 0 0.00 M M 9.5 20 10 M M 0 26 30
10 77 38 58 0 7 0 0.00 M M 6.8 16 20 M M 0 23 20
11 83 43 63 5 2 0 0.00 M M 6.2 17 240 M M 0 25 220
12 81 52 67 9 0 2 0.00 M M 15.4 36 220 M M 0 47 220
13 77 48 63 5 2 0 0.00 M M 14.1 31 150 M M 0 57 150
14 67 43 55 -3 10 0 0.00 M M 14.5 30 220 M M 0 42 250
15 69 35 52 -7 13 0 0.00 M M 6.6 17 350 M M 1 25 10
16 78 40 59 0 6 0 0.00 M M 3.7 15 10 M M 0 20 360
17 82 43 63 4 2 0 0.00 M M 9.0 21 260 M M 0 27 260
18 83 57 70 10 0 5 0.00 M M 12.1 25 230 M M 0 32 220
19 83 54 69 9 0 4 0.00 M M 10.0 22 250 M M 0 28 240
20 88 53 71 11 0 6 0.00 M M 5.6 17 250 M M 0 25 240
21 90 49 70 10 0 5 0.00 M M 5.9 16 280 M M 0 23 270
================================================================================
SM 1542 887 166 22 0.02 M 200.4 M 14
================================================================================
AV 73.4 42.2 9.5 FASTST M M 1 MAX(MPH)
MISC ----> 38 210 57 150
================================================================================
NOTES:
# LAST OF SEVERAL OCCURRENCES
COLUMN 17 PEAK WIND IN M.P.H.
PRELIMINARY LOCAL CLIMATOLOGICAL DATA (WS FORM: F-6) , PAGE 2
STATION: KINGMAN AZ
MONTH: APRIL
YEAR: 2024
LATITUDE: 35 16 N
LONGITUDE: 113 57 W
[TEMPERATURE DATA] [PRECIPITATION DATA] SYMBOLS USED IN COLUMN 16
AVERAGE MONTHLY: 57.8 TOTAL FOR MONTH: 0.02 1 = FOG OR MIST
DPTR FM NORMAL: -0.1 DPTR FM NORMAL: -0.33 2 = FOG REDUCING VISIBILITY
HIGHEST: 90 ON 21 GRTST 24HR 0.15 ON 31- 1 TO 1/4 MILE OR LESS
LOWEST: 30 ON 6 3 = THUNDER
SNOW, ICE PELLETS, HAIL 4 = ICE PELLETS
TOTAL MONTH: M 5 = HAIL
GRTST 24HR M ON M 6 = FREEZING RAIN OR DRIZZLE
GRTST DEPTH: M ON M 7 = DUSTSTORM OR SANDSTORM:
VSBY 1/2 MILE OR LESS
8 = SMOKE OR HAZE
[NO. OF DAYS WITH] [WEATHER - DAYS WITH] 9 = BLOWING SNOW
X = TORNADO
MAX 32 OR BELOW: 0 0.01 INCH OR MORE: 2
MAX 90 OR ABOVE: 1 0.10 INCH OR MORE: 0
MIN 32 OR BELOW: 3 0.50 INCH OR MORE: 0
MIN 0 OR BELOW: 0 1.00 INCH OR MORE: 0
[HDD (BASE 65) ]
TOTAL THIS MO. 166 CLEAR (SCALE 0-3) 19
DPTR FM NORMAL 6 PTCLDY (SCALE 4-7) 2
TOTAL FM JUL 1 2746 CLOUDY (SCALE 8-10) 0
DPTR FM NORMAL -166
[CDD (BASE 65) ]
TOTAL THIS MO. 22
DPTR FM NORMAL 15 [PRESSURE DATA]
TOTAL FM JAN 1 22 HIGHEST SLP M ON M
DPTR FM NORMAL 13 LOWEST SLP 29.49 ON 5
[REMARKS]