000
CXUS55 KVEF 010940
CF6IGM
PRELIMINARY LOCAL CLIMATOLOGICAL DATA (WS FORM: F-6)

                                          STATION:   KINGMAN AZ
                                          MONTH:     JULY
                                          YEAR:      2015
                                          LATITUDE:   35 16 N
                                          LONGITUDE: 113 57 W

  TEMPERATURE IN F:       :PCPN:    SNOW:  WIND      :SUNSHINE: SKY     :PK WND
================================================================================
1   2   3   4   5  6A  6B    7    8   9   10  11  12  13   14  15   16   17  18
                                     12Z  AVG MX 2MIN
DY MAX MIN AVG DEP HDD CDD  WTR  SNW DPTH SPD SPD DIR MIN PSBL S-S WX    SPD DR
================================================================================

 1  94  73  84   2   0  19    T  0.0    0 15.5 25 210   M    M   0 3      32 240
 2  99  71  85   3   0  20 0.01  0.0    0  8.1 20 230   M    M   1 3      25 240
 3 100  70  85   3   0  20 0.00  0.0    0 10.6 23  80   M    M   0        29 220
 4  94  78  86   4   0  21    T  0.0    0  8.5 20 230   M    M   3        25 110
 5  98  72  85   2   0  20    T  0.0    0 12.7 32  60   M    M   1 3      38  50
 6  94  67  81  -2   0  16 0.02  0.0    0 10.2 29  10   M    M   2 3      36  10
 7  98  65  82  -1   0  17    T  0.0    0  8.7 24 270   M    M   0 3      29 270
 8  97  69  83   0   0  18 0.00  0.0    0 14.6 35 200   M    M   1        43 210
 9  92  67  80  -3   0  15 0.00  0.0    0 17.4 31 210   M    M   0        38 200
10  89  63  76  -7   0  11 0.00  0.0    0 11.4 26 220   M    M   0        43 170
11  92  59  76  -8   0  11 0.00  0.0    0 11.7 26 220   M    M   0        33 220
12  98  60  79  -5   0  14 0.00  0.0    0 10.4 28 220   M    M   0        34 220
13  99  69  84   0   0  19 0.00  0.0    0 11.8 26 210   M    M   0        33 220
14  99  69  84   0   0  19 0.00  0.0    0 13.5 28 210   M    M   0        35 210
15  97  67  82  -2   0  17 0.00  0.0    0 13.5 28 220   M    M   0        33 210
16  99  69  84   0   0  19 0.00  0.0    0 12.1 25 220   M    M   0        31 230
17  98  68  83  -1   0  18 0.00  0.0    0 14.6 32 210   M    M   0 3      37 190
18  92  66  79  -5   0  14 0.81  0.0    0 13.6 35 250   M    M   3 13     43 240
19  88  64  76  -8   0  11 0.00  0.0    0  7.1 21 110   M    M   3 3      26 110
20  88  66  77  -7   0  12 0.08  0.0    0  7.2 17 250   M    M   4 1      21 230
21  93  62  78  -6   0  13 0.00  0.0    0  8.5 20 230   M    M   0        26 250
22  95  70  83  -1   0  18 0.00  0.0    0 12.7 28 210   M    M   0        35 220
23  94  67  81  -3   0  16 0.00  0.0    0 13.8 29 220   M    M   0        35 230
24  95  66  81  -3   0  16 0.00  0.0    0 11.5 23 220   M    M   0        29 230
25  98  61  80  -4   0  15 0.00  0.0    0 10.4 23 240   M    M   0        29 250
26  99  61  80  -4   0  15 0.00  0.0    0 10.9 26 220   M    M   0        34 230
27  97  62  80  -4   0  15 0.00  0.0    0 13.1 25 220   M    M   0        33 180
28  99  59  79  -5   0  14 0.00  0.0    0  7.7 18 250   M    M   0        24 220
29  98  69  84   0   0  19    T  0.0    0 10.8 26 200   M    M   1        38 250
30  97  75  86   2   0  21    T  0.0    0  6.9 31 130   M    M   1 3      37 130
31  99  70  85   1   0  20 0.00  0.0    0  8.9 28  70   M    M   0        34  70
================================================================================
SM 2969 2074         0 513  0.92     0.0 348.4          M       20
================================================================================
AV 95.8 66.9                              11.2 FASTST   M    M   1    MAX(MPH)
                                 MISC ---->  # 35 200               # 43  210
================================================================================
NOTES:
# LAST OF SEVERAL OCCURRENCES

COLUMN 17 PEAK WIND IN M.P.H.

PRELIMINARY LOCAL CLIMATOLOGICAL DATA (WS FORM: F-6) , PAGE 2

                                          STATION:  KINGMAN AZ
                                          MONTH:    JULY
                                          YEAR:     2015
                                          LATITUDE:   35 16 N
                                          LONGITUDE: 113 57 W

[TEMPERATURE DATA]      [PRECIPITATION DATA]       SYMBOLS USED IN COLUMN 16

AVERAGE MONTHLY: 81.3   TOTAL FOR MONTH:   0.92    1 = FOG OR MIST
DPTR FM NORMAL:  -2.3   DPTR FM NORMAL:    0.17    2 = FOG REDUCING VISIBILITY
HIGHEST:   100 ON  3    GRTST 24HR  0.81 ON 18-18      TO 1/4 MILE OR LESS
LOWEST:     59 ON 28,11                            3 = THUNDER
                        SNOW, ICE PELLETS, HAIL    4 = ICE PELLETS
                        TOTAL MONTH:   0.0 INCH    5 = HAIL
                        GRTST 24HR     0.0         6 = FREEZING RAIN OR DRIZZLE
                        GRTST DEPTH:   0           7 = DUSTSTORM OR SANDSTORM:
                                                       VSBY 1/2 MILE OR LESS
                                                   8 = SMOKE OR HAZE
[NO. OF DAYS WITH]      [WEATHER - DAYS WITH]      9 = BLOWING SNOW
                                                   X = TORNADO
MAX 32 OR BELOW:   0    0.01 INCH OR MORE:   4
MAX 90 OR ABOVE:  28    0.10 INCH OR MORE:   1
MIN 32 OR BELOW:   0    0.50 INCH OR MORE:   1
MIN  0 OR BELOW:   0    1.00 INCH OR MORE:   0

[HDD (BASE 65) ]
TOTAL THIS MO.     0    CLEAR  (SCALE 0-3)  28
DPTR FM NORMAL     0    PTCLDY (SCALE 4-7)   3
TOTAL FM JUL 1     0    CLOUDY (SCALE 8-10)  0
DPTR FM NORMAL     0

[CDD (BASE 65) ]
TOTAL THIS MO.   513
DPTR FM NORMAL   -63    [PRESSURE DATA]
TOTAL FM JAN 1  1096    HIGHEST SLP 30.21 ON 19
DPTR FM NORMAL   -63    LOWEST  SLP 29.55 ON  8

[REMARKS]
#FINAL-07-15#
