000
CXUS51 KPHI 010800
CF6ILG
PRELIMINARY LOCAL CLIMATOLOGICAL DATA (WS FORM: F-6)

                                          STATION:   WILMINGTON DE
                                          MONTH:     AUGUST
                                          YEAR:      2015
                                          LATITUDE:   39 40 N
                                          LONGITUDE:  75 36 W

  TEMPERATURE IN F:       :PCPN:    SNOW:  WIND      :SUNSHINE: SKY     :PK WND
================================================================================
1   2   3   4   5  6A  6B    7    8   9   10  11  12  13   14  15   16   17  18
                                     12Z  AVG MX 2MIN
DY MAX MIN AVG DEP HDD CDD  WTR  SNW DPTH SPD SPD DIR MIN PSBL S-S WX    SPD DR
================================================================================

 1  88  68  78   1   0  13 0.00  0.0    0  7.5 17 250   M    M   3        23 250
 2  88  64  76   0   0  11 0.00  0.0    0  4.9 14 250   M    M   0        18 290
 3  90  67  79   3   0  14 0.00  0.0    0  8.6 20 190   M    M   1        25 210
 4  91  71  81   5   0  16 0.11  0.0    0  6.8 22 260   M    M   2 13     29 250
 5  88  68  78   2   0  13 0.00  0.0    0  8.3 21 290   M    M   2        26 290
 6  83  62  73  -3   0   8 0.10  0.0    0  4.9 14 210   M    M   3 1      17 180
 7  85  68  77   1   0  12    T  0.0    0  8.7 17  80   M    M   4        22  70
 8  84  63  74  -2   0   9 0.00  0.0    0  6.7 16 100   M    M   2        20  30
 9  85  64  75  -1   0  10    T  0.0    0  5.9 18 160   M    M   8        27  90
10  76  67  72  -4   0   7 0.03  0.0    0  6.9 17 170   M    M  10 1      23 180
11  83  70  77   1   0  12 0.66  0.0    0  9.7 22 170   M    M   5 13     29 170
12  83  65  74  -2   0   9 0.00  0.0    0  6.6 16 310   M    M   1        23 310
13  83  63  73  -3   0   8 0.00  0.0    0  5.7 14 300   M    M   2        17 290
14  87  57  72  -4   0   7 0.00  0.0    0  4.3 10 210   M    M   0        13 300
15  88  65  77   1   0  12 0.00  0.0    0  5.5 14 240   M    M   0        17 250
16  92  66  79   4   0  14 0.00  0.0    0  5.8 14 170   M    M   0        16 160
17  91  69  80   5   0  15 0.00  0.0    0  7.3 17 170   M    M   1        20 170
18  88  72  80   5   0  15    T  0.0    0  8.4 17 160   M    M   2 1      21 140
19  86  76  81   6   0  16    T  0.0    0 10.0 21 160   M    M   7        25 160
20  87  75  81   6   0  16 0.57  0.0    0 11.4 24 150   M    M   8 1      32 160
21  87  70  79   4   0  14 0.00  0.0    0  8.3 16  20   M    M   2 1      20  20
22  84  62  73  -2   0   8 0.00  0.0    0  8.7 20  10   M    M   1        24  10
23  83  58  71  -3   0   6 0.00  0.0    0  4.1  9 270   M    M   0        13 270
24  87  61  74   0   0   9 0.00  0.0    0  8.9 20 170   M    M   2        23 170
25  87  63  75   1   0  10 0.05  0.0    0  6.7 15 310   M    M   1 18     20 290
26  81  60  71  -3   0   6 0.00  0.0    0  8.3 17 300   M    M   2        22 260
27  82  58  70  -4   0   5 0.00  0.0    0  7.7 14 310   M    M   3 8      20 330
28  85  56  71  -3   0   6 0.00  0.0    0  4.3 13 290   M    M   1        16 270
29  84  60  72  -1   0   7 0.00  0.0    0  6.6 18 160   M    M   2 1      20 170
30  89  66  78   5   0  13 0.00  0.0    0  7.2 15 210   M    M   0        20 240
31  90  74  82   9   0  17    T  0.0    0  6.5 15 250   M    M   2        19 230
================================================================================
SM 2665 2028         0 338  1.52     0.0 221.2          M       77
================================================================================
AV 86.0 65.4                               7.1 FASTST   M    M   2    MAX(MPH)
                                 MISC ---->  # 24 150               # 32  160
================================================================================
NOTES:
# LAST OF SEVERAL OCCURRENCES

COLUMN 17 PEAK WIND IN M.P.H.

PRELIMINARY LOCAL CLIMATOLOGICAL DATA (WS FORM: F-6) , PAGE 2

                                          STATION:  WILMINGTON DE
                                          MONTH:    AUGUST
                                          YEAR:     2015
                                          LATITUDE:   39 40 N
                                          LONGITUDE:  75 36 W

[TEMPERATURE DATA]      [PRECIPITATION DATA]       SYMBOLS USED IN COLUMN 16

AVERAGE MONTHLY: 75.7   TOTAL FOR MONTH:   1.52    1 = FOG OR MIST
DPTR FM NORMAL:   0.5   DPTR FM NORMAL:   -1.73    2 = FOG REDUCING VISIBILITY
HIGHEST:    92 ON 16    GRTST 24HR  0.67 ON 10-11      TO 1/4 MILE OR LESS
LOWEST:     56 ON 28                               3 = THUNDER
                        SNOW, ICE PELLETS, HAIL    4 = ICE PELLETS
                        TOTAL MONTH:   0.0 INCH    5 = HAIL
                        GRTST 24HR     0.0         6 = FREEZING RAIN OR DRIZZLE
                        GRTST DEPTH:   0           7 = DUSTSTORM OR SANDSTORM:
                                                       VSBY 1/2 MILE OR LESS
                                                   8 = SMOKE OR HAZE
[NO. OF DAYS WITH]      [WEATHER - DAYS WITH]      9 = BLOWING SNOW
                                                   X = TORNADO
MAX 32 OR BELOW:   0    0.01 INCH OR MORE:   6
MAX 90 OR ABOVE:   5    0.10 INCH OR MORE:   4
MIN 32 OR BELOW:   0    0.50 INCH OR MORE:   2
MIN  0 OR BELOW:   0    1.00 INCH OR MORE:   0

[HDD (BASE 65) ]
TOTAL THIS MO.     0    CLEAR  (SCALE 0-3)  24
DPTR FM NORMAL    -2    PTCLDY (SCALE 4-7)   6
TOTAL FM JUL 1     0    CLOUDY (SCALE 8-10)  1
DPTR FM NORMAL    -2

[CDD (BASE 65) ]
TOTAL THIS MO.   338
DPTR FM NORMAL    22    [PRESSURE DATA]
TOTAL FM JAN 1  1147    HIGHEST SLP 30.23 ON 29
DPTR FM NORMAL   154    LOWEST  SLP 29.75 ON 11

[REMARKS]
#FINAL-08-15#
