000
CXUS53 KILX 230900
CF6ILX
PRELIMINARY LOCAL CLIMATOLOGICAL DATA (WS FORM: F-6)

                                          STATION:   LINCOLN IL
                                          MONTH:     SEPTEMBER
                                          YEAR:      2014
                                          LATITUDE:   40  9 N
                                          LONGITUDE:  89 20 W

  TEMPERATURE IN F:       :PCPN:    SNOW:  WIND      :SUNSHINE: SKY     :PK WND
================================================================================
1   2   3   4   5  6A  6B    7    8   9   10  11  12  13   14  15   16   17  18
                                     12Z  AVG MX 2MIN
DY MAX MIN AVG DEP HDD CDD  WTR  SNW DPTH SPD SPD DIR MIN PSBL S-S WX    SPD DR
================================================================================

 1  81  70  76   5   0  11 0.02  0.0    0   M   M   M   M    M   M         M  M
 2  82  65  74   3   0   9 0.03  0.0    0   M   M   M   M    M   M         M  M
 3  84  60  72   1   0   7 0.03  0.0    0   M   M   M   M    M   M 1       M  M
 4  90  69  80  10   0  15    T  0.0    0   M   M   M   M    M   M 3       M  M
 5  92  61  77   7   0  12 1.09  0.0    0   M   M   M   M    M   M 3       M  M
 6  74  52  63  -7   2   0 0.02  0.0    0   M   M   M   M    M   M         M  M
 7  77  48  63  -7   2   0 0.00  0.0    0   M   M   M   M    M   M         M  M
 8  79  49  64  -5   1   0 0.00  0.0    0   M   M   M   M    M   M         M  M
 9  70  60  65  -4   0   0 2.29  0.0    0   M   M   M   M    M   M 3       M  M
10  79  61  70   2   0   5 2.48  0.0    0   M   M   M   M    M   M 3       M  M
11  61  51  56 -12   9   0    T  0.0    0   M   M   M   M    M   M         M  M
12  57  46  52 -16  13   0 0.01  0.0    0   M   M   M   M    M   M         M  M
13  62  38  50 -17  15   0 0.00  0.0    0   M   M   M   M    M   M 1       M  M
14  69  37  53 -14  12   0 0.00  0.0    0   M   M   M   M    M   M         M  M
15  59  45  52 -14  13   0 1.07  0.0    0   M   M   M   M    M   M 13      M  M
16  69  45  57  -9   8   0 0.00  0.0    0   M   M   M   M    M   M 1       M  M
17  68  43  56 -10   9   0    T  0.0    0   M   M   M   M    M   M 1       M  M
18  75  46  61  -4   4   0 0.00  0.0    0   M   M   M   M    M   M 1       M  M
19  77  45  61  -4   4   0 0.00  0.0    0   M   M   M   M    M   M         M  M
20  83  54  69   5   0   4 0.58  0.0    0   M   M   M   M    M   M 3       M  M
21  72  52  62  -2   3   0 0.00  0.0    0   M   M   M   M    M   M         M  M
22  71  45  58  -5   7   0 0.00  0.0    0   M   M   M   M    M   M         M  M
================================================================================
SM 1631 1142       102  63  7.62     0.0     M          M        M
================================================================================
AV 74.1 51.9                                 M FASTST   M    M   3    MAX(MPH)
                                 MISC ---->     M   M                  M    M
================================================================================
NOTES:
# LAST OF SEVERAL OCCURRENCES

COLUMN 17 PEAK WIND IN M.P.H.

PRELIMINARY LOCAL CLIMATOLOGICAL DATA (WS FORM: F-6) , PAGE 2

                                          STATION:  LINCOLN IL
                                          MONTH:    SEPTEMBER
                                          YEAR:     2014
                                          LATITUDE:   40  9 N
                                          LONGITUDE:  89 20 W

[TEMPERATURE DATA]      [PRECIPITATION DATA]       SYMBOLS USED IN COLUMN 16

AVERAGE MONTHLY: 63.0   TOTAL FOR MONTH:   7.62    1 = FOG OR MIST
DPTR FM NORMAL:  -4.6   DPTR FM NORMAL:    5.23    2 = FOG REDUCING VISIBILITY
HIGHEST:    92 ON  5    GRTST 24HR  2.48 ON 10-10      TO 1/4 MILE OR LESS
LOWEST:     37 ON 14                               3 = THUNDER
                        SNOW, ICE PELLETS, HAIL    4 = ICE PELLETS
                        TOTAL MONTH:   0.0 INCH    5 = HAIL
                        GRTST 24HR     0.0         6 = FREEZING RAIN OR DRIZZLE
                        GRTST DEPTH:   0           7 = DUSTSTORM OR SANDSTORM:
                                                       VSBY 1/2 MILE OR LESS
                                                   8 = SMOKE OR HAZE
[NO. OF DAYS WITH]      [WEATHER - DAYS WITH]      9 = BLOWING SNOW
                                                   X = TORNADO
MAX 32 OR BELOW:   0    0.01 INCH OR MORE:  10
MAX 90 OR ABOVE:   2    0.10 INCH OR MORE:   5
MIN 32 OR BELOW:   0    0.50 INCH OR MORE:   5
MIN  0 OR BELOW:   0    1.00 INCH OR MORE:   4

[HDD (BASE 65) ]
TOTAL THIS MO.   102    CLEAR  (SCALE 0-3)   0
DPTR FM NORMAL    61    PTCLDY (SCALE 4-7)   0
TOTAL FM JUL 1   112    CLOUDY (SCALE 8-10)  0
DPTR FM NORMAL    62

[CDD (BASE 65) ]
TOTAL THIS MO.    63
DPTR FM NORMAL   -37    [PRESSURE DATA]
TOTAL FM JAN 1   817    HIGHEST SLP M ON M
DPTR FM NORMAL  -172    LOWEST  SLP M ON M

[REMARKS]
