000
CXUS54 KFWD 230730
CF6INJ
PRELIMINARY LOCAL CLIMATOLOGICAL DATA (WS FORM: F-6)

                                          STATION:   HILLSBORO
                                          MONTH:     AUGUST
                                          YEAR:      2017
                                          LATITUDE:   32  0 N
                                          LONGITUDE:  97  6 W

  TEMPERATURE IN F:       :PCPN:    SNOW:  WIND      :SUNSHINE: SKY     :PK WND
================================================================================
1   2   3   4   5  6A  6B    7    8   9   10  11  12  13   14  15   16   17  18
                                     12Z  AVG MX 2MIN
DY MAX MIN AVG DEP HDD CDD  WTR  SNW DPTH SPD SPD DIR MIN PSBL S-S WX    SPD DR
================================================================================

 1  91  73  82  -3   0  17 0.00  0.0    0  5.1 12  50   M    M   6         M  M
 2  79  73  76  -9   0  11 0.64  0.0    0  5.1  8 360   M    M   8 1       M  M
 3  90  73  82  -3   0  17 0.04  0.0    0  2.3  7 110   M    M   7 1       M  M
 4  94  73  84  -1   0  19 0.00  0.0    0  3.2  8 120   M    M   1         M  M
 5  97  75  86   1   0  21 0.00  0.0    0  9.7 16 150   M    M   1        21 160
 6  99  74  87   2   0  22 0.04  0.0    0 13.9 18 180   M    M   2 3      24 180
 7  89  73  81  -4   0  16 0.22  0.0    0  4.0 10 200   M    M   7         M  M
 8  90  73  82  -3   0  17 0.00  0.0    0  7.6 14  50   M    M   6        18  20
 9  91  69  80  -5   0  15 0.00  0.0    0  5.6 10  80   M    M   4         M  M
10  98  73  86   1   0  21 0.00  0.0    0  5.4 12 150   M    M   2         M  M
11  98  77  88   3   0  23 0.00  0.0    0  7.0 13  50   M    M   1        17 240
12  99  77  88   3   0  23    M  0.0    0  8.2 13 160   M    M   2 3      18  60
13  93  77  85   0   0  20    M  0.0    0  7.8 12  90   M    M   2         M  M
14  95  74  85   1   0  20 0.70  0.0    0 10.2 15 140   M    M   3 3      20 210
15  97  78  88   4   0  23 0.00  0.0    0 11.8 17 190   M    M   1        18 170
16  97  78  88   4   0  23 0.00  0.0    0 13.7 18 160   M    M   3        25 180
17  97  73  85   1   0  20 0.15  0.0    0 11.4 18 280   M    M   4 3      25 280
18  95  74  85   1   0  20 0.00  0.0    0  6.3 13 190   M    M   0        18 260
19 100  77  89   5   0  24 0.00  0.0    0  7.1  9 110   M    M   0         M  M
20  99  76  88   4   0  23 0.00  0.0    0  7.1 12 190   M    M   1        16 160
21  95  77  86   2   0  21 0.00  0.0    0  8.9 14 130   M    M   1        17 170
22  99  75  87   3   0  22 0.00  0.0    0  6.2 12 160   M    M   1        17 140
================================================================================
SM 2082 1642         0 438  1.79     0.0 167.6          M       63
================================================================================
AV 94.6 74.6                               7.6 FASTST   M    M   3    MAX(MPH)
                                 MISC ---->    18   M                 25    M
================================================================================
NOTES:
# LAST OF SEVERAL OCCURRENCES

COLUMN 17 PEAK WIND IN M.P.H.

PRELIMINARY LOCAL CLIMATOLOGICAL DATA (WS FORM: F-6) , PAGE 2

                                          STATION:  HILLSBORO
                                          MONTH:    AUGUST
                                          YEAR:     2017
                                          LATITUDE:   32  0 N
                                          LONGITUDE:  97  6 W

[TEMPERATURE DATA]      [PRECIPITATION DATA]       SYMBOLS USED IN COLUMN 16

AVERAGE MONTHLY: 84.6   TOTAL FOR MONTH:   1.79    1 = FOG OR MIST
DPTR FM NORMAL:   0.0   DPTR FM NORMAL:    0.44    2 = FOG REDUCING VISIBILITY
HIGHEST:   100 ON 19    GRTST 24HR  0.70 ON 14-14      TO 1/4 MILE OR LESS
LOWEST:     69 ON  9                               3 = THUNDER
                        SNOW, ICE PELLETS, HAIL    4 = ICE PELLETS
                        TOTAL MONTH:   0.0 INCH    5 = HAIL
                        GRTST 24HR     0.0         6 = FREEZING RAIN OR DRIZZLE
                        GRTST DEPTH:   0           7 = DUSTSTORM OR SANDSTORM:
                                                       VSBY 1/2 MILE OR LESS
                                                   8 = SMOKE OR HAZE
[NO. OF DAYS WITH]      [WEATHER - DAYS WITH]      9 = BLOWING SNOW
                                                   X = TORNADO
MAX 32 OR BELOW:   0    0.01 INCH OR MORE:   6
MAX 90 OR ABOVE:  20    0.10 INCH OR MORE:   4
MIN 32 OR BELOW:   0    0.50 INCH OR MORE:   2
MIN  0 OR BELOW:   0    1.00 INCH OR MORE:   0

[HDD (BASE 65) ]
TOTAL THIS MO.     0    CLEAR  (SCALE 0-3)  14
DPTR FM NORMAL     0    PTCLDY (SCALE 4-7)   7
TOTAL FM JUL 1     0    CLOUDY (SCALE 8-10)  1
DPTR FM NORMAL     0

[CDD (BASE 65) ]
TOTAL THIS MO.   438
DPTR FM NORMAL     6    [PRESSURE DATA]
TOTAL FM JAN 1  2004    HIGHEST SLP M ON M
DPTR FM NORMAL   169    LOWEST  SLP M ON M

[REMARKS]
