786
CXUS56 KFGZ 250900
CF6INW
PRELIMINARY LOCAL CLIMATOLOGICAL DATA (WS FORM: F-6)

                                          STATION:   WINSLOW AZ AIRPORT
                                          MONTH:     NOVEMBER
                                          YEAR:      2017
                                          LATITUDE:   35  1 N
                                          LONGITUDE: 110 44 W

  TEMPERATURE IN F:       :PCPN:    SNOW:  WIND      :SUNSHINE: SKY     :PK WND
================================================================================
1   2   3   4   5  6A  6B    7    8   9   10  11  12  13   14  15   16   17  18
                                     12Z  AVG MX 2MIN
DY MAX MIN AVG DEP HDD CDD  WTR  SNW DPTH SPD SPD DIR MIN PSBL S-S WX    SPD DR
================================================================================

 1  74  34  54   4  11   0 0.00    M    M  8.9 24 260   M    M   0        31 270
 2  73  37  55   5  10   0 0.00    M    M  8.4 20 200   M    M   1        28 200
 3  74  37  56   7   9   0 0.00    M    M  9.3 28 240   M    M   0        34 240
 4  75  46  61  12   4   0 0.00    M    M 12.1 33 210   M    M   0        42 200
 5  72  45  59  11   6   0 0.00  0.0    0 12.7 25 240   M    M   0        31 230
 6  71  37  54   6  11   0 0.00  0.0    0  8.7 25 220   M    M   0        39 230
 7  68  43  56   8   9   0 0.00    M    M  8.2 20 260   M    M   2        25 270
 8  62  29  46  -1  19   0 0.00    M    M  3.6 10 250   M    M   0        13 250
 9  76  36  56   9   9   0 0.00    M    M  6.5 15 230   M    M   0        19 230
10  77  35  56  10   9   0 0.00    M    M  8.1 23 250   M    M   0        30 230
11  74  33  54   8  11   0 0.00    M    M  5.8 15 200   M    M   0        17 200
12  69  32  51   5  14   0 0.00    M    M  3.6 13 110   M    M   0        15 120
13  76  39  58  13   7   0 0.00  0.0    0  5.6 18 240   M    M   1        23 240
14  77  35  56  11   9   0 0.00    M    M  8.7 22 240   M    M   0        28 260
15  72  31  52   8  13   0 0.00    M    M  6.3 16 250   M    M   0        21 250
16  76  35  56  12   9   0 0.00    M    M  8.0 24 230   M    M   2        29 230
17  68  40  54  11  11   0 0.00    M    M 14.8 38 230   M    M   1 8      49 240
18  53  23  38  -5  27   0 0.00  0.0    0  5.9 17 300   M    M   2        22 300
19  53  13  33  -9  32   0 0.00  0.0    0  2.7  9 240   M    M   0        11  10
20  63  18  41  -1  24   0 0.00  0.0    0  3.4 10 110   M    M   0        12 130
21  67  26  47   5  18   0 0.00    M    M  3.7 10 280   M    M   0        12 280
22  68  28  48   7  17   0 0.00    M    M  3.4 10 240   M    M   0        14 320
23  70  28  49   8  16   0 0.00    M    M  4.4 12 250   M    M   0        12 250
24  75  32  54  14  11   0 0.00    M    M  5.6 10 220   M    M   0        13 120
================================================================================
SM 1683  792       316   0  0.00     0.0 168.4          M        9
================================================================================
AV 70.1 33.0                               7.0 FASTST   M    M   0    MAX(MPH)
                                 MISC ---->  # 38 230               # 49  240
================================================================================
NOTES:
# LAST OF SEVERAL OCCURRENCES

COLUMN 17 PEAK WIND IN M.P.H.

PRELIMINARY LOCAL CLIMATOLOGICAL DATA (WS FORM: F-6) , PAGE 2

                                          STATION:  WINSLOW AZ AIRPORT
                                          MONTH:    NOVEMBER
                                          YEAR:     2017
                                          LATITUDE:   35  1 N
                                          LONGITUDE: 110 44 W

[TEMPERATURE DATA]      [PRECIPITATION DATA]       SYMBOLS USED IN COLUMN 16

AVERAGE MONTHLY: 51.6   TOTAL FOR MONTH:   0.00    1 = FOG OR MIST
DPTR FM NORMAL:   6.3   DPTR FM NORMAL:   -0.41    2 = FOG REDUCING VISIBILITY
HIGHEST:    77 ON 14,10 GRTST 24HR  0.00 ON 24-24      TO 1/4 MILE OR LESS
LOWEST:     13 ON 19                               3 = THUNDER
                        SNOW, ICE PELLETS, HAIL    4 = ICE PELLETS
                        TOTAL MONTH:   0.0 INCH    5 = HAIL
                        GRTST 24HR     0.0         6 = FREEZING RAIN OR DRIZZLE
                        GRTST DEPTH:   0           7 = DUSTSTORM OR SANDSTORM:
                                                       VSBY 1/2 MILE OR LESS
                                                   8 = SMOKE OR HAZE
[NO. OF DAYS WITH]      [WEATHER - DAYS WITH]      9 = BLOWING SNOW
                                                   X = TORNADO
MAX 32 OR BELOW:   0    0.01 INCH OR MORE:   0
MAX 90 OR ABOVE:   0    0.10 INCH OR MORE:   0
MIN 32 OR BELOW:  10    0.50 INCH OR MORE:   0
MIN  0 OR BELOW:   0    1.00 INCH OR MORE:   0

[HDD (BASE 65) ]
TOTAL THIS MO.   316    CLEAR  (SCALE 0-3)  24
DPTR FM NORMAL  -158    PTCLDY (SCALE 4-7)   0
TOTAL FM JUL 1   594    CLOUDY (SCALE 8-10)  0
DPTR FM NORMAL  -186

[CDD (BASE 65) ]
TOTAL THIS MO.     0
DPTR FM NORMAL     0    [PRESSURE DATA]
TOTAL FM JAN 1  1443    HIGHEST SLP M ON M
DPTR FM NORMAL   235    LOWEST  SLP 29.84 ON  4

[REMARKS]
