000
CXUS55 KDVN 241100
CF6IOW
PRELIMINARY LOCAL CLIMATOLOGICAL DATA (WS FORM: F-6)

                                          STATION:   IOWA CITY IA
                                          MONTH:     MARCH
                                          YEAR:      2017
                                          LATITUDE:   41 37 N
                                          LONGITUDE:  91 33 W

  TEMPERATURE IN F:       :PCPN:    SNOW:  WIND      :SUNSHINE: SKY     :PK WND
================================================================================
1   2   3   4   5  6A  6B    7    8   9   10  11  12  13   14  15   16   17  18
                                     12Z  AVG MX 2MIN
DY MAX MIN AVG DEP HDD CDD  WTR  SNW DPTH SPD SPD DIR MIN PSBL S-S WX    SPD DR
================================================================================

 1  47  33  40   9  25   0 0.01    M    M 17.7 30 310   M    M   9 1      42 310
 2  38  21  30  -2  35   0 0.00    M    M 11.5 22 320   M    M   5        30 320
 3  39  15  27  -5  38   0 0.00    M    M  6.6 16 180   M    M   2        21 170
 4  57  31  44  11  21   0 0.00    M    M 10.4 18 110   M    M   1        24 120
 5  65  39  52  19  13   0 0.00    M    M 12.0 23 200   M    M   8        30 190
 6  69  52  61  27   4   0 0.92    M    M 19.6 43 240   M    M   7 13     60 250
 7  55  36  46  12  19   0 0.00    M    M 15.5 26 260   M    M   1        35 240
 8  55  35  45  10  20   0 0.00    M    M 15.0 32 270   M    M   1        44 280
 9  48  30  39   4  26   0 0.00    M    M  9.8 20 340   M    M   2        25 340
10  33  23  28  -8  37   0 0.00    M    M 13.0 22 340   M    M   5        29 360
11  33  21  27  -9  38   0 0.00    M    M  7.5 14  10   M    M   9        17  10
12  35  19  27 -10  38   0 0.17    M    M  7.9 17 130   M    M   6 1      24 120
13  32  23  28  -9  37   0 0.08    M    M 12.6 20  50   M    M  10 1      25  30
14  26  15  21 -17  44   0 0.00    M    M 10.2 18  40   M    M   2        23  40
15  31  10  21 -17  44   0 0.00    M    M  4.4 12 270   M    M   0        15 330
16  45  19  32  -7  33   0 0.00    M    M  8.8 16 130   M    M   5        23 120
17  62  37  50  11  15   0    T    M    M 13.1 31 310   M    M   5        42 330
18  47  33  40   0  25   0 0.00    M    M 12.7 25 320   M    M   6        35 310
19  62  28  45   5  20   0 0.00    M    M 10.4 24 160   M    M   1        31 160
20  68  43  56  15   9   0 0.00    M    M  9.5 22  10   M    M   1        27  20
21  53  34  44   3  21   0    T    M    M 11.5 23 320   M    M   3        30 330
22  45  30  38  -4  27   0 0.00    M    M 10.4 17 130   M    M   3        22 130
23  48  37  43   1  22   0    T    M    M 12.9 24 140   M    M   6 3      30 150
================================================================================
SM 1093  664       611   0  1.18    M    263.0          M       98
================================================================================
AV 47.5 28.9                              11.4 FASTST   M    M   4    MAX(MPH)
                                 MISC ---->  # 43 240               # 60  250
================================================================================
NOTES:
# LAST OF SEVERAL OCCURRENCES

COLUMN 17 PEAK WIND IN M.P.H.

PRELIMINARY LOCAL CLIMATOLOGICAL DATA (WS FORM: F-6) , PAGE 2

                                          STATION:  IOWA CITY IA
                                          MONTH:    MARCH
                                          YEAR:     2017
                                          LATITUDE:   41 37 N
                                          LONGITUDE:  91 33 W

[TEMPERATURE DATA]      [PRECIPITATION DATA]       SYMBOLS USED IN COLUMN 16

AVERAGE MONTHLY: 38.2   TOTAL FOR MONTH:   1.18    1 = FOG OR MIST
DPTR FM NORMAL:   1.5   DPTR FM NORMAL:   -0.47    2 = FOG REDUCING VISIBILITY
HIGHEST:    69 ON  6    GRTST 24HR  0.92 ON  6- 6      TO 1/4 MILE OR LESS
LOWEST:     10 ON 15                               3 = THUNDER
                        SNOW, ICE PELLETS, HAIL    4 = ICE PELLETS
                        TOTAL MONTH:    M          5 = HAIL
                        GRTST 24HR    M  ON   M    6 = FREEZING RAIN OR DRIZZLE
                        GRTST DEPTH:  M  ON   M    7 = DUSTSTORM OR SANDSTORM:
                                                       VSBY 1/2 MILE OR LESS
                                                   8 = SMOKE OR HAZE
[NO. OF DAYS WITH]      [WEATHER - DAYS WITH]      9 = BLOWING SNOW
                                                   X = TORNADO
MAX 32 OR BELOW:   3    0.01 INCH OR MORE:   4
MAX 90 OR ABOVE:   0    0.10 INCH OR MORE:   2
MIN 32 OR BELOW:  13    0.50 INCH OR MORE:   1
MIN  0 OR BELOW:   0    1.00 INCH OR MORE:   0

[HDD (BASE 65) ]
TOTAL THIS MO.   611    CLEAR  (SCALE 0-3)  11
DPTR FM NORMAL   -39    PTCLDY (SCALE 4-7)   9
TOTAL FM JUL 1  4506    CLOUDY (SCALE 8-10)  3
DPTR FM NORMAL -1094

[CDD (BASE 65) ]
TOTAL THIS MO.     0
DPTR FM NORMAL     0    [PRESSURE DATA]
TOTAL FM JAN 1     0    HIGHEST SLP M ON M
DPTR FM NORMAL     0    LOWEST  SLP 29.39 ON  6

[REMARKS]
