000
CXUS51 KCTP 260800
CF6IPT
PRELIMINARY LOCAL CLIMATOLOGICAL DATA (WS FORM: F-6)
STATION: WILLIAMSPORT PA
MONTH: APRIL
YEAR: 2024
LATITUDE: 41 15 N
LONGITUDE: 76 55 W
TEMPERATURE IN F: :PCPN: SNOW: WIND :SUNSHINE: SKY :PK WND
================================================================================
1 2 3 4 5 6A 6B 7 8 9 10 11 12 13 14 15 16 17 18
12Z AVG MX 2MIN
DY MAX MIN AVG DEP HDD CDD WTR SNW DPTH SPD SPD DIR MIN PSBL S-S WX SPD DR
================================================================================
1 51 43 47 2 18 0 0.07 0.0 0 1.3 12 70 M M 10 1 16 70
2 50 45 48 3 17 0 1.10 0.0 0 12.2 21 90 M M 10 1 29 90
3 47 42 45 0 20 0 1.58 0.0 0 8.6 21 100 M M 10 18 29 100
4 52 39 46 0 19 0 0.06 T 0 6.1 15 290 M M 9 1 19 320
5 49 37 43 -3 22 0 T T 0 10.7 21 290 M M 10 28 270
6 55 39 47 0 18 0 T 0.0 0 10.1 23 300 M M 10 34 360
7 63 39 51 4 14 0 0.00 0.0 0 8.2 18 350 M M 3 27 30
8 60 32 46 -1 19 0 0.01 0.0 0 0.9 7 60 M M 4 11 40
9 76 36 56 8 9 0 0.00 0.0 0 5.3 18 170 M M 0 27 170
10 64 53 59 11 6 0 0.07 0.0 0 1.5 7 100 M M 7 18 9 100
11 71 57 64 15 1 0 1.00 0.0 0 13.9 24 90 M M 10 1 40 120
12 65 47 56 7 9 0 0.99 0.0 0 15.5 32 240 M M 10 1 44 270
13 55 43 49 0 16 0 0.06 0.0 0 16.2 30 270 M M 7 48 300
14 85 36 61 11 4 0 0.18 0.0 0 6.4 36 300 M M 3 3 55 310
15 77 49 63 13 2 0 0.00 0.0 0 7.3 22 310 M M 3 12 32 270
16 75 40 58 7 7 0 0.00 0.0 0 2.8 13 250 M M 0 17 290
17 64 46 55 4 10 0 0.17 0.0 0 7.4 18 120 M M 5 1 30 120
18 64 53 59 8 6 0 0.03 0.0 0 5.8 18 80 M M 10 1 24 80
19 53 48 51 -1 14 0 T 0.0 0 9.2 23 160 M M 10 18 33 160
20 65 36 51 -1 14 0 0.00 0.0 M 8.9 28 300 M M 6 1 37 260
21 53 31 42 -11 23 0 0.00 0.0 0 6.2 16 300 M M 6 23 270
22 64 30 47 -6 18 0 0.00 0.0 0 5.5 17 300 M M 0 27 300
23 70 33 52 -1 13 0 0.00 0.0 0 8.1 23 140 M M 1 45 140
24 66 41 54 0 11 0 0.05 0.0 0 7.6 20 310 M M 9 28 330
25 61 33 47 -7 18 0 0.00 0.0 0 3.3 12 360 M M 0 18 260
================================================================================
SM 1555 1028 328 0 5.37 T 189.0 M 153
================================================================================
AV 62.2 41.1 7.6 FASTST M M 6 MAX(MPH)
MISC ----> 36 300 55 310
================================================================================
NOTES:
# LAST OF SEVERAL OCCURRENCES
COLUMN 17 PEAK WIND IN M.P.H.
PRELIMINARY LOCAL CLIMATOLOGICAL DATA (WS FORM: F-6) , PAGE 2
STATION: WILLIAMSPORT PA
MONTH: APRIL
YEAR: 2024
LATITUDE: 41 15 N
LONGITUDE: 76 55 W
[TEMPERATURE DATA] [PRECIPITATION DATA] SYMBOLS USED IN COLUMN 16
AVERAGE MONTHLY: 51.7 TOTAL FOR MONTH: 5.37 1 = FOG OR MIST
DPTR FM NORMAL: 2.3 DPTR FM NORMAL: 2.37 2 = FOG REDUCING VISIBILITY
HIGHEST: 85 ON 14 GRTST 24HR 1.96 ON 11-12 TO 1/4 MILE OR LESS
LOWEST: 30 ON 22 3 = THUNDER
SNOW, ICE PELLETS, HAIL 4 = ICE PELLETS
TOTAL MONTH: T 5 = HAIL
GRTST 24HR T ON 4- 4 6 = FREEZING RAIN OR DRIZZLE
GRTST DEPTH: 0 7 = DUSTSTORM OR SANDSTORM:
VSBY 1/2 MILE OR LESS
8 = SMOKE OR HAZE
[NO. OF DAYS WITH] [WEATHER - DAYS WITH] 9 = BLOWING SNOW
X = TORNADO
MAX 32 OR BELOW: 0 0.01 INCH OR MORE: 13
MAX 90 OR ABOVE: 0 0.10 INCH OR MORE: 6
MIN 32 OR BELOW: 3 0.50 INCH OR MORE: 4
MIN 0 OR BELOW: 0 1.00 INCH OR MORE: 3
[HDD (BASE 65) ]
TOTAL THIS MO. 328 CLEAR (SCALE 0-3) 7
DPTR FM NORMAL -64 PTCLDY (SCALE 4-7) 7
TOTAL FM JUL 1 4598 CLOUDY (SCALE 8-10) 11
DPTR FM NORMAL -915
[CDD (BASE 65) ]
TOTAL THIS MO. 0
DPTR FM NORMAL 0 [PRESSURE DATA]
TOTAL FM JAN 1 0 HIGHEST SLP M ON M
DPTR FM NORMAL 0 LOWEST SLP 29.13 ON 12
[REMARKS]