000
CXUS55 KEAX 260736
CF6IRK
PRELIMINARY LOCAL CLIMATOLOGICAL DATA (WS FORM: F-6)

                                          STATION:   KIRKSVILLE MO
                                          MONTH:     MARCH
                                          YEAR:      2015
                                          LATITUDE:   40  5 N
                                          LONGITUDE:  92 33 W

  TEMPERATURE IN F:       :PCPN:    SNOW:  WIND      :SUNSHINE: SKY     :PK WND
================================================================================
1   2   3   4   5  6A  6B    7    8   9   10  11  12  13   14  15   16   17  18
                                     12Z  AVG MX 2MIN
DY MAX MIN AVG DEP HDD CDD  WTR  SNW DPTH SPD SPD DIR MIN PSBL S-S WX    SPD DR
================================================================================

 1  31  20  26  -8  39   0 0.09    M    M  2.6 12 270   M    M   7 18     16 260
 2  35  18  27  -8  38   0 0.00    M    M  7.7 20 130   M    M   2 1      24 140
 3  40  27  34  -1  31   0 0.01    M    M 12.1 17 150   M    M  10 16     17 180
 4  27  16  22 -14  43   0 0.00    M    M 11.5 21 360   0    0   0        27 330
 5  27   9  18 -18  47   0 0.00    M    M  7.0 13 340   M    M   0        17 340
 6  54  13  34  -2  31   0 0.00    M    M 11.9 20 230   M    M   1        27 230
 7  63  32  48  11  17   0 0.00    M    M 10.0 17 280   M    M   0        22 320
 8  57  28  43   6  22   0 0.00    M    M  8.6 16 110   M    M   1        20 120
 9  57  29  43   5  22   0 0.00    M    M  7.4 16 130   M    M   0 18     20 120
10  69  36  53  15  12   0 0.00    M    M  4.8 10 290   M    M   1 18     14 280
11  67  36  52  13  13   0 0.00    M    M  7.3 13  40   M    M   0 18     16  10
12  70  37  54  15  11   0 0.00    M    M  8.1 14 160   M    M   0 18     17 150
13  72  34  53  13  12   0 0.00    M    M  5.7 13 350   M    M   1 128    19 360
14  65  33  49   9  16   0 0.00    M    M  9.0 18  20   M    M   0 1      26  10
15  71  29  50  10  15   0 0.00    M    M 10.2 21 220   M    M   0        28 230
16  81  51  66  25   0   1 0.00    M    M 12.7 24 230   M    M   0        32 220
17  54  32  43   2  22   0 0.00    M    M 15.6 25  30   M    M   0        34  20
18  47  29  38  -4  27   0 0.00    M    M  8.8 18 110   M    M   4        22 120
19  41  34  38  -4  27   0 0.04    M    M  5.8 14 130   M    M  10 1      18 110
20  57  34  46   4  19   0 0.00    M    M  8.0 16 200   M    M   5 18     21 190
21  65  37  51   8  14   0 0.00    M    M  8.7 17  30   M    M   0 18     23  20
22  65  36  51   8  14   0 0.00    M    M 10.5 18 120   M    M   0        22 130
23  49  35  42  -2  23   0 0.01    M    M 11.8 20 360   M    M   6        24 360
24  41  32  37  -7  28   0 0.56    M    M 12.1 21 110   M    M  10 6      27 110
25  47  36  42  -2  23   0 0.10    M    M  7.7 16 360   M    M  10        21 290
================================================================================
SM 1352  753       566   1  0.81    M    225.6            0     68
================================================================================
AV 54.1 30.1                               9.0 FASTST    0   0   3    MAX(MPH)
                                 MISC ---->  # 25  30               # 34   20
================================================================================
NOTES:
# LAST OF SEVERAL OCCURRENCES

COLUMN 17 PEAK WIND IN M.P.H.

PRELIMINARY LOCAL CLIMATOLOGICAL DATA (WS FORM: F-6) , PAGE 2

                                          STATION:  KIRKSVILLE MO
                                          MONTH:    MARCH
                                          YEAR:     2015
                                          LATITUDE:   40  5 N
                                          LONGITUDE:  92 33 W

[TEMPERATURE DATA]      [PRECIPITATION DATA]       SYMBOLS USED IN COLUMN 16

AVERAGE MONTHLY: 42.1   TOTAL FOR MONTH:   0.81    1 = FOG OR MIST
DPTR FM NORMAL:   2.7   DPTR FM NORMAL:   -1.27    2 = FOG REDUCING VISIBILITY
HIGHEST:    81 ON 16    GRTST 24HR  0.56 ON 24-24      TO 1/4 MILE OR LESS
LOWEST:      9 ON  5                               3 = THUNDER
                        SNOW, ICE PELLETS, HAIL    4 = ICE PELLETS
                        TOTAL MONTH:    M          5 = HAIL
                        GRTST 24HR    M  ON   M    6 = FREEZING RAIN OR DRIZZLE
                        GRTST DEPTH:  M  ON   M    7 = DUSTSTORM OR SANDSTORM:
                                                       VSBY 1/2 MILE OR LESS
                                                   8 = SMOKE OR HAZE
[NO. OF DAYS WITH]      [WEATHER - DAYS WITH]      9 = BLOWING SNOW
                                                   X = TORNADO
MAX 32 OR BELOW:   3    0.01 INCH OR MORE:   6
MAX 90 OR ABOVE:   0    0.10 INCH OR MORE:   2
MIN 32 OR BELOW:  13    0.50 INCH OR MORE:   1
MIN  0 OR BELOW:   0    1.00 INCH OR MORE:   0

[HDD (BASE 65) ]
TOTAL THIS MO.   566    CLEAR  (SCALE 0-3)  17
DPTR FM NORMAL   -72    PTCLDY (SCALE 4-7)   4
TOTAL FM JUL 1  5245    CLOUDY (SCALE 8-10)  4
DPTR FM NORMAL    74

[CDD (BASE 65) ]
TOTAL THIS MO.     1
DPTR FM NORMAL     1    [PRESSURE DATA]
TOTAL FM JAN 1     1    HIGHEST SLP  0.00 ON M
DPTR FM NORMAL     1    LOWEST  SLP  0.00 ON M

[REMARKS]
