000
CXUS51 KOKX 160702
CF6ISP
PRELIMINARY LOCAL CLIMATOLOGICAL DATA (WS FORM: F-6)

                                          STATION:   ISLIP NY
                                          MONTH:     JANUARY
                                          YEAR:      2018
                                          LATITUDE:   40 47 N
                                          LONGITUDE:  73  6 W

  TEMPERATURE IN F:       :PCPN:    SNOW:  WIND      :SUNSHINE: SKY     :PK WND
================================================================================
1   2   3   4   5  6A  6B    7    8   9   10  11  12  13   14  15   16   17  18
                                     12Z  AVG MX 2MIN
DY MAX MIN AVG DEP HDD CDD  WTR  SNW DPTH SPD SPD DIR MIN PSBL S-S WX    SPD DR
================================================================================

 1  17   6  12 -20  53   0 0.00  0.0    1 10.5 22 330   M    M   1        27 300
 2  25  10  18 -14  47   0 0.00  0.0    1 11.5 18 280   M    M   2        29 270
 3  28  10  19 -12  46   0 0.00  0.0    T  3.7 10  20   M    M   6        13  10
 4  30  21  26  -5  39   0 1.53 16.0    1 23.9 32 330   M    M  10 129    45 350
 5  21  10  16 -15  49   0 0.00  0.0   16 25.3 29 290   M    M   3         M  M
 6  12   6   9 -22  56   0 0.00  0.0   15 19.4 24 290   M    M   1         M  M
 7  19   2  11 -20  54   0 0.00  0.0   15  9.0 17 300   M    M   4         M  M
 8  35  18  27  -4  38   0 0.04    T   14 12.4 17 220   M    M   9 46     25 220
 9  42  23  33   2  32   0 0.00  0.0   13 11.7 24 320   M    M   3        30 320
10  40  15  28  -3  37   0 0.00  0.0   11  3.4 10 200   M    M   3        13 210
11  50  34  42  12  23   0 0.00  0.0    9  4.8 14 170   M    M   9 1      22 170
12  58  47  53  23  12   0 0.37  0.0    6 14.8 24 180   M    M   9 12     35 190
13  56  20  38   8  27   0 0.18  0.0    0 17.9 28 340   M    M   6 12     37 180
14  26  17  22  -8  43   0 0.00  0.0    0 14.6 25 350   M    M   3        32 350
15  27  18  23  -7  42   0    T    M    0 10.0 17  20   M    M   7        23  30
================================================================================
SM  486  257       598   0  2.12    16.0 192.9          M       76
================================================================================
AV 32.4 17.1                              12.9 FASTST   M    M   5    MAX(MPH)
                                 MISC ---->  # 32 330               # 45  350
================================================================================
NOTES:
# LAST OF SEVERAL OCCURRENCES

COLUMN 17 PEAK WIND IN M.P.H.

PRELIMINARY LOCAL CLIMATOLOGICAL DATA (WS FORM: F-6) , PAGE 2

                                          STATION:  ISLIP NY
                                          MONTH:    JANUARY
                                          YEAR:     2018
                                          LATITUDE:   40 47 N
                                          LONGITUDE:  73  6 W

[TEMPERATURE DATA]      [PRECIPITATION DATA]       SYMBOLS USED IN COLUMN 16

AVERAGE MONTHLY: 24.8   TOTAL FOR MONTH:   2.12    1 = FOG OR MIST
DPTR FM NORMAL:  -6.0   DPTR FM NORMAL:    0.30    2 = FOG REDUCING VISIBILITY
HIGHEST:    58 ON 12    GRTST 24HR  1.53 ON  4- 4      TO 1/4 MILE OR LESS
LOWEST:      2 ON  7                               3 = THUNDER
                        SNOW, ICE PELLETS, HAIL    4 = ICE PELLETS
                        TOTAL MONTH:  16.0 INCHES  5 = HAIL
                        GRTST 24HR  16.0 ON  4- 4  6 = FREEZING RAIN OR DRIZZLE
                        GRTST DEPTH:  16 ON  5     7 = DUSTSTORM OR SANDSTORM:
                                                       VSBY 1/2 MILE OR LESS
                                                   8 = SMOKE OR HAZE
[NO. OF DAYS WITH]      [WEATHER - DAYS WITH]      9 = BLOWING SNOW
                                                   X = TORNADO
MAX 32 OR BELOW:   9    0.01 INCH OR MORE:   4
MAX 90 OR ABOVE:   0    0.10 INCH OR MORE:   3
MIN 32 OR BELOW:  13    0.50 INCH OR MORE:   1
MIN  0 OR BELOW:   0    1.00 INCH OR MORE:   1

[HDD (BASE 65) ]
TOTAL THIS MO.   598    CLEAR  (SCALE 0-3)   5
DPTR FM NORMAL    85    PTCLDY (SCALE 4-7)   6
TOTAL FM JUL 1  2308    CLOUDY (SCALE 8-10)  4
DPTR FM NORMAL  -132

[CDD (BASE 65) ]
TOTAL THIS MO.     0
DPTR FM NORMAL     0    [PRESSURE DATA]
TOTAL FM JAN 1     0    HIGHEST SLP M ON M
DPTR FM NORMAL     0    LOWEST  SLP 29.27 ON 13

[REMARKS]
