000
CXUS51 KOKX 250703
CF6ISP
PRELIMINARY LOCAL CLIMATOLOGICAL DATA (WS FORM: F-6)

                                          STATION:   ISLIP NY
                                          MONTH:     FEBRUARY
                                          YEAR:      2017
                                          LATITUDE:   40 47 N
                                          LONGITUDE:  73  6 W

  TEMPERATURE IN F:       :PCPN:    SNOW:  WIND      :SUNSHINE: SKY     :PK WND
================================================================================
1   2   3   4   5  6A  6B    7    8   9   10  11  12  13   14  15   16   17  18
                                     12Z  AVG MX 2MIN
DY MAX MIN AVG DEP HDD CDD  WTR  SNW DPTH SPD SPD DIR MIN PSBL S-S WX    SPD DR
================================================================================

 1  46  24  35   4  30   0    T  0.0    1  7.7 21 260   M    M   9 12     28 260
 2  45  27  36   5  29   0 0.00  0.0    0  8.4 20 300   M    M   6        27 310
 3  33  24  29  -2  36   0 0.00  0.0    0  9.2 23 320   M    M   6        31 330
 4  34  21  28  -3  37   0 0.00  0.0    0 10.4 25 310   M    M   3        33 310
 5  42  27  35   4  30   0 0.00  0.0    0  9.9 24 240   M    M   7        30 230
 6  46  30  38   6  27   0 0.00  0.0    0 10.6 24 300   M    M   4 1      32 300
 7  42  31  37   5  28   0 0.09  0.0    0  7.1 17  30   M    M   8 12     21  70
 8  62  39  51  19  14   0    T  0.0    0 10.1 20 320   M    M   8 1      27 330
 9  42  18  30  -2  35   0 1.30 14.3    1 21.5 38 330   M    M   9 123468 48 340
10  31  12  22 -10  43   0    T    T   13 10.2 24 280   M    M   6        32 270
11  42  26  34   2  31   0 0.00  0.0   11  5.5 13 260   M    M  10 8      17 250
12  40  30  35   3  30   0    M  0.4   10   M   M   M   M    M   9 1468    M  M
13  38  29  34   2  31   0 0.00  0.0   10 23.5 31 310   M    M   5 8      51 320
14  37  20  29  -3  36   0 0.00  0.0    8  8.0 15 220   M    M   4        19 230
15  47  29  38   5  27   0 0.02    T    5  7.5 24 340   M    M   6 1      31 300
16  36  27  32  -1  33   0 0.00  0.0    4 18.0 26 300   M    M   2        37 290
17  39  25  32  -1  33   0 0.00  0.0    3 11.7 21 310   M    M   3        28 290
18  51  24  38   5  27   0 0.00  0.0    2  8.3 22 220   M    M   4        29 220
19  65  39  52  19  13   0 0.00  0.0    0  8.2 21 310   M    M   4 8      28 290
20  52  32  42   8  23   0 0.00  0.0    0  9.9 23 340   M    M   1        28 340
21  44  24  34   0  31   0 0.00  0.0    0  5.3 13 210   M    M   5         M  M
22  51  40  46  12  19   0    T  0.0    0  6.2  9 180   M    M  10 12      M  M
23  53  36  45  11  20   0    T  0.0    0  6.3 16 210   M    M   8 12     22 210
24  64  45  55  21  10   0 0.00  0.0    0  9.5 18 210   M    M   5 12     25 210
================================================================================
SM 1082  679       673   0  1.41    14.7 233.0          M      142
================================================================================
AV 45.1 28.3                              10.1 FASTST   M    M   6    MAX(MPH)
                                 MISC ---->  # 38 330                 51    M
================================================================================
NOTES:
# LAST OF SEVERAL OCCURRENCES

COLUMN 17 PEAK WIND IN M.P.H.

PRELIMINARY LOCAL CLIMATOLOGICAL DATA (WS FORM: F-6) , PAGE 2

                                          STATION:  ISLIP NY
                                          MONTH:    FEBRUARY
                                          YEAR:     2017
                                          LATITUDE:   40 47 N
                                          LONGITUDE:  73  6 W

[TEMPERATURE DATA]      [PRECIPITATION DATA]       SYMBOLS USED IN COLUMN 16

AVERAGE MONTHLY: 36.7   TOTAL FOR MONTH:   1.41    1 = FOG OR MIST
DPTR FM NORMAL:   4.3   DPTR FM NORMAL:   -1.30    2 = FOG REDUCING VISIBILITY
HIGHEST:    65 ON 19    GRTST 24HR  1.30 ON  9- 9      TO 1/4 MILE OR LESS
LOWEST:     12 ON 10                               3 = THUNDER
                        SNOW, ICE PELLETS, HAIL    4 = ICE PELLETS
                        TOTAL MONTH:  14.7 INCHES  5 = HAIL
                        GRTST 24HR  14.3 ON   M    6 = FREEZING RAIN OR DRIZZLE
                        GRTST DEPTH:  13 ON 10     7 = DUSTSTORM OR SANDSTORM:
                                                       VSBY 1/2 MILE OR LESS
                                                   8 = SMOKE OR HAZE
[NO. OF DAYS WITH]      [WEATHER - DAYS WITH]      9 = BLOWING SNOW
                                                   X = TORNADO
MAX 32 OR BELOW:   1    0.01 INCH OR MORE:   3
MAX 90 OR ABOVE:   0    0.10 INCH OR MORE:   1
MIN 32 OR BELOW:  19    0.50 INCH OR MORE:   1
MIN  0 OR BELOW:   0    1.00 INCH OR MORE:   1

[HDD (BASE 65) ]
TOTAL THIS MO.   673    CLEAR  (SCALE 0-3)   4
DPTR FM NORMAL  -109    PTCLDY (SCALE 4-7)  15
TOTAL FM JUL 1  3222    CLOUDY (SCALE 8-10)  5
DPTR FM NORMAL  -552

[CDD (BASE 65) ]
TOTAL THIS MO.     0
DPTR FM NORMAL     0    [PRESSURE DATA]
TOTAL FM JAN 1     0    HIGHEST SLP M ON M
DPTR FM NORMAL     0    LOWEST  SLP 29.30 ON 15

[REMARKS]
