000
CXUS52 TJSJ 271213
CF6IST
PRELIMINARY LOCAL CLIMATOLOGICAL DATA (WS FORM: F-6)

                                          STATION:   CYRIL E. KING AP/ST THOMAS
                                          MONTH:     FEBRUARY
                                          YEAR:      2015
                                          LATITUDE:   18 19 N
                                          LONGITUDE:  64 58 W

  TEMPERATURE IN F:       :PCPN:    SNOW:  WIND      :SUNSHINE: SKY     :PK WND
================================================================================
1   2   3   4   5  6A  6B    7    8   9   10  11  12  13   14  15   16   17  18
                                     12Z  AVG MX 2MIN
DY MAX MIN AVG DEP HDD CDD  WTR  SNW DPTH SPD SPD DIR MIN PSBL S-S WX    SPD DR
================================================================================

 1  84  75  80   1   0  15    T  0.0    0 16.8 24  50   M    M   2        33  50
 2  86  75  81   2   0  16 0.00  0.0    0 14.6 24  80   M    M   5        33  80
 3  84  72  78  -1   0  13    T  0.0    0  7.6 13 130   M    M   0        35  12
 4  85  72  79   0   0  14 0.01  0.0    0 10.9 15 130   M    M   2        23 130
 5  83  74  79   0   0  14 0.00  0.0    0  7.9 10  90   M    M   2        24 130
 6  83  73  78  -1   0  13    T  0.0    0  6.9 10 110   M    M   2        18 100
 7  85  71  78  -1   0  13 0.02  0.0    0  7.2 16  40   M    M   0        23  40
 8  86  73  80   1   0  15 0.24  0.0    0  7.8 16  80   M    M   4 1      23 110
 9  83  72  78  -1   0  13 0.00  0.0    0 11.5 20 120   M    M   0        24 120
10  82  77  80   1   0  15    T  0.0    0 14.1 16 180   M    M   4        25 190
11  83  77  80   1   0  15 0.01  0.0    0 15.1 24 220   M    M   7        24 200
12  84  73  79   0   0  14 0.08  0.0    0 11.7 24 360   M    M   5        34 340
13  84  73  79   0   0  14 2.36  0.0    0  9.2 16 120   M    M   5 1      21 130
14  82  71  77  -2   0  12 8.73  0.0    0  8.1 20 250   M    M   9 1      30 300
15  82  73  78  -1   0  13    T  0.0    0  5.9 14 280   M    M   6        24 270
16  81  72  77  -2   0  12 0.58  0.0    0  8.4 23  90   M    M   9 1      29  70
17  83  73  78  -1   0  13 0.00  0.0    0 12.9 16 130   M    M   1        23  90
18  84  74  79   0   0  14 0.08  0.0    0 12.4 14 120   M    M   3        27 110
19  83  73  78  -1   0  13 0.10  0.0    0 12.2 17 130   M    M   4        26 130
20  83  72  78  -1   0  13 0.00  0.0    0  9.7 16 130   M    M   1        23 130
21  85  71  78  -1   0  13 0.92  0.0    0 11.9 16  70   M    M   4 1      23  70
22  84  74  79   0   0  14 0.08  0.0    0 11.6 25  90   M    M   5        32 110
23  85  73  79   0   0  14 0.03  0.0    0  9.5 23  80   M    M   3        29  90
24  84  72  78  -1   0  13 0.00  0.0    0  8.4 17 130   M    M   0        22 140
25  84  73  79   0   0  14 0.00  0.0    0 11.1 20  12   M    M   M        26  13
26  83  73  78  -1   0  13 0.06  0.0    0 12.8 24  90   M    M   3 18     31 120
================================================================================
SM 2175 1901         0 355 13.30     0.0 276.2          M       86
================================================================================
AV 83.7 73.1                              10.6 FASTST   M    M   3    MAX(MPH)
                                 MISC ---->  # 25  90               # 35   12
================================================================================
NOTES:
# LAST OF SEVERAL OCCURRENCES

COLUMN 17 PEAK WIND IN M.P.H.

PRELIMINARY LOCAL CLIMATOLOGICAL DATA (WS FORM: F-6) , PAGE 2

                                          STATION:  CYRIL E. KING AP/ST THOMAS
                                          MONTH:    FEBRUARY
                                          YEAR:     2015
                                          LATITUDE:   18 19 N
                                          LONGITUDE:  64 58 W

[TEMPERATURE DATA]      [PRECIPITATION DATA]       SYMBOLS USED IN COLUMN 16

AVERAGE MONTHLY: 78.4   TOTAL FOR MONTH:  13.30    1 = FOG OR MIST
DPTR FM NORMAL:  -0.6   DPTR FM NORMAL:   11.97    2 = FOG REDUCING VISIBILITY
HIGHEST:    86 ON  8, 2 GRTST 24HR  8.73 ON 14-14      TO 1/4 MILE OR LESS
LOWEST:     71 ON 21,14                            3 = THUNDER
                        SNOW, ICE PELLETS, HAIL    4 = ICE PELLETS
                        TOTAL MONTH:   0.0 INCH    5 = HAIL
                        GRTST 24HR     0.0         6 = FREEZING RAIN OR DRIZZLE
                        GRTST DEPTH:   0           7 = DUSTSTORM OR SANDSTORM:
                                                       VSBY 1/2 MILE OR LESS
                                                   8 = SMOKE OR HAZE
[NO. OF DAYS WITH]      [WEATHER - DAYS WITH]      9 = BLOWING SNOW
                                                   X = TORNADO
MAX 32 OR BELOW:   0    0.01 INCH OR MORE:  14
MAX 90 OR ABOVE:   0    0.10 INCH OR MORE:   6
MIN 32 OR BELOW:   0    0.50 INCH OR MORE:   4
MIN  0 OR BELOW:   0    1.00 INCH OR MORE:   2

[HDD (BASE 65) ]
TOTAL THIS MO.     0    CLEAR  (SCALE 0-3)  12
DPTR FM NORMAL     0    PTCLDY (SCALE 4-7)  11
TOTAL FM JUL 1     0    CLOUDY (SCALE 8-10)  2
DPTR FM NORMAL     0

[CDD (BASE 65) ]
TOTAL THIS MO.   355
DPTR FM NORMAL    -9    [PRESSURE DATA]
TOTAL FM JAN 1   774    HIGHEST SLP M ON M
DPTR FM NORMAL   -18    LOWEST  SLP 29.97 ON 14

[REMARKS]
