000
CXUS52 TJSJ 260452
CF6ISX
PRELIMINARY LOCAL CLIMATOLOGICAL DATA (WS FORM: F-6)

                                          STATION:   HENRY E. ROHLSEN AIRPORT/USVI
                                          MONTH:     DECEMBER
                                          YEAR:      2014
                                          LATITUDE:   17 42 N
                                          LONGITUDE:  64 48 W

  TEMPERATURE IN F:       :PCPN:    SNOW:  WIND      :SUNSHINE: SKY     :PK WND
================================================================================
1   2   3   4   5  6A  6B    7    8   9   10  11  12  13   14  15   16   17  18
                                     12Z  AVG MX 2MIN
DY MAX MIN AVG DEP HDD CDD  WTR  SNW DPTH SPD SPD DIR MIN PSBL S-S WX    SPD DR
================================================================================

 1  84  79  82   2   0  17    T  0.0    0  9.2 17  80   M    M   3         M  M
 2  84  77  81   1   0  16 0.04  0.0    0  8.7 20  80   M    M   3        24  40
 3  84  77  81   1   0  16    T  0.0    0 10.7 18 110   M    M   4        24 110
 4  84  79  82   2   0  17 2.05  0.0    M 40.0 16 100   M    M   4 1      19  40
 5  83  75  79  -1   0  14 0.02  0.0    0  6.9 12 360   M    M   2        16  20
 6  83  75  79  -1   0  14    T  0.0    M  5.8  8 320   M    M   3         6 320
 7  83  70  77  -2   0  12 0.00  0.0    0  5.8  9 330   M    M   2         M  M
 8  84  68  76  -3   0  11 0.00  0.0    0  4.8  8 150   M    M   1        12 360
 9  84   M   M   M   M   M 0.00  0.0    0  8.1 12  90   M    M   3         M  M
10  85  72  79   0   0  14 0.00  0.0    0  7.8 13 120   M    M   3         M  M
11  87  71  79   0   0  14    T  0.0    0  7.6 18 110   M    M   2        23  30
12  86  73  80   1   0  15 0.04  0.0    M  9.2 15  90   M    M   2         M  M
13  85  71  78  -1   0  13 0.00  0.0    M  7.3 16 100   M    M   1        19 100
14  85  73  79   0   0  14 0.00  0.0    M  5.8  8 200   M    M   5         M  M
15  80  72  76  -3   0  11 2.02  0.0    M  3.7 12 150   M    M   9 1      18 350
16  84  71  78  -1   0  13 1.03  0.0    M  6.5 14  50   M    M   5 1      17  70
17  84  73  79   0   0  14 0.06  0.0    0  7.9 16  50   M    M   4        22  60
18  83  68  76  -3   0  11 0.03  0.0    M  8.1 21  30   M    M   3 1      27  40
19  85  72  79   0   0  14 0.01  0.0    M  8.7 20 100   M    M   3        24 100
20  86  72  79   0   0  14    T  0.0    M  9.3 20  90   M    M   2        24 100
21  85  75  80   1   0  15    T  0.0    M 10.4 18  50   M    M   4        24  70
22  86  72  79   0   0  14    T  0.0    M  9.4 18  90   M    M   4        23 100
23  86  72  79   0   0  14    T  0.0    0 11.5 21 100   M    M   3        28 100
24  84  73  79   0   0  14    T  0.0    0 10.3 20  70   M    M   4        26  80
25  84  72  78  -1   0  13 0.06  0.0    0 10.2 22  60   M    M   5        27  70
================================================================================
SM 2108 1752         0 334  5.36     0.0 233.7          M       84
================================================================================
AV 84.3 73.0                               9.3 FASTST   M    M   3    MAX(MPH)
                                 MISC ---->  # 22  60                 28    M
================================================================================
NOTES:
# LAST OF SEVERAL OCCURRENCES

COLUMN 17 PEAK WIND IN M.P.H.

PRELIMINARY LOCAL CLIMATOLOGICAL DATA (WS FORM: F-6) , PAGE 2

                                          STATION:  HENRY E. ROHLSEN AIRPORT/USVI
                                          MONTH:    DECEMBER
                                          YEAR:     2014
                                          LATITUDE:   17 42 N
                                          LONGITUDE:  64 48 W

[TEMPERATURE DATA]      [PRECIPITATION DATA]       SYMBOLS USED IN COLUMN 16

AVERAGE MONTHLY: 78.7   TOTAL FOR MONTH:   5.36    1 = FOG OR MIST
DPTR FM NORMAL:  -0.6   DPTR FM NORMAL:    2.90    2 = FOG REDUCING VISIBILITY
HIGHEST:    87 ON 11    GRTST 24HR  2.05 ON  4- 4      TO 1/4 MILE OR LESS
LOWEST:     68 ON 18, 8                            3 = THUNDER
                        SNOW, ICE PELLETS, HAIL    4 = ICE PELLETS
                        TOTAL MONTH:   0.0 INCH    5 = HAIL
                        GRTST 24HR     0.0         6 = FREEZING RAIN OR DRIZZLE
                        GRTST DEPTH:   0           7 = DUSTSTORM OR SANDSTORM:
                                                       VSBY 1/2 MILE OR LESS
                                                   8 = SMOKE OR HAZE
[NO. OF DAYS WITH]      [WEATHER - DAYS WITH]      9 = BLOWING SNOW
                                                   X = TORNADO
MAX 32 OR BELOW:   0    0.01 INCH OR MORE:  10
MAX 90 OR ABOVE:   0    0.10 INCH OR MORE:   3
MIN 32 OR BELOW:   0    0.50 INCH OR MORE:   3
MIN  0 OR BELOW:   0    1.00 INCH OR MORE:   3

[HDD (BASE 65) ]
TOTAL THIS MO.     0    CLEAR  (SCALE 0-3)  11
DPTR FM NORMAL     0    PTCLDY (SCALE 4-7)  13
TOTAL FM JUL 1     0    CLOUDY (SCALE 8-10)  1
DPTR FM NORMAL     0

[CDD (BASE 65) ]
TOTAL THIS MO.   334
DPTR FM NORMAL   -21    [PRESSURE DATA]
TOTAL FM JAN 1  5877    HIGHEST SLP M ON M
DPTR FM NORMAL   125    LOWEST  SLP 29.83 ON 14

[REMARKS]
