000
CXUS52 TJSJ 010443
CF6ISX
PRELIMINARY LOCAL CLIMATOLOGICAL DATA (WS FORM: F-6)

                                          STATION:   HENRY E. ROHLSEN AP/ST CROIX
                                          MONTH:     JUNE
                                          YEAR:      2015
                                          LATITUDE:   17 42 N
                                          LONGITUDE:  64 48 W

  TEMPERATURE IN F:       :PCPN:    SNOW:  WIND      :SUNSHINE: SKY     :PK WND
================================================================================
1   2   3   4   5  6A  6B    7    8   9   10  11  12  13   14  15   16   17  18
                                     12Z  AVG MX 2MIN
DY MAX MIN AVG DEP HDD CDD  WTR  SNW DPTH SPD SPD DIR MIN PSBL S-S WX    SPD DR
================================================================================

 1  89  80  85   3   0  20 0.00  0.0    0 11.6 17 100   M    M   4        22 100
 2  87  76  82   0   0  17    T  0.0    0  8.4 16 130   M    M   5        20 120
 3  89  76  83   1   0  18 0.07  0.0    0  7.9 17 100   M    M   5 1      21 100
 4  89  75  82   0   0  17    T  0.0    0  8.2 17 110   M    M   3        24 100
 5  90  76  83   1   0  18 0.00  0.0    0  9.2 16 100   M    M   4        24 100
 6  89  81  85   2   0  20 0.00  0.0    0 11.4 16 130   M    M   4        21 120
 7  90  81  86   3   0  21 0.00  0.0    0 12.6 20 110   M    M   5        26 100
 8  90  78  84   1   0  19 0.00  0.0    0 12.1 21 100   M    M   5        25 100
 9  88  76  82  -1   0  17 0.00  0.0    0  9.4 20 100   M    M   5        25 100
10  89  75  82  -1   0  17 0.06  0.0    0 10.2 21 110   M    M   3 1      26  90
11  89  77  83   0   0  18    T  0.0    0 11.0 21 100   M    M   5        24  90
12  91  79  85   2   0  20    T  0.0    0 14.0 21 110   M    M   4        26  90
13  90  80  85   2   0  20    T  0.0    0 16.1 23  90   M    M   4        29 100
14  90  79  85   2   0  20    T  0.0    0 14.3 23 100   M    M   6        30  90
15  90  77  84   1   0  19 0.00  0.0    0 13.2 22 100   M    M   6        27 100
16  90  78  84   1   0  19 0.00  0.0    0 12.5 21  90   M    M   7        25 100
17  91  79  85   2   0  20 0.03  0.0    0 12.1 20 100   M    M   4        24 110
18  90  81  86   3   0  21    T  0.0    0 14.2 22 100   M    M   5 8      28 100
19  90  79  85   2   0  20 0.00  0.0    0 12.5 20  90   M    M   5        23 110
20  90  77  84   1   0  19 0.00  0.0    0 11.5 17 110   M    M   4        24 110
21  90  78  84   1   0  19    T  0.0    0 12.7 22 100   M    M   3        28 100
22  91  76  84   1   0  19 0.01  0.0    0 14.0 32 100   M    M   4 18     41 100
23  91  77  84   1   0  19 0.00  0.0    0 16.3 26 100   M    M   5 18     32  90
24  91  80  86   3   0  21    T  0.0    0 16.9 25  90   M    M   6        30  90
25  89  79  84   1   0  19    T    M    0 14.5 23 100   M    M   6        28 100
26  90  79  85   2   0  20    T    M    0 16.2 23  90   M    M   4        29 100
27  90  79  85   1   0  20 0.03    M    0 16.9 24 100   M    M   5 18     31  90
28  91  79  85   1   0  20 0.01  0.0    0 17.1 25  90   M    M   6 1      32  80
29  92  80  86   2   0  21    T  0.0    0 16.2 26 100   M    M   5 8      34  80
30  90  75  83  -1   0  18 0.35  0.0    0 14.7 29 100   M    M   4 1      39 100
================================================================================
SM 2696 2342         0 576  0.56     0.0 387.9          M      141
================================================================================
AV 89.9 78.1                              12.9 FASTST   M    M   5    MAX(MPH)
                                 MISC ---->  # 32 100               # 41  100
================================================================================
NOTES:
# LAST OF SEVERAL OCCURRENCES

COLUMN 17 PEAK WIND IN M.P.H.

PRELIMINARY LOCAL CLIMATOLOGICAL DATA (WS FORM: F-6) , PAGE 2

                                          STATION:  HENRY E. ROHLSEN AP/ST CROIX
                                          MONTH:    JUNE
                                          YEAR:     2015
                                          LATITUDE:   17 42 N
                                          LONGITUDE:  64 48 W

[TEMPERATURE DATA]      [PRECIPITATION DATA]       SYMBOLS USED IN COLUMN 16

AVERAGE MONTHLY: 84.0   TOTAL FOR MONTH:   0.56    1 = FOG OR MIST
DPTR FM NORMAL:   1.0   DPTR FM NORMAL:   -1.75    2 = FOG REDUCING VISIBILITY
HIGHEST:    92 ON 29    GRTST 24HR  0.35 ON 29-30      TO 1/4 MILE OR LESS
LOWEST:     75 ON 30,10                            3 = THUNDER
                        SNOW, ICE PELLETS, HAIL    4 = ICE PELLETS
                        TOTAL MONTH:   0.0 INCH    5 = HAIL
                        GRTST 24HR     0.0         6 = FREEZING RAIN OR DRIZZLE
                        GRTST DEPTH:   0           7 = DUSTSTORM OR SANDSTORM:
                                                       VSBY 1/2 MILE OR LESS
                                                   8 = SMOKE OR HAZE
[NO. OF DAYS WITH]      [WEATHER - DAYS WITH]      9 = BLOWING SNOW
                                                   X = TORNADO
MAX 32 OR BELOW:   0    0.01 INCH OR MORE:   7
MAX 90 OR ABOVE:  21    0.10 INCH OR MORE:   1
MIN 32 OR BELOW:   0    0.50 INCH OR MORE:   0
MIN  0 OR BELOW:   0    1.00 INCH OR MORE:   0

[HDD (BASE 65) ]
TOTAL THIS MO.     0    CLEAR  (SCALE 0-3)   2
DPTR FM NORMAL     0    PTCLDY (SCALE 4-7)  28
TOTAL FM JUL 1     0    CLOUDY (SCALE 8-10)  0
DPTR FM NORMAL     0

[CDD (BASE 65) ]
TOTAL THIS MO.   576
DPTR FM NORMAL    36    [PRESSURE DATA]
TOTAL FM JAN 1  2820    HIGHEST SLP M ON M
DPTR FM NORMAL   127    LOWEST  SLP 29.92 ON  3

[REMARKS]
#FINAL-06-15#
