000
CXHW53 PHFO 301250
CF6ITO
PRELIMINARY LOCAL CLIMATOLOGICAL DATA (WS FORM: F-6)

                                          STATION:   HILO HI
                                          MONTH:     AUGUST
                                          YEAR:      2015
                                          LATITUDE:   19 43 N
                                          LONGITUDE: 155  4 W

  TEMPERATURE IN F:       :PCPN:    SNOW:  WIND      :SUNSHINE: SKY     :PK WND
================================================================================
1   2   3   4   5  6A  6B    7    8   9   10  11  12  13   14  15   16   17  18
                                     12Z  AVG MX 2MIN
DY MAX MIN AVG DEP HDD CDD  WTR  SNW DPTH SPD SPD DIR MIN PSBL S-S WX    SPD DR
================================================================================

 1  80  70  75  -1   0  10 0.29  0.0    0  6.7 14 340   M    M   9 1      16  50
 2  78  73  76   0   0  11 2.73  0.0    0  6.5 14 340   M    M  10 1      16 330
 3  84  74  79   3   0  14 0.68  0.0    0  4.6 12  70   M    M  10 18     13  70
 4  84  70  77   0   0  12 0.39  0.0    0  6.5 15  60   M    M   6 1      20  60
 5  85  74  80   3   0  15 0.63  0.0    0  8.3 18 350   M    M   8 18     23 360
 6  88  69  79   2   0  14    T  0.0    0  5.1 14  70   M    M   5 1      18  60
 7  87  73  80   3   0  15 0.43  0.0    0  7.9 16 110   M    M   9 1      23 130
 8  87  73  80   3   0  15 0.04  0.0    0  6.0 14  40   M    M   6 1      17  30
 9  87  73  80   3   0  15 0.10  0.0    0  6.9 20  60   M    M   7 1      24  60
10  88  72  80   3   0  15 0.09  0.0    0  6.7 14  50   M    M   7 1      22 360
11  88  73  81   4   0  16 0.02  0.0    0  6.3 15  60   M    M   7 18     18  50
12  87  75  81   4   0  16 0.55  0.0    0  6.3 17  60   M    M   8 1      20  60
13  86  74  80   3   0  15 2.42  0.0    0  5.4 20  70   M    M  10 13     25  90
14  81  74  78   1   0  13 2.22  0.0    0  6.0 14 250   M    M  10 18     17 150
15  87  71  79   2   0  14 0.01  0.0    0  4.9 12  30   M    M   6 1      17  40
16  88  71  80   3   0  15    T  0.0    0  6.7 16 130   M    M   5        21 110
17  90  74  82   5   0  17 2.74  0.0    0  5.9 14 100   M    M   7 1      22 110
18  86  72  79   2   0  14 0.30  0.0    0  5.9 16 130   M    M   7 1      20 130
19  88  73  81   4   0  16 0.13  0.0    0  7.8 18 120   M    M   7 1      22 110
20  88  74  81   4   0  16 0.01  0.0    0  5.9 14 110   M    M   5 1      20 100
21  88  74  81   4   0  16 0.60  0.0    0  7.2 16 120   M    M   8 1      19 130
22  90  77  84   8   0  19 1.53  0.0    0  8.8 23 130   M    M   7 1      28 130
23  88  76  82   6   0  17 0.05  0.0    0  5.8 18 130   M    M   7 1      23 120
24  80  74  77   1   0  12 0.82  0.0    0  4.4 13 300   M    M   6 1      14 180
25  87  72  80   4   0  15 0.10  0.0    0  4.4 17 120   M    M   4 13     22 130
26  88  72  80   4   0  15 0.00  0.0    0  6.0 15 120   M    M   4        19 110
27  89  72  81   5   0  16 0.00  0.0    0  6.5 16 100   M    M   4        19 100
28  90  72  81   5   0  16 0.00  0.0    0  5.5 14  80   M    M   2        20 100
29  90  71  81   5   0  16 0.02  0.0    0  6.8 13  20   M    M   3 8      18  30
================================================================================
SM 2507 2112         0 430 16.90     0.0 181.7          M      194
================================================================================
AV 86.4 72.8                               6.3 FASTST   M    M   7    MAX(MPH)
                                 MISC ---->  # 23 130               # 28  130
================================================================================
NOTES:
# LAST OF SEVERAL OCCURRENCES

COLUMN 17 PEAK WIND IN M.P.H.

PRELIMINARY LOCAL CLIMATOLOGICAL DATA (WS FORM: F-6) , PAGE 2

                                          STATION:  HILO HI
                                          MONTH:    AUGUST
                                          YEAR:     2015
                                          LATITUDE:   19 43 N
                                          LONGITUDE: 155  4 W

[TEMPERATURE DATA]      [PRECIPITATION DATA]       SYMBOLS USED IN COLUMN 16

AVERAGE MONTHLY: 79.6   TOTAL FOR MONTH:  16.90    1 = FOG OR MIST
DPTR FM NORMAL:   3.0   DPTR FM NORMAL:    7.63    2 = FOG REDUCING VISIBILITY
HIGHEST:    90 ON 29,28 GRTST 24HR  3.35 ON 13-14      TO 1/4 MILE OR LESS
LOWEST:     69 ON  6                               3 = THUNDER
                        SNOW, ICE PELLETS, HAIL    4 = ICE PELLETS
                        TOTAL MONTH:   0.0 INCH    5 = HAIL
                        GRTST 24HR     0.0         6 = FREEZING RAIN OR DRIZZLE
                        GRTST DEPTH:   0           7 = DUSTSTORM OR SANDSTORM:
                                                       VSBY 1/2 MILE OR LESS
                                                   8 = SMOKE OR HAZE
[NO. OF DAYS WITH]      [WEATHER - DAYS WITH]      9 = BLOWING SNOW
                                                   X = TORNADO
MAX 32 OR BELOW:   0    0.01 INCH OR MORE:  24
MAX 90 OR ABOVE:   4    0.10 INCH OR MORE:  17
MIN 32 OR BELOW:   0    0.50 INCH OR MORE:  10
MIN  0 OR BELOW:   0    1.00 INCH OR MORE:   5

[HDD (BASE 65) ]
TOTAL THIS MO.     0    CLEAR  (SCALE 0-3)   2
DPTR FM NORMAL     0    PTCLDY (SCALE 4-7)  19
TOTAL FM JUL 1     0    CLOUDY (SCALE 8-10)  8
DPTR FM NORMAL     0

[CDD (BASE 65) ]
TOTAL THIS MO.   430
DPTR FM NORMAL   111    [PRESSURE DATA]
TOTAL FM JAN 1  2573    HIGHEST SLP M ON M
DPTR FM NORMAL   537    LOWEST  SLP 29.80 ON 18

[REMARKS]
