350
CXUS55 KGLD 270800
CF6ITR
PRELIMINARY LOCAL CLIMATOLOGICAL DATA (WS FORM: F-6)

                                          STATION:   BURLINGTON CO
                                          MONTH:     APRIL
                                          YEAR:      2017
                                          LATITUDE:   39 15 N
                                          LONGITUDE: 102 17 W

  TEMPERATURE IN F:       :PCPN:    SNOW:  WIND      :SUNSHINE: SKY     :PK WND
================================================================================
1   2   3   4   5  6A  6B    7    8   9   10  11  12  13   14  15   16   17  18
                                     12Z  AVG MX 2MIN
DY MAX MIN AVG DEP HDD CDD  WTR  SNW DPTH SPD SPD DIR MIN PSBL S-S WX    SPD DR
================================================================================

 1  39  32  36  -8  29   0 0.34    M    M  8.9 22  70   M    M  10 1      27  60
 2  65  31  48   4  17   0 0.00    M    M  9.7 22 250   M    M   3 1      25 250
 3  60  37  49   4  16   0    T    M    M 16.1 32 320   M    M   4        43 320
 4  47  36  42  -3  23   0 0.00    M    M 15.1 26 360   M    M   9        35  10
 5  56  30  43  -2  22   0 0.00    M    M 13.4 28 320   M    M   1        35 320
 6  63  32  48   3  17   0 0.00    M    M  8.5 18 160   M    M   2        22 170
 7  80  37  59  13   6   0 0.00    M    M 14.9 23 190   M    M   0        27 180
 8  73  44  59  13   6   0 0.00    M    M  9.7 21 240   M    M   0        26 230
 9  70  36  53   7  12   0 0.00    M    M 14.3 36 360   M    M   0        45 360
10  60  30  45  -1  20   0 0.00    M    M 13.4 29 330   M    M   0        39 320
11  70  30  50   4  15   0 0.00    M    M 13.0 24 170   M    M   0        31 170
12  75  45  60  13   5   0 0.00    M    M 13.0 24 180   M    M   0        32 180
13  71  35  53   6  12   0 0.00    M    M 15.6 29 130   M    M   2 8      36 130
14  86  50  68  21   0   3 0.00    M    M 15.5 23 200   M    M   2 1      36 180
15  74  47  61  13   4   0 0.00    M    M 13.1 23 350   M    M   0        30 350
16  66  44  55   7  10   0    T    M    M 12.0 23 130   M    M   6 1      29 130
17  64  48  56   8   9   0 0.00    M    M 14.8 28 160   M    M   7 12     34 150
18  75  50  63  15   2   0 0.00    M    M 13.4 26 320   M    M   0        33 320
19  78  43  61  12   4   0 0.14    M    M 13.8 25  20   M    M   3 3      31  20
20  65  38  52   3  13   0 0.25    M    0  8.5 21  10   M    M   5        30 120
21  47  39  43  -6  22   0 0.86    M    M 11.7 24 110   M    M   8 1      30 120
22  58  36  47  -3  18   0 0.00    M    M  5.9 14 190   M    M   9 1      16 200
23  68  36  52   2  13   0 0.00    M    M 21.3 32 180   M    M   M        40 170
24  73  49  61  11   4   0 0.00    M    M 13.1 24 310   M    M   M        33 330
25  60  38  49  -2  16   0 0.62    M    M 12.9 24  30   M    M   M        30  30
26  59  32  46  -5  19   0 0.00    M    M 12.4 25 330   M    M   M        31  20
================================================================================
SM 1702 1005       334   3  2.21    M    334.0          M       71
================================================================================
AV 65.5 38.7                              12.8 FASTST   M    M   3    MAX(MPH)
                                 MISC ---->  # 36 360               # 45  360
================================================================================
NOTES:
# LAST OF SEVERAL OCCURRENCES

COLUMN 17 PEAK WIND IN M.P.H.

PRELIMINARY LOCAL CLIMATOLOGICAL DATA (WS FORM: F-6) , PAGE 2

                                          STATION:  BURLINGTON CO
                                          MONTH:    APRIL
                                          YEAR:     2017
                                          LATITUDE:   39 15 N
                                          LONGITUDE: 102 17 W

[TEMPERATURE DATA]      [PRECIPITATION DATA]       SYMBOLS USED IN COLUMN 16

AVERAGE MONTHLY: 52.1   TOTAL FOR MONTH:   2.21    1 = FOG OR MIST
DPTR FM NORMAL:   4.8   DPTR FM NORMAL:    1.01    2 = FOG REDUCING VISIBILITY
HIGHEST:    86 ON 14    GRTST 24HR  0.86 ON 21-21      TO 1/4 MILE OR LESS
LOWEST:     30 ON 11,10                            3 = THUNDER
                        SNOW, ICE PELLETS, HAIL    4 = ICE PELLETS
                        TOTAL MONTH:    M          5 = HAIL
                        GRTST 24HR    M  ON   M    6 = FREEZING RAIN OR DRIZZLE
                        GRTST DEPTH:   0           7 = DUSTSTORM OR SANDSTORM:
                                                       VSBY 1/2 MILE OR LESS
                                                   8 = SMOKE OR HAZE
[NO. OF DAYS WITH]      [WEATHER - DAYS WITH]      9 = BLOWING SNOW
                                                   X = TORNADO
MAX 32 OR BELOW:   0    0.01 INCH OR MORE:   5
MAX 90 OR ABOVE:   0    0.10 INCH OR MORE:   5
MIN 32 OR BELOW:   7    0.50 INCH OR MORE:   2
MIN  0 OR BELOW:   0    1.00 INCH OR MORE:   0

[HDD (BASE 65) ]
TOTAL THIS MO.   334    CLEAR  (SCALE 0-3)  13
DPTR FM NORMAL  -127    PTCLDY (SCALE 4-7)   6
TOTAL FM JUL 1  4713    CLOUDY (SCALE 8-10)  3
DPTR FM NORMAL -1079

[CDD (BASE 65) ]
TOTAL THIS MO.     3
DPTR FM NORMAL     3    [PRESSURE DATA]
TOTAL FM JAN 1     3    HIGHEST SLP M ON M
DPTR FM NORMAL     3    LOWEST  SLP 29.34 ON 25

[REMARKS]
