000
CXUS54 KJAN 271200
CF6JAN
PRELIMINARY LOCAL CLIMATOLOGICAL DATA (WS FORM: F-6)

                                          STATION:   JACKSON
                                          MONTH:     MARCH
                                          YEAR:      2015
                                          LATITUDE:   32 19 N
                                          LONGITUDE:  90  5 W

  TEMPERATURE IN F:       :PCPN:    SNOW:  WIND      :SUNSHINE: SKY     :PK WND
================================================================================
1   2   3   4   5  6A  6B    7    8   9   10  11  12  13   14  15   16   17  18
                                     12Z  AVG MX 2MIN
DY MAX MIN AVG DEP HDD CDD  WTR  SNW DPTH SPD SPD DIR MIN PSBL S-S WX    SPD DR
================================================================================

 1  61  46  54   1  11   0 0.88  0.0    0  5.8 20 140   M    M   9 1      24 140
 2  57  50  54   1  11   0 0.06  0.0    0  4.7 10 340   M    M   9 12     11 350
 3  76  52  64  10   1   0 0.12  0.0    0  7.3 20 170   M    M   9 12     28 170
 4  82  44  63   9   2   0 0.04  0.0    0 13.7 25 180   M    M   8 1      31 180
 5  44  26  35 -19  30   0 0.45  0.3    T 14.8 24 340   M    M   8 146    31 340
 6  48  23  36 -18  29   0 0.00  0.0    0  8.0 16  10   M    M   1        22  10
 7  65  23  44 -11  21   0 0.00  0.0    0  1.8  8 360   M    M   0        12 300
 8  67  35  51  -4  14   0 0.07  0.0    0  4.7 15 330   M    M   8        19 340
 9  59  48  54  -1  11   0 0.16  0.0    0  4.8 13 140   M    M  10 1      17 130
10  74  59  67  11   0   2 1.41  0.0    0  7.4 15 200   M    M   9 1      20 220
11  63  57  60   4   5   0 0.01  0.0    0  6.5 12 350   M    M  10 1      13 350
12  76  58  67  11   0   2 0.03  0.0    0  9.4 21 140   M    M   9 1      27 140
13  72  64  68  12   0   3 0.51  0.0    0 11.5 33 140   M    M  10 1      41 150
14  70  55  63   7   2   0    T  0.0    0  6.1 14 220   M    M   9 1      17 230
15  76  52  64   7   1   0 0.00  0.0    0  2.4 10 360   M    M   6 12     14 340
16  84  51  68  11   0   3 0.00  0.0    0  2.5 16 280   M    M   3 12     22 290
17  83  57  70  13   0   5    T  0.0    0  4.4 16 300   M    M   3        20 310
18  79  59  69  11   0   4 0.93  0.0    0  5.1 20 180   M    M   6 123    23 180
19  76  59  68  10   0   3    T  0.0    0  3.3 12 200   M    M   7 12     14 200
20  76  60  68  10   0   3 0.03  0.0    0  6.9 15 330   M    M   8 1      17 340
21  62  57  60   2   5   0 1.88  0.0    0  5.3 12  30   M    M  10 1      14  30
22  64  56  60   2   5   0 0.53  0.0    0  6.1 13 140   M    M  10 1      16 280
23  68  49  59   0   6   0 0.02    M    0  6.1 15  10   M    M   6 1      19  10
24  74  45  60   1   5   0 0.00  0.0    0  4.6 14 180   M    M   3 1      19 150
25  80  55  68   9   0   3 0.00  0.0    0  8.1 20 170   M    M   5        27 190
26  77  49  63   4   2   0 0.14  0.0    0  8.3 25 340   M    M   7 13     32 340
================================================================================
SM 1813 1289       161  28  7.27     0.3 169.6          M      183
================================================================================
AV 69.7 49.6                               6.5 FASTST   M    M   7    MAX(MPH)
                                 MISC ---->  # 33 140               # 41  150
================================================================================
NOTES:
# LAST OF SEVERAL OCCURRENCES

COLUMN 17 PEAK WIND IN M.P.H.

PRELIMINARY LOCAL CLIMATOLOGICAL DATA (WS FORM: F-6) , PAGE 2

                                          STATION:  JACKSON
                                          MONTH:    MARCH
                                          YEAR:     2015
                                          LATITUDE:   32 19 N
                                          LONGITUDE:  90  5 W

[TEMPERATURE DATA]      [PRECIPITATION DATA]       SYMBOLS USED IN COLUMN 16

AVERAGE MONTHLY: 59.7   TOTAL FOR MONTH:   7.27    1 = FOG OR MIST
DPTR FM NORMAL:   3.3   DPTR FM NORMAL:    3.09    2 = FOG REDUCING VISIBILITY
HIGHEST:    84 ON 16    GRTST 24HR  1.88 ON 21-21      TO 1/4 MILE OR LESS
LOWEST:     23 ON  7, 6                            3 = THUNDER
                        SNOW, ICE PELLETS, HAIL    4 = ICE PELLETS
                        TOTAL MONTH:   0.3 INCH    5 = HAIL
                        GRTST 24HR   0.3 ON   M    6 = FREEZING RAIN OR DRIZZLE
                        GRTST DEPTH:   T           7 = DUSTSTORM OR SANDSTORM:
                                                       VSBY 1/2 MILE OR LESS
                                                   8 = SMOKE OR HAZE
[NO. OF DAYS WITH]      [WEATHER - DAYS WITH]      9 = BLOWING SNOW
                                                   X = TORNADO
MAX 32 OR BELOW:   0    0.01 INCH OR MORE:  17
MAX 90 OR ABOVE:   0    0.10 INCH OR MORE:  10
MIN 32 OR BELOW:   3    0.50 INCH OR MORE:   6
MIN  0 OR BELOW:   0    1.00 INCH OR MORE:   2

[HDD (BASE 65) ]
TOTAL THIS MO.   161    CLEAR  (SCALE 0-3)   3
DPTR FM NORMAL   -85    PTCLDY (SCALE 4-7)   9
TOTAL FM JUL 1  2287    CLOUDY (SCALE 8-10) 14
DPTR FM NORMAL    49

[CDD (BASE 65) ]
TOTAL THIS MO.    28
DPTR FM NORMAL     5    [PRESSURE DATA]
TOTAL FM JAN 1    28    HIGHEST SLP M ON M
DPTR FM NORMAL    -5    LOWEST  SLP 29.79 ON 26

[REMARKS]
