000
CXUS54 KJAN 241200
CF6JAN
PRELIMINARY LOCAL CLIMATOLOGICAL DATA (WS FORM: F-6)

                                          STATION:   JACKSON
                                          MONTH:     FEBRUARY
                                          YEAR:      2018
                                          LATITUDE:   32 19 N
                                          LONGITUDE:  90  5 W

  TEMPERATURE IN F:       :PCPN:    SNOW:  WIND      :SUNSHINE: SKY     :PK WND
================================================================================
1   2   3   4   5  6A  6B    7    8   9   10  11  12  13   14  15   16   17  18
                                     12Z  AVG MX 2MIN
DY MAX MIN AVG DEP HDD CDD  WTR  SNW DPTH SPD SPD DIR MIN PSBL S-S WX    SPD DR
================================================================================

 1  71  46  59  12   6   0 0.02  0.0    0  9.9 25 340   M    M   9        30 340
 2  49  32  41  -6  24   0 0.00  0.0    0 11.1 20  10   M    M   3        29  10
 3  52  27  40  -7  25   0 0.62  0.0    0  8.0 20 130   M    M   6 1      26 130
 4  60  42  51   4  14   0 1.17  0.0    0  6.0 17 300   M    M   6 1      24 300
 5  59  36  48   1  17   0 0.00  0.0    0  6.1 14  10   M    M   6        18 360
 6  67  52  60  12   5   0 0.09  0.0    0  7.7 21 170   M    M  10 13     27 150
 7  66  37  52   4  13   0 2.42  0.0    0 10.8 22 180   M    M   9 13     29 160
 8  61  30  46  -2  19   0 0.00  0.0    0  6.1 14  10   M    M   1 1      17 360
 9  60  35  48   0  17   0 0.21  0.0    0  3.6 13 150   M    M   6 1      16 150
10  69  58  64  16   1   0 1.37  0.0    0  8.7 16 210   M    M  10 1      23 200
11  65  40  53   5  12   0 0.04  0.0    0  8.6 15 350   M    M   9 13     18 330
12  42  36  39 -10  26   0 0.04  0.0    0  9.3 16 360   M    M  10 1      20 350
13  71  41  56   7   9   0    T  0.0    0  3.7 10 100   M    M   8 1      14 110
14  76  51  64  15   1   0 0.00  0.0    0  9.1 18 180   M    M   8 1      23 200
15  82  61  72  23   0   7 0.00  0.0    0 12.3 24 200   M    M   7        30 220
16  73  53  63  13   2   0    T  0.0    0  8.8 18 350   M    M   8        22 330
17  76  51  64  14   1   0 0.06  0.0    0  9.3 21 360   M    M  10 1      26 180
18  63  49  56   6   9   0 0.04  0.0    0  6.1 13 150   M    M   8 1      17  30
19  83  57  70  20   0   5 0.00  0.0    0 11.6 24 200   M    M   5 1      30 180
20  84  65  75  24   0  10 0.00  0.0    0 13.1 25 160   M    M   5        32 180
21  85  64  75  24   0  10 1.04  0.0    0 12.4 22 160   M    M   6 13     29 150
22  86  68  77  26   0  12 0.00  0.0    0 13.3 21 160   M    M   5        28 150
23  75  59  67  15   0   2 0.32  0.0    0  8.0 20 160   M    M   7 1      23 160
================================================================================
SM 1575 1090       201  46  7.44     0.0 203.6          M      162
================================================================================
AV 68.5 47.4                               8.9 FASTST   M    M   7    MAX(MPH)
                                 MISC ---->  # 25 340               # 32  180
================================================================================
NOTES:
# LAST OF SEVERAL OCCURRENCES

COLUMN 17 PEAK WIND IN M.P.H.

PRELIMINARY LOCAL CLIMATOLOGICAL DATA (WS FORM: F-6) , PAGE 2

                                          STATION:  JACKSON
                                          MONTH:    FEBRUARY
                                          YEAR:     2018
                                          LATITUDE:   32 19 N
                                          LONGITUDE:  90  5 W

[TEMPERATURE DATA]      [PRECIPITATION DATA]       SYMBOLS USED IN COLUMN 16

AVERAGE MONTHLY: 57.9   TOTAL FOR MONTH:   7.44    1 = FOG OR MIST
DPTR FM NORMAL:   9.1   DPTR FM NORMAL:    3.49    2 = FOG REDUCING VISIBILITY
HIGHEST:    86 ON 22    GRTST 24HR  2.42 ON  7- 7      TO 1/4 MILE OR LESS
LOWEST:     27 ON  3                               3 = THUNDER
                        SNOW, ICE PELLETS, HAIL    4 = ICE PELLETS
                        TOTAL MONTH:   0.0 INCH    5 = HAIL
                        GRTST 24HR     0.0         6 = FREEZING RAIN OR DRIZZLE
                        GRTST DEPTH:   0           7 = DUSTSTORM OR SANDSTORM:
                                                       VSBY 1/2 MILE OR LESS
                                                   8 = SMOKE OR HAZE
[NO. OF DAYS WITH]      [WEATHER - DAYS WITH]      9 = BLOWING SNOW
                                                   X = TORNADO
MAX 32 OR BELOW:   0    0.01 INCH OR MORE:  13
MAX 90 OR ABOVE:   0    0.10 INCH OR MORE:   7
MIN 32 OR BELOW:   3    0.50 INCH OR MORE:   5
MIN  0 OR BELOW:   0    1.00 INCH OR MORE:   4

[HDD (BASE 65) ]
TOTAL THIS MO.   201    CLEAR  (SCALE 0-3)   2
DPTR FM NORMAL  -172    PTCLDY (SCALE 4-7)  14
TOTAL FM JUL 1  1658    CLOUDY (SCALE 8-10)  7
DPTR FM NORMAL  -267

[CDD (BASE 65) ]
TOTAL THIS MO.    46
DPTR FM NORMAL    46    [PRESSURE DATA]
TOTAL FM JAN 1    46    HIGHEST SLP M ON M
DPTR FM NORMAL    42    LOWEST  SLP 29.81 ON  4

[REMARKS]
