000
CXUS52 KJAX 170800
CF6JAX
PRELIMINARY LOCAL CLIMATOLOGICAL DATA (WS FORM: F-6)

                                          STATION:   JACKSONVILLE
                                          MONTH:     APRIL
                                          YEAR:      2014
                                          LATITUDE:   30 30 N
                                          LONGITUDE:  81 42 W

  TEMPERATURE IN F:       :PCPN:    SNOW:  WIND      :SUNSHINE: SKY     :PK WND
================================================================================
1   2   3   4   5  6A  6B    7    8   9   10  11  12  13   14  15   16   17  18
                                     12Z  AVG MX 2MIN
DY MAX MIN AVG DEP HDD CDD  WTR  SNW DPTH SPD SPD DIR MIN PSBL S-S WX    SPD DR
================================================================================

 1  82  45  64   0   1   0 0.00  0.0    0  3.6 14 140   M    M   2 1      17 140
 2  84  48  66   2   0   1 0.00  0.0    0  5.0 15 130   M    M   3        18 120
 3  87  56  72   7   0   7 0.00  0.0    0  6.6 16 200   M    M   5        20 200
 4  85  57  71   6   0   6 0.00  0.0    0  6.8 18 240   M    M   6 1      23 240
 5  83  59  71   6   0   6 0.39  0.0    0  4.6 24 180   M    M   8 13     36 180
 6  78  64  71   6   0   6 0.01  0.0    0  6.9 20  60   M    M  10 1      24  60
 7  82  61  72   7   0   7 0.59  0.0    0  5.6 20 170   M    M   9 13     25 170
 8  76  58  67   1   0   2 1.62  0.0    0  9.1 20 260   M    M   9 13     23 260
 9  74  51  63  -3   2   0 0.00  0.0    0  7.3 20 290   M    M   2        26 290
10  77  48  63  -3   2   0 0.00  0.0    0  4.1 17 120   M    M   0        22 120
11  80  54  67   1   0   2 0.00  0.0    0  4.7 16 110   M    M   5        21 130
12  81  55  68   2   0   3 0.00  0.0    0  4.5 14 120   M    M   2 1      20 130
13  81  55  68   2   0   3 0.00  0.0    0  6.1 18 120   M    M   4 1      24 100
14  85  63  74   8   0   9 0.00  0.0    0  8.9 18 140   M    M   8        24 160
15  77  49  63  -4   2   0 1.61  0.0    0  9.8 26 290   M    M   9 1      35 230
16  62  43  53 -14  12   0 0.00  0.0    0 13.7 25  60   M    M   8        32  40
================================================================================
SM 1274  866        19  52  4.22     0.0 107.3          M       90
================================================================================
AV 79.6 54.1                               6.7 FASTST   M    M   6    MAX(MPH)
                                 MISC ---->  # 26 290               # 36  180
================================================================================
NOTES:
# LAST OF SEVERAL OCCURRENCES

COLUMN 17 PEAK WIND IN M.P.H.

PRELIMINARY LOCAL CLIMATOLOGICAL DATA (WS FORM: F-6) , PAGE 2

                                          STATION:  JACKSONVILLE
                                          MONTH:    APRIL
                                          YEAR:     2014
                                          LATITUDE:   30 30 N
                                          LONGITUDE:  81 42 W

[TEMPERATURE DATA]      [PRECIPITATION DATA]       SYMBOLS USED IN COLUMN 16

AVERAGE MONTHLY: 66.9   TOTAL FOR MONTH:   4.22    1 = FOG OR MIST
DPTR FM NORMAL:   1.3   DPTR FM NORMAL:    2.66    2 = FOG REDUCING VISIBILITY
HIGHEST:    87 ON  3    GRTST 24HR  2.21 ON  7- 8      TO 1/4 MILE OR LESS
LOWEST:     43 ON 16                               3 = THUNDER
                        SNOW, ICE PELLETS, HAIL    4 = ICE PELLETS
                        TOTAL MONTH:   0.0 INCH    5 = HAIL
                        GRTST 24HR     0.0         6 = FREEZING RAIN OR DRIZZLE
                        GRTST DEPTH:   0           7 = DUSTSTORM OR SANDSTORM:
                                                       VSBY 1/2 MILE OR LESS
                                                   8 = SMOKE OR HAZE
[NO. OF DAYS WITH]      [WEATHER - DAYS WITH]      9 = BLOWING SNOW
                                                   X = TORNADO
MAX 32 OR BELOW:   0    0.01 INCH OR MORE:   5
MAX 90 OR ABOVE:   0    0.10 INCH OR MORE:   4
MIN 32 OR BELOW:   0    0.50 INCH OR MORE:   3
MIN  0 OR BELOW:   0    1.00 INCH OR MORE:   2

[HDD (BASE 65) ]
TOTAL THIS MO.    19    CLEAR  (SCALE 0-3)   4
DPTR FM NORMAL   -21    PTCLDY (SCALE 4-7)   7
TOTAL FM JUL 1  1295    CLOUDY (SCALE 8-10)  5
DPTR FM NORMAL   -34

[CDD (BASE 65) ]
TOTAL THIS MO.    52
DPTR FM NORMAL     4    [PRESSURE DATA]
TOTAL FM JAN 1   110    HIGHEST SLP M ON M
DPTR FM NORMAL   -21    LOWEST  SLP 29.66 ON  8

[REMARKS]
