000
CXUS51 KOKX 230702
CF6JFK
PRELIMINARY LOCAL CLIMATOLOGICAL DATA (WS FORM: F-6)

                                          STATION:   KENNEDY NY
                                          MONTH:     NOVEMBER
                                          YEAR:      2017
                                          LATITUDE:   40 39 N
                                          LONGITUDE:  73 47 W

  TEMPERATURE IN F:       :PCPN:    SNOW:  WIND      :SUNSHINE: SKY     :PK WND
================================================================================
1   2   3   4   5  6A  6B    7    8   9   10  11  12  13   14  15   16   17  18
                                     12Z  AVG MX 2MIN
DY MAX MIN AVG DEP HDD CDD  WTR  SNW DPTH SPD SPD DIR MIN PSBL S-S WX    SPD DR
================================================================================

 1  61  38  50  -2  15   0 0.00  0.0    0  5.8 12 150   M    M   8 8      16 130
 2  71  60  66  14   0   1 0.00  0.0    0  9.3 18 170   M    M   8 12     22 190
 3  73  51  62  11   3   0    T  0.0    0 11.0 28 340   M    M   7 1      33 340
 4  57  44  51   0  14   0 0.00  0.0    0  8.5 21 360   M    M   7        26 360
 5  61  51  56   5   9   0 0.05  0.0    0  8.7 13 120   M    M  10 12     17 120
 6  66  47  57   7   8   0    T  0.0    0 12.6 21 310   M    M   9 12     28 330
 7  50  41  46  -4  19   0 0.78  0.0    0 12.1 21  10   M    M   7 1      26  20
 8  48  41  45  -5  20   0    T  0.0    0 11.0 21  20   M    M   8        27  20
 9  55  38  47  -3  18   0    T  0.0    0  7.1 17 240   M    M   5        21 210
10  53  25  39 -10  26   0    T  0.0    0 20.9 32 340   M    M   4 1      42 310
11  38  24  31 -18  34   0 0.00  0.0    0  8.7 22 320   M    M   4        29 310
12  46  29  38 -11  27   0 0.00  0.0    0  4.0  8 200   M    M   7        10 210
13  47  38  43  -5  22   0 0.03  0.0    0  9.0 16  20   M    M   8        19 360
14  46  36  41  -7  24   0 0.00  0.0    0  9.8 16  30   M    M   6        18  30
15  51  36  44  -4  21   0 0.00  0.0    0  9.1 15 140   M    M   7        19 140
16  57  44  51   4  14   0 0.13  0.0    0 16.4 31 270   M    M   7 1      39 270
17  48  38  43  -4  22   0 0.00  0.0    0 17.8 30 320   M    M   3        38 330
18  57  28  43  -4  22   0 0.20  0.0    0 13.2 26 190   M    M   7 18     34 190
19  58  40  49   3  16   0 0.25  0.0    0 21.9 37 300   M    M   9 1      50 300
20  47  37  42  -4  23   0    T    T    0 17.3 26 270   M    M   5        32 280
21  57  40  49   3  16   0 0.00  0.0    0 14.7 23 190   M    M   6        27 210
22  54  35  45  -1  20   0 0.35  0.0    0 12.2 30 310   M    M   7 1      38 300
================================================================================
SM 1201  861       393   1  1.79    T    261.1          M      149
================================================================================
AV 54.6 39.1                              11.9 FASTST   M    M   7    MAX(MPH)
                                 MISC ---->  # 37 300               # 50  300
================================================================================
NOTES:
# LAST OF SEVERAL OCCURRENCES

COLUMN 17 PEAK WIND IN M.P.H.

PRELIMINARY LOCAL CLIMATOLOGICAL DATA (WS FORM: F-6) , PAGE 2

                                          STATION:  KENNEDY NY
                                          MONTH:    NOVEMBER
                                          YEAR:     2017
                                          LATITUDE:   40 39 N
                                          LONGITUDE:  73 47 W

[TEMPERATURE DATA]      [PRECIPITATION DATA]       SYMBOLS USED IN COLUMN 16

AVERAGE MONTHLY: 46.9   TOTAL FOR MONTH:   1.79    1 = FOG OR MIST
DPTR FM NORMAL:  -1.9   DPTR FM NORMAL:   -0.57    2 = FOG REDUCING VISIBILITY
HIGHEST:    73 ON  3    GRTST 24HR  0.78 ON  7- 7      TO 1/4 MILE OR LESS
LOWEST:     24 ON 11                               3 = THUNDER
                        SNOW, ICE PELLETS, HAIL    4 = ICE PELLETS
                        TOTAL MONTH:    T          5 = HAIL
                        GRTST 24HR    T  ON 20-20  6 = FREEZING RAIN OR DRIZZLE
                        GRTST DEPTH:   0           7 = DUSTSTORM OR SANDSTORM:
                                                       VSBY 1/2 MILE OR LESS
                                                   8 = SMOKE OR HAZE
[NO. OF DAYS WITH]      [WEATHER - DAYS WITH]      9 = BLOWING SNOW
                                                   X = TORNADO
MAX 32 OR BELOW:   0    0.01 INCH OR MORE:   7
MAX 90 OR ABOVE:   0    0.10 INCH OR MORE:   5
MIN 32 OR BELOW:   4    0.50 INCH OR MORE:   1
MIN  0 OR BELOW:   0    1.00 INCH OR MORE:   0

[HDD (BASE 65) ]
TOTAL THIS MO.   393    CLEAR  (SCALE 0-3)   0
DPTR FM NORMAL    35    PTCLDY (SCALE 4-7)  19
TOTAL FM JUL 1   518    CLOUDY (SCALE 8-10)  3
DPTR FM NORMAL  -139

[CDD (BASE 65) ]
TOTAL THIS MO.     1
DPTR FM NORMAL     1    [PRESSURE DATA]
TOTAL FM JAN 1  1174    HIGHEST SLP M ON M
DPTR FM NORMAL   169    LOWEST  SLP 29.20 ON 19

[REMARKS]
