000
CXUS53 KSGF 290800
CF6JLN
PRELIMINARY LOCAL CLIMATOLOGICAL DATA (WS FORM: F-6)

                                          STATION:   JOPLIN MO
                                          MONTH:     APRIL
                                          YEAR:      2016
                                          LATITUDE:   37 10 N
                                          LONGITUDE:  94 30 W

  TEMPERATURE IN F:       :PCPN:    SNOW:  WIND      :SUNSHINE: SKY     :PK WND
================================================================================
1   2   3   4   5  6A  6B    7    8   9   10  11  12  13   14  15   16   17  18
                                     12Z  AVG MX 2MIN
DY MAX MIN AVG DEP HDD CDD  WTR  SNW DPTH SPD SPD DIR MIN PSBL S-S WX    SPD DR
================================================================================

 1  58  38  48  -6  17   0 0.00    M    M 11.6 26 300   M    M   1        35 320
 2  68  29  49  -5  16   0 0.00    M    M  8.9 23 250   M    M   0        30 280
 3  75  44  60   6   5   0 0.00    M    M 15.8 30 210   M    M   0        38 220
 4  75  53  64   9   1   0 0.00    M    M  9.8 20 210   M    M   0        27 220
 5  82  48  65  10   0   0 0.00    M    M 15.7 31 180   M    M   0        39 200
 6  69  48  59   3   6   0 0.14    M    M 13.9 31 180   M    M   4 1      48 180
 7  72  46  59   3   6   0    T    M    M 14.1 33 320   M    M   2        52 220
 8  67  35  51  -5  14   0 0.00    M    M  9.2 24 320   M    M   1 8      30 270
 9  75  38  57   1   8   0 0.00    M    M 13.2 29 200   M    M   2        37 200
10  78  57  68  11   0   3 0.10    M    M 22.6 33 210   M    M   7 3      43 220
11  61  44  53  -4  12   0 0.71    M    M  9.5 26  20   M    M   6 13     36  30
12  63  38  51  -6  14   0 0.00    M    M  6.2 14  40   M    M   1        18  40
13  64  44  54  -4  11   0 0.00    M    M  5.9 16 150   M    M   2        20 150
14  72  46  59   1   6   0 0.00    M    M  5.3 16 110   M    M   3        19 110
15  72  48  60   2   5   0 0.00    M    M 10.2 18 120   M    M   3 8      26 120
16  73  58  66   7   0   1 0.00    M    M 13.9 22 120   M    M   5        29 120
17  76  59  68   9   0   3 0.08    M    M  9.7 20 120   M    M   6 1      27 110
18  67  60  64   5   1   0 0.40    M    M  8.8 20 200   M    M   9 1      22 170
19  68  58  63   3   2   0 0.42    M    M  4.5 10 120   M    M   9 1      19  10
20  70  49  60   0   5   0 0.01    M    M  7.1 15 280   M    M   6 1      20 270
21  70  50  60   0   5   0    T    M    M  9.0 21 290   M    M   4        26 310
22  74  48  61   1   4   0 0.00    M    M  4.5 13 310   M    M   1 1      17 350
23  81  49  65   4   0   0 0.00    M    M  8.1 17 180   M    M   0        23 160
24  78  58  68   7   0   3 0.00    M    M 15.1 29 190   M    M   1        37 180
25  78  63  71  10   0   6 0.00    M    M 12.1 18 190   M    M   7        24 210
26  79  57  68   6   0   3 0.48    M    M 13.3 26 290   M    M   6 138    37 170
27  74  52  63   1   2   0 0.45    M    M 11.3 25 220   M    M   2 13     36 240
28  70  48  59  -3   6   0 0.00    M    M  6.3 14 300   M    M   0        18 310
================================================================================
SM 2009 1365       146  19  2.79    M    295.6          M       88
================================================================================
AV 71.8 48.8                              10.6 FASTST   M    M   3    MAX(MPH)
                                 MISC ---->  # 33 320               # 52  220
================================================================================
NOTES:
# LAST OF SEVERAL OCCURRENCES

COLUMN 17 PEAK WIND IN M.P.H.

PRELIMINARY LOCAL CLIMATOLOGICAL DATA (WS FORM: F-6) , PAGE 2

                                          STATION:  JOPLIN MO
                                          MONTH:    APRIL
                                          YEAR:     2016
                                          LATITUDE:   37 10 N
                                          LONGITUDE:  94 30 W

[TEMPERATURE DATA]      [PRECIPITATION DATA]       SYMBOLS USED IN COLUMN 16

AVERAGE MONTHLY: 60.2   TOTAL FOR MONTH:   2.79    1 = FOG OR MIST
DPTR FM NORMAL:   2.1   DPTR FM NORMAL:   -1.30    2 = FOG REDUCING VISIBILITY
HIGHEST:    82 ON  5    GRTST 24HR  0.93 ON 26-27      TO 1/4 MILE OR LESS
LOWEST:     29 ON  2                               3 = THUNDER
                        SNOW, ICE PELLETS, HAIL    4 = ICE PELLETS
                        TOTAL MONTH:    M          5 = HAIL
                        GRTST 24HR    M  ON   M    6 = FREEZING RAIN OR DRIZZLE
                        GRTST DEPTH:  M  ON   M    7 = DUSTSTORM OR SANDSTORM:
                                                       VSBY 1/2 MILE OR LESS
                                                   8 = SMOKE OR HAZE
[NO. OF DAYS WITH]      [WEATHER - DAYS WITH]      9 = BLOWING SNOW
                                                   X = TORNADO
MAX 32 OR BELOW:   0    0.01 INCH OR MORE:   9
MAX 90 OR ABOVE:   0    0.10 INCH OR MORE:   7
MIN 32 OR BELOW:   1    0.50 INCH OR MORE:   1
MIN  0 OR BELOW:   0    1.00 INCH OR MORE:   0

[HDD (BASE 65) ]
TOTAL THIS MO.   146    CLEAR  (SCALE 0-3)  17
DPTR FM NORMAL   -86    PTCLDY (SCALE 4-7)   9
TOTAL FM JUL 1  3258    CLOUDY (SCALE 8-10)  2
DPTR FM NORMAL  -736

[CDD (BASE 65) ]
TOTAL THIS MO.    19
DPTR FM NORMAL   -21    [PRESSURE DATA]
TOTAL FM JAN 1    23    HIGHEST SLP M ON M
DPTR FM NORMAL   -27    LOWEST  SLP 29.52 ON 27

[REMARKS]
