263
CXUS53 KBIS 210812
CF6JMS
PRELIMINARY LOCAL CLIMATOLOGICAL DATA (WS FORM: F-6)

                                          STATION:   JAMESTOWN ND
                                          MONTH:     JANUARY
                                          YEAR:      2017
                                          LATITUDE:   46 55 N
                                          LONGITUDE:  98 40 W

  TEMPERATURE IN F:       :PCPN:    SNOW:  WIND      :SUNSHINE: SKY     :PK WND
================================================================================
1   2   3   4   5  6A  6B    7    8   9   10  11  12  13   14  15   16   17  18
                                     12Z  AVG MX 2MIN
DY MAX MIN AVG DEP HDD CDD  WTR  SNW DPTH SPD SPD DIR MIN PSBL S-S WX    SPD DR
================================================================================

 1  22  14  18   7  47   0    T    M    M 10.5 22 320   M    M  10 1      26 310
 2  14   4   9  -1  56   0 0.13    M    M 15.4 30 350   M    M  10 129    35 350
 3   4  -9  -2 -12  67   0    T    M    M 22.7 31 310   M    M   3 189    38 320
 4  -6 -16 -11 -21  76   0    T    M    M 11.2 21 320   M    M   3 18     24 320
 5  -1 -17  -9 -19  74   0    T    M    M 10.3 18 310   M    M   4 18     21 310
 6   1 -13  -6 -16  71   0    T    M    M  6.5 13 300   M    M   4 18     16 300
 7  -5 -21 -13 -23  78   0    T    M    M  6.6 15 300   M    M   0        17 300
 8   5 -17  -6 -16  71   0 0.00    M    M 11.7 21 320   M    M   1 18     25 320
 9   4  -4   0 -10  65   0    T    M    M  8.7 18 130   M    M   9 129    21 100
10   7  -5   1  -9  64   0 0.02    M    M 17.3 33 310   M    M   6 189    38 310
11   1 -12  -5 -15  70   0    T    M    M 11.7 22 310   M    M   2 18     26 210
12   4 -23  -9 -19  74   0    T    M    M 18.3 35 310   M    M   1 89     41 310
13   7 -24  -8 -18  73   0 0.06    M    M 11.6 25 180   M    M   1 89     30 180
14  14  -1   7  -3  58   0 0.00    M    M  6.8 15 280   M    M   0        17 280
15  24   0  12   2  53   0 0.00    M    M  7.3 15 250   M    M   0        18 260
16  18  -1   9  -1  56   0 0.00    M    M  7.4 15 290   M    M   0        18 290
17  32   4  18   8  47   0 0.00    M    M  9.0 22 240   M    M   0        26 230
18  39  23  31  21  34   0 0.00    M    M  7.9 21 250   M    M   0        24 250
19  33  15  24  14  41   0 0.00    M    M  9.0 21 170   M    M   3 12     27 180
20  34  33  34  24  31   0 0.00    M    M 10.7 16 120   M    M  10 12     19 110
================================================================================
SM  251  -70      1206   0  0.21    M    220.6          M       67
================================================================================
AV 12.6 -3.5                              11.0 FASTST   M    M   3    MAX(MPH)
                                 MISC ---->  # 35 310               # 41  310
================================================================================
NOTES:
# LAST OF SEVERAL OCCURRENCES

COLUMN 17 PEAK WIND IN M.P.H.

PRELIMINARY LOCAL CLIMATOLOGICAL DATA (WS FORM: F-6) , PAGE 2

                                          STATION:  JAMESTOWN ND
                                          MONTH:    JANUARY
                                          YEAR:     2017
                                          LATITUDE:   46 55 N
                                          LONGITUDE:  98 40 W

[TEMPERATURE DATA]      [PRECIPITATION DATA]       SYMBOLS USED IN COLUMN 16

AVERAGE MONTHLY:  4.5   TOTAL FOR MONTH:   0.21    1 = FOG OR MIST
DPTR FM NORMAL:  -5.5   DPTR FM NORMAL:   -0.11    2 = FOG REDUCING VISIBILITY
HIGHEST:    39 ON 18    GRTST 24HR  0.13 ON  2- 2      TO 1/4 MILE OR LESS
LOWEST:    -24 ON 13                               3 = THUNDER
                        SNOW, ICE PELLETS, HAIL    4 = ICE PELLETS
                        TOTAL MONTH:    M          5 = HAIL
                        GRTST 24HR    M  ON   M    6 = FREEZING RAIN OR DRIZZLE
                        GRTST DEPTH:  M  ON   M    7 = DUSTSTORM OR SANDSTORM:
                                                       VSBY 1/2 MILE OR LESS
                                                   8 = SMOKE OR HAZE
[NO. OF DAYS WITH]      [WEATHER - DAYS WITH]      9 = BLOWING SNOW
                                                   X = TORNADO
MAX 32 OR BELOW:  17    0.01 INCH OR MORE:   3
MAX 90 OR ABOVE:   0    0.10 INCH OR MORE:   1
MIN 32 OR BELOW:  19    0.50 INCH OR MORE:   0
MIN  0 OR BELOW:  14    1.00 INCH OR MORE:   0

[HDD (BASE 65) ]
TOTAL THIS MO.  1206    CLEAR  (SCALE 0-3)  11
DPTR FM NORMAL   108    PTCLDY (SCALE 4-7)   5
TOTAL FM JUL 1  4381    CLOUDY (SCALE 8-10)  4
DPTR FM NORMAL  -377

[CDD (BASE 65) ]
TOTAL THIS MO.     0
DPTR FM NORMAL     0    [PRESSURE DATA]
TOTAL FM JAN 1     0    HIGHEST SLP M ON M
DPTR FM NORMAL     0    LOWEST  SLP 29.38 ON 20

[REMARKS]
