000
CXHW50 PHFO 201250
CF6JRF
PRELIMINARY LOCAL CLIMATOLOGICAL DATA (WS FORM: F-6)

                                          STATION:   KALAELOA ARPT/OAHU HI
                                          MONTH:     DECEMBER
                                          YEAR:      2014
                                          LATITUDE:   21 19 N
                                          LONGITUDE: 158  4 W

  TEMPERATURE IN F:       :PCPN:    SNOW:  WIND      :SUNSHINE: SKY     :PK WND
================================================================================
1   2   3   4   5  6A  6B    7    8   9   10  11  12  13   14  15   16   17  18
                                     12Z  AVG MX 2MIN
DY MAX MIN AVG DEP HDD CDD  WTR  SNW DPTH SPD SPD DIR MIN PSBL S-S WX    SPD DR
================================================================================

 1  78  63  71  -4   0   6    T  0.0    0  3.2 12  60   M    M   7        18  40
 2  81  63  72  -3   0   7 0.00  0.0    0  3.9 12  70   M    M   2        18  60
 3  74  66  70  -5   0   5 0.19  0.0    0  2.7  7  60   M    M   7 1      12  60
 4  80  66  73  -2   0   8 0.00  0.0    0  3.7 10  70   M    M   0        18  20
 5  81  65  73  -1   0   8 0.00  0.0    0  3.9 10 130   M    M   4        16 140
 6  81  64  73  -1   0   8 0.00  0.0    0  2.9 13 150   M    M   1        16  80
 7  80  60  70  -4   0   5 0.00  0.0    0  3.2 12 140   M    M   2        17 150
 8  79  61  70  -4   0   5    T  0.0    0  2.7  8 180   M    M   1        10 180
 9  81  62  72  -2   0   7 0.01  0.0    0  3.0 10 200   M    M   1        14 190
10  82  63  73  -1   0   8 0.04  0.0    0  2.6 12 160   M    M   3 1      18 330
11  82  69  76   2   0  11 0.00  0.0    0  4.7 10  70   M    M   4        17  70
12  82  64  73  -1   0   8 0.00  0.0    0  2.9 10 150   M    M   2        13  90
13  81  67  74   0   0   9    T  0.0    0  4.4 13  60   M    M   5        21  80
14  77  68  73  -1   0   8    T  0.0    0  6.4 16  70   M    M   7 1      28  50
15  80  66  73  -1   0   8 0.00  0.0    0  5.9 14  80   M    M   6        24  70
16  83  69  76   2   0  11 0.01  0.0    0  5.4 15  80   M    M   6 1      24  60
17  84  66  75   1   0  10 0.01  0.0    0  4.4 14  80   M    M   3        21  70
18  82  66  74   0   0   9    T  0.0    0  4.5 14  90   M    M   5        23  80
19  84  65  75   1   0  10    T  0.0    0  3.4 13 100   M    M   3        21  70
================================================================================
SM 1532 1233         0 151  0.26     0.0  73.8          M       69
================================================================================
AV 80.6 64.9                               3.9 FASTST   M    M   4    MAX(MPH)
                                 MISC ---->  # 16  70               # 28   50
================================================================================
NOTES:
# LAST OF SEVERAL OCCURRENCES

COLUMN 17 PEAK WIND IN M.P.H.

PRELIMINARY LOCAL CLIMATOLOGICAL DATA (WS FORM: F-6) , PAGE 2

                                          STATION:  KALAELOA ARPT/OAHU HI
                                          MONTH:    DECEMBER
                                          YEAR:     2014
                                          LATITUDE:   21 19 N
                                          LONGITUDE: 158  4 W

[TEMPERATURE DATA]      [PRECIPITATION DATA]       SYMBOLS USED IN COLUMN 16

AVERAGE MONTHLY: 72.8   TOTAL FOR MONTH:   0.26    1 = FOG OR MIST
DPTR FM NORMAL:  -1.4   DPTR FM NORMAL:   -1.18    2 = FOG REDUCING VISIBILITY
HIGHEST:    84 ON 19,17 GRTST 24HR  0.19 ON  3- 3      TO 1/4 MILE OR LESS
LOWEST:     60 ON  7                               3 = THUNDER
                        SNOW, ICE PELLETS, HAIL    4 = ICE PELLETS
                        TOTAL MONTH:   0.0 INCH    5 = HAIL
                        GRTST 24HR     0.0         6 = FREEZING RAIN OR DRIZZLE
                        GRTST DEPTH:   0           7 = DUSTSTORM OR SANDSTORM:
                                                       VSBY 1/2 MILE OR LESS
                                                   8 = SMOKE OR HAZE
[NO. OF DAYS WITH]      [WEATHER - DAYS WITH]      9 = BLOWING SNOW
                                                   X = TORNADO
MAX 32 OR BELOW:   0    0.01 INCH OR MORE:   5
MAX 90 OR ABOVE:   0    0.10 INCH OR MORE:   1
MIN 32 OR BELOW:   0    0.50 INCH OR MORE:   0
MIN  0 OR BELOW:   0    1.00 INCH OR MORE:   0

[HDD (BASE 65) ]
TOTAL THIS MO.     0    CLEAR  (SCALE 0-3)   8
DPTR FM NORMAL     0    PTCLDY (SCALE 4-7)  11
TOTAL FM JUL 1     2    CLOUDY (SCALE 8-10)  0
DPTR FM NORMAL     2

[CDD (BASE 65) ]
TOTAL THIS MO.   151
DPTR FM NORMAL   -24    [PRESSURE DATA]
TOTAL FM JAN 1  4120    HIGHEST SLP M ON M
DPTR FM NORMAL   -43    LOWEST  SLP 29.95 ON  3

[REMARKS]
