000
CXHW50 PHFO 281250
CF6JRF
PRELIMINARY LOCAL CLIMATOLOGICAL DATA (WS FORM: F-6)

                                          STATION:   KALAELOA ARPT/OAHU HI
                                          MONTH:     MARCH
                                          YEAR:      2017
                                          LATITUDE:   21 19 N
                                          LONGITUDE: 158  4 W

  TEMPERATURE IN F:       :PCPN:    SNOW:  WIND      :SUNSHINE: SKY     :PK WND
================================================================================
1   2   3   4   5  6A  6B    7    8   9   10  11  12  13   14  15   16   17  18
                                     12Z  AVG MX 2MIN
DY MAX MIN AVG DEP HDD CDD  WTR  SNW DPTH SPD SPD DIR MIN PSBL S-S WX    SPD DR
================================================================================

 1  77  69  73   0   0   8 1.08  0.0    0 13.6 26 220   M    M   9 1      36 210
 2  83  71  77   4   0  12 0.10  0.0    0  9.2 23 170   M    M   3 8      27 170
 3  82  70  76   3   0  11 0.01  0.0    0  7.6 15 160   M    M   4        17 170
 4  83  72  78   5   0  13 0.14  0.0    0 11.0 16 310   M    M   6 1      20 180
 5  82  70  76   3   0  11 0.01  0.0    0  7.0 16 290   M    M   4 1      20 300
 6  80  65  73   0   0   8    T  0.0    0  6.6 14 260   M    M   1        17 260
 7  80  64  72  -1   0   7    T  0.0    0  7.0 13 220   M    M   1        17  30
 8  82  67  75   2   0  10 0.01  0.0    0  6.5 13 240   M    M   3        18  30
 9  81  68  75   2   0  10    T  0.0    0  5.1 14 220   M    M   3        17 220
10  81  64  73   0   0   8    T  0.0    0  5.5 14 140   M    M   0        17 150
11  82  66  74   1   0   9    T  0.0    0  4.3 10 230   M    M   0        14 220
12  82  68  75   1   0  10    T  0.0    0  4.1  9 130   M    M   2        13 140
13  83  66  75   1   0  10    T  0.0    0  5.6 15 270   M    M   2        19 260
14  83  67  75   1   0  10    T  0.0    0  5.9 14 150   M    M   1        17 250
15  83  66  75   1   0  10    T  0.0    0  5.0 12 220   M    M   2        17 290
16  84  64  74   0   0   9 0.01  0.0    0  7.2 15 220   M    M   1        19  30
17  85  71  78   4   0  13    T  0.0    0  8.9 16  30   M    M   6        24  30
18  84  67  76   2   0  11    T  0.0    0  6.8 13 220   M    M   2        17 250
19  88  69  79   5   0  14    T  0.0    0  6.4 14 140   M    M   0        20  20
20  89  67  78   4   0  13 0.00  0.0    0  5.9 14 150   M    M   2        20  90
21  88  66  77   3   0  12 0.00  0.0    0  5.6 15 140   M    M   0        20  50
22  85  67  76   2   0  11 0.00  0.0    0  6.1 15 140   M    M   3        20 150
23  85  66  76   2   0  11 0.00  0.0    0  5.5 16 120   M    M   0        23 120
24  87  67  77   3   0  12 0.00  0.0    0  5.5 14 120   M    M   3        20 120
25  89  68  79   5   0  14 0.00  0.0    0  6.9 15  80   M    M   1        23  70
26  89  68  79   5   0  14 0.00  0.0    0  7.6 17  60   M    M   2        25  70
27  87  69  78   3   0  13 0.07  0.0    0  7.7 15 140   M    M   3        21 120
================================================================================
SM 2264 1822         0 294  1.43     0.0 184.1          M       64
================================================================================
AV 83.9 67.5                               6.8 FASTST   M    M   2    MAX(MPH)
                                 MISC ---->  # 26 220               # 36  210
================================================================================
NOTES:
# LAST OF SEVERAL OCCURRENCES

COLUMN 17 PEAK WIND IN M.P.H.

PRELIMINARY LOCAL CLIMATOLOGICAL DATA (WS FORM: F-6) , PAGE 2

                                          STATION:  KALAELOA ARPT/OAHU HI
                                          MONTH:    MARCH
                                          YEAR:     2017
                                          LATITUDE:   21 19 N
                                          LONGITUDE: 158  4 W

[TEMPERATURE DATA]      [PRECIPITATION DATA]       SYMBOLS USED IN COLUMN 16

AVERAGE MONTHLY: 75.7   TOTAL FOR MONTH:   1.43    1 = FOG OR MIST
DPTR FM NORMAL:   2.0   DPTR FM NORMAL:   -0.01    2 = FOG REDUCING VISIBILITY
HIGHEST:    89 ON 26,25 GRTST 24HR  1.08 ON  1- 1      TO 1/4 MILE OR LESS
LOWEST:     64 ON 16,10                            3 = THUNDER
                        SNOW, ICE PELLETS, HAIL    4 = ICE PELLETS
                        TOTAL MONTH:   0.0 INCH    5 = HAIL
                        GRTST 24HR     0.0         6 = FREEZING RAIN OR DRIZZLE
                        GRTST DEPTH:   0           7 = DUSTSTORM OR SANDSTORM:
                                                       VSBY 1/2 MILE OR LESS
                                                   8 = SMOKE OR HAZE
[NO. OF DAYS WITH]      [WEATHER - DAYS WITH]      9 = BLOWING SNOW
                                                   X = TORNADO
MAX 32 OR BELOW:   0    0.01 INCH OR MORE:   8
MAX 90 OR ABOVE:   0    0.10 INCH OR MORE:   3
MIN 32 OR BELOW:   0    0.50 INCH OR MORE:   1
MIN  0 OR BELOW:   0    1.00 INCH OR MORE:   1

[HDD (BASE 65) ]
TOTAL THIS MO.     0    CLEAR  (SCALE 0-3)  20
DPTR FM NORMAL     0    PTCLDY (SCALE 4-7)   6
TOTAL FM JUL 1     0    CLOUDY (SCALE 8-10)  1
DPTR FM NORMAL     0

[CDD (BASE 65) ]
TOTAL THIS MO.   294
DPTR FM NORMAL    61    [PRESSURE DATA]
TOTAL FM JAN 1   860    HIGHEST SLP M ON M
DPTR FM NORMAL   179    LOWEST  SLP 29.82 ON  1

[REMARKS]
