000
CXUS53 KGRR 201017
CF6JXN
PRELIMINARY LOCAL CLIMATOLOGICAL DATA (WS FORM: F-6)

                                          STATION:   JACKSON MI
                                          MONTH:     NOVEMBER
                                          YEAR:      2014
                                          LATITUDE:   42 16 N
                                          LONGITUDE:  84 28 W

  TEMPERATURE IN F:       :PCPN:    SNOW:  WIND      :SUNSHINE: SKY     :PK WND
================================================================================
1   2   3   4   5  6A  6B    7    8   9   10  11  12  13   14  15   16   17  18
                                     12Z  AVG MX 2MIN
DY MAX MIN AVG DEP HDD CDD  WTR  SNW DPTH SPD SPD DIR MIN PSBL S-S WX    SPD DR
================================================================================

 1  41  22  32 -13  33   0 0.00    M    M  9.7 22 360   M    M   5        36  10
 2  50  18  34 -11  31   0 0.00    M    M  4.2 10 210   M    M   0        13 200
 3  58  40  49   4  16   0 0.00    M    M 11.0 21 230   M    M   3        29 230
 4  57  41  49   5  16   0 0.10    M    M 13.1 23 230   M    M   8 1      30 240
 5  55  38  47   3  18   0 0.00    M    M  8.0 17 250   M    M   1 8      23 250
 6  48  36  42  -2  23   0 0.19    M    M  7.2 21 350   M    M   9 1      29 350
 7  46  31  39  -4  26   0    T    M    M  7.7 20 340   M    M   7        31 340
 8  43  36  40  -3  25   0 0.08    M    M  9.5 20 290   M    M  10 1      27 270
 9  44  29  37  -6  28   0 0.00    M    M  8.5 18 220   M    M   6        25 200
10  57  37  47   5  18   0 0.00    M    M  9.4 23 160   M    M   3        31 170
11  59  34  47   5  18   0 0.07    M    M 12.4 25 210   M    M   8 1      30 210
12  35  29  32  -9  33   0 0.00    M    M 10.7 21 300   M    M  10        36 290
13  32  22  27 -14  38   0 0.08    M    M  7.2 16 270   M    M   8 12     21 270
14  32  20  26 -15  39   0    T    M    M  7.1 13 250   M    M   8 1      17 290
15  30  19  25 -15  40   0    T    M    M  6.3 16 230   M    M   5 1      20 220
16  33  26  30 -10  35   0 0.01    M    M  7.3 15 230   M    M  10 18     18 240
17  29  13  21 -18  44   0    T    M    M 11.3 23 250   M    M  10 18     31 240
18  18  10  14 -25  51   0    T    M    M 15.3 26 250   M    M   8 8      35 260
19  28  15  22 -16  43   0    T    M    M 11.9 20 270   M    M  10 18     31 270
================================================================================
SM  795  516       575   0  0.53    M    177.8          M      129
================================================================================
AV 41.8 27.2                               9.4 FASTST   M    M   7    MAX(MPH)
                                 MISC ---->  # 26 250               # 36   10
================================================================================
NOTES:
# LAST OF SEVERAL OCCURRENCES

COLUMN 17 PEAK WIND IN M.P.H.

PRELIMINARY LOCAL CLIMATOLOGICAL DATA (WS FORM: F-6) , PAGE 2

                                          STATION:  JACKSON MI
                                          MONTH:    NOVEMBER
                                          YEAR:     2014
                                          LATITUDE:   42 16 N
                                          LONGITUDE:  84 28 W

[TEMPERATURE DATA]      [PRECIPITATION DATA]       SYMBOLS USED IN COLUMN 16

AVERAGE MONTHLY: 34.5   TOTAL FOR MONTH:   0.53    1 = FOG OR MIST
DPTR FM NORMAL:  -7.6   DPTR FM NORMAL:   -1.16    2 = FOG REDUCING VISIBILITY
HIGHEST:    59 ON 11    GRTST 24HR  0.23 ON 31- 1      TO 1/4 MILE OR LESS
LOWEST:     10 ON 18                               3 = THUNDER
                        SNOW, ICE PELLETS, HAIL    4 = ICE PELLETS
                        TOTAL MONTH:    M          5 = HAIL
                        GRTST 24HR    M  ON   M    6 = FREEZING RAIN OR DRIZZLE
                        GRTST DEPTH:  M  ON   M    7 = DUSTSTORM OR SANDSTORM:
                                                       VSBY 1/2 MILE OR LESS
                                                   8 = SMOKE OR HAZE
[NO. OF DAYS WITH]      [WEATHER - DAYS WITH]      9 = BLOWING SNOW
                                                   X = TORNADO
MAX 32 OR BELOW:   6    0.01 INCH OR MORE:   6
MAX 90 OR ABOVE:   0    0.10 INCH OR MORE:   2
MIN 32 OR BELOW:  12    0.50 INCH OR MORE:   0
MIN  0 OR BELOW:   0    1.00 INCH OR MORE:   0

[HDD (BASE 65) ]
TOTAL THIS MO.   575    CLEAR  (SCALE 0-3)   4
DPTR FM NORMAL   139    PTCLDY (SCALE 4-7)   7
TOTAL FM JUL 1  1255    CLOUDY (SCALE 8-10)  8
DPTR FM NORMAL   171

[CDD (BASE 65) ]
TOTAL THIS MO.     0
DPTR FM NORMAL     0    [PRESSURE DATA]
TOTAL FM JAN 1   496    HIGHEST SLP M ON M
DPTR FM NORMAL   -96    LOWEST  SLP 29.59 ON 11

[REMARKS]
