000
CXHW53 PHFO 271250
CF6KOA
PRELIMINARY LOCAL CLIMATOLOGICAL DATA (WS FORM: F-6)

                                          STATION:   KONA HI
                                          MONTH:     AUGUST
                                          YEAR:      2016
                                          LATITUDE:   19 38 N
                                          LONGITUDE: 156  0 W

  TEMPERATURE IN F:       :PCPN:    SNOW:  WIND      :SUNSHINE: SKY     :PK WND
================================================================================
1   2   3   4   5  6A  6B    7    8   9   10  11  12  13   14  15   16   17  18
                                     12Z  AVG MX 2MIN
DY MAX MIN AVG DEP HDD CDD  WTR  SNW DPTH SPD SPD DIR MIN PSBL S-S WX    SPD DR
================================================================================

 1  88  78  83   2   0  18 0.00  0.0    0  8.0 15 240   M    M   2        18 250
 2  88  77  83   2   0  18 0.00  0.0    0  8.1 16 230   M    M   5        20  50
 3  89  79  84   3   0  19 0.00  0.0    0  8.8 14 240   M    M   5        20 150
 4  88  78  83   2   0  18    T  0.0    0  9.2 17 160   M    M   4        23 170
 5  89  78  84   3   0  19 0.00  0.0    0  7.4 14 270   M    M   5        17 280
 6  87  78  83   2   0  18 0.00  0.0    0  6.9 13 210   M    M   5        16 220
 7  90  79  85   4   0  20    T  0.0    0  7.6 15 310   M    M   3        18 320
 8  90  79  85   4   0  20 0.00  0.0    0  7.0 16 200   M    M   6        20 200
 9  90  78  84   3   0  19 0.00  0.0    0  7.3 14 160   M    M   3        17 150
10  89  78  84   3   0  19 0.19  0.0    0  6.0 13 230   M    M   7 1      16 210
11  89  77  83   2   0  18 0.00  0.0    0  9.1 26  40   M    M   3        34  50
12  91  78  85   4   0  20    T  0.0    0  8.1 17 130   M    M   5        20 130
13   M  82   M   M   M   M 0.01  0.0    0  7.7 15 200   M    M   3        18 190
14   M  77   M   M   M   M    T  0.0    0  7.6 18  40   M    M   5        21  40
15  89  77  83   2   0  18    T  0.0    0  8.2 18  10   M    M   3        22 360
16  89  78  84   3   0  19 0.00  0.0    0  7.7 15 170   M    M   3        18 180
17  89  76  83   2   0  18 0.00  0.0    0  9.1 20  50   M    M   3        24  40
18  88  77  83   2   0  18 0.00  0.0    0  7.8 18  50   M    M   1        23  50
19  90  77  84   3   0  19    T  0.0    0  8.5 21 200   M    M   3        25 200
20  89  75  82   1   0  17 1.44  0.0    0  7.9 20 360   M    M   3 1      27 140
21  87  75  81   0   0  16 0.00  0.0    0  8.0 16 160   M    M   3        19 170
22  89  79  84   3   0  19    T  0.0    0  7.6 14 220   M    M   5        16 220
23  90  79  85   4   0  20 0.00  0.0    M  7.3 15 240   M    M   4        17 240
24  91  79  85   4   0  20 0.00  0.0    0  9.2 17 300   M    M   3        20 310
25  90  79  85   4   0  20    T  0.0    0  7.5 15 230   M    M   4        18  60
26  89  77  83   2   0  18    T  0.0    0  7.9 16 140   M    M   5        19 150
================================================================================
SM 2138 2024         0 448  1.64     0.0 205.5          M      101
================================================================================
AV 89.1 77.8                               7.9 FASTST   M    M   4    MAX(MPH)
                                 MISC ---->  # 26  40               # 34   50
================================================================================
NOTES:
# LAST OF SEVERAL OCCURRENCES

COLUMN 17 PEAK WIND IN M.P.H.

PRELIMINARY LOCAL CLIMATOLOGICAL DATA (WS FORM: F-6) , PAGE 2

                                          STATION:  KONA HI
                                          MONTH:    AUGUST
                                          YEAR:     2016
                                          LATITUDE:   19 38 N
                                          LONGITUDE: 156  0 W

[TEMPERATURE DATA]      [PRECIPITATION DATA]       SYMBOLS USED IN COLUMN 16

AVERAGE MONTHLY: 83.5   TOTAL FOR MONTH:   1.64    1 = FOG OR MIST
DPTR FM NORMAL:   2.5   DPTR FM NORMAL:    0.50    2 = FOG REDUCING VISIBILITY
HIGHEST:    91 ON 24,12 GRTST 24HR  1.44 ON 20-20      TO 1/4 MILE OR LESS
LOWEST:     75 ON 21,20                            3 = THUNDER
                        SNOW, ICE PELLETS, HAIL    4 = ICE PELLETS
                        TOTAL MONTH:   0.0 INCH    5 = HAIL
                        GRTST 24HR     0.0         6 = FREEZING RAIN OR DRIZZLE
                        GRTST DEPTH:   0           7 = DUSTSTORM OR SANDSTORM:
                                                       VSBY 1/2 MILE OR LESS
                                                   8 = SMOKE OR HAZE
[NO. OF DAYS WITH]      [WEATHER - DAYS WITH]      9 = BLOWING SNOW
                                                   X = TORNADO
MAX 32 OR BELOW:   0    0.01 INCH OR MORE:   3
MAX 90 OR ABOVE:   8    0.10 INCH OR MORE:   2
MIN 32 OR BELOW:   0    0.50 INCH OR MORE:   1
MIN  0 OR BELOW:   0    1.00 INCH OR MORE:   1

[HDD (BASE 65) ]
TOTAL THIS MO.     0    CLEAR  (SCALE 0-3)   9
DPTR FM NORMAL     0    PTCLDY (SCALE 4-7)  17
TOTAL FM JUL 1     0    CLOUDY (SCALE 8-10)  0
DPTR FM NORMAL     0

[CDD (BASE 65) ]
TOTAL THIS MO.   448
DPTR FM NORMAL    32    [PRESSURE DATA]
TOTAL FM JAN 1  3361    HIGHEST SLP M ON M
DPTR FM NORMAL   386    LOWEST  SLP 29.89 ON M

[REMARKS]
