000
CXUS55 KPUB 261059
CF6LAA
PRELIMINARY LOCAL CLIMATOLOGICAL DATA (WS FORM: F-6)

                                          STATION:   LAMAR CO
                                          MONTH:     MAY
                                          YEAR:      2017
                                          LATITUDE:   38  4 N
                                          LONGITUDE: 102 41 W

  TEMPERATURE IN F:       :PCPN:    SNOW:  WIND      :SUNSHINE: SKY     :PK WND
================================================================================
1   2   3   4   5  6A  6B    7    8   9   10  11  12  13   14  15   16   17  18
                                     12Z  AVG MX 2MIN
DY MAX MIN AVG DEP HDD CDD  WTR  SNW DPTH SPD SPD DIR MIN PSBL S-S WX    SPD DR
================================================================================

 1  69  35  52  -5  13   0 0.00  0.0    0 11.2 20 190   M    M   4        25 200
 2  60  33  47 -11  18   0 0.13  0.0    0  8.4 20 140   M    M   3 1      24 140
 3  61  32  47 -11  18   0 0.05  0.0    0 11.9 28  10   M    M   6        37 360
 4  71  30  51  -7  14   0 0.00  0.0    0  4.9 13 210   M    M   0        17  30
 5  80  37  59   1   6   0 0.00  0.0    0  7.3 21 170   M    M   0        26 170
 6  88  43  66   7   0   1 0.00  0.0    0 11.2 29 180   M    M   0        36 180
 7  90  50  70  11   0   5 0.18  0.0    0 12.4 38 230   M    M   1 3      48 230
 8  86  53  70  10   0   5 0.22  0.0    0 10.8 29 310   M    M   0 13     36 310
 9  80  50  65   5   0   0 0.90  0.0    0  9.7 35 250   M    M   4 13     44 250
10  74  51  63   3   2   0 0.82  0.0    0  7.6 35 110   M    M   4 13     42 110
11  60  42  51 -10  14   0 0.37  0.0    0 10.3 20  30   M    M   7 1      26  60
12  73  40  57  -4   8   0 0.00  0.0    0  6.7 18 130   M    M   0 1      22 130
13  90  44  67   6   0   2 0.00  0.0    0 12.8 26 200   M    M   0        34 200
14  87  55  71   9   0   6    T  0.0    0 10.8 32 190   M    M   0 3      40 180
15  92  59  76  14   0  11 0.00  0.0    0 20.6 37 180   M    M   0        47 190
16  86  48  67   5   0   2 0.00  0.0    0 12.1 37 220   M    M   0        49 220
17  78  50  64   1   1   0 0.30  0.0    0 14.9 30 340   M    M   3 13     37 340
18  58  45  52 -11  13   0 0.15  0.0    0 15.9 28  80   M    M   9 13     36  80
19  53  39  46 -17  19   0 0.32  0.0    0 11.8 26 350   M    M  10 1      33 340
20  66  35  51 -13  14   0 0.00  0.0    0  9.4 24 320   M    M   2        30 300
21  75  49  62  -2   3   0    T  0.0    0  8.7 22 110   M    M   4        26  90
22  72  51  62  -2   3   0 0.05  0.0    0  9.4 33  10   M    M   6 1      43  10
23  66  41  54 -11  11   0 0.00  0.0    0 12.5 26 360   M    M   4        34 360
24  84  35  60  -5   5   0 0.00  0.0    0  6.5 15 150   M    M   0        20 160
25  92  43  68   3   0   3    T    M    0 11.0 33  30   M    M   0        44  50
================================================================================
SM 1891 1090       162  35  3.49     0.0 268.8          M       67
================================================================================
AV 75.6 43.6                              10.8 FASTST   M    M   3    MAX(MPH)
                                 MISC ---->  # 38 230               # 49  220
================================================================================
NOTES:
# LAST OF SEVERAL OCCURRENCES

COLUMN 17 PEAK WIND IN M.P.H.

PRELIMINARY LOCAL CLIMATOLOGICAL DATA (WS FORM: F-6) , PAGE 2

                                          STATION:  LAMAR CO
                                          MONTH:    MAY
                                          YEAR:     2017
                                          LATITUDE:   38  4 N
                                          LONGITUDE: 102 41 W

[TEMPERATURE DATA]      [PRECIPITATION DATA]       SYMBOLS USED IN COLUMN 16

AVERAGE MONTHLY: 59.6   TOTAL FOR MONTH:   3.49    1 = FOG OR MIST
DPTR FM NORMAL:  -1.7   DPTR FM NORMAL:    2.05    2 = FOG REDUCING VISIBILITY
HIGHEST:    92 ON 25,15 GRTST 24HR  0.90 ON  9- 9      TO 1/4 MILE OR LESS
LOWEST:     30 ON  4                               3 = THUNDER
                        SNOW, ICE PELLETS, HAIL    4 = ICE PELLETS
                        TOTAL MONTH:   0.0 INCH    5 = HAIL
                        GRTST 24HR     0.0         6 = FREEZING RAIN OR DRIZZLE
                        GRTST DEPTH:   0           7 = DUSTSTORM OR SANDSTORM:
                                                       VSBY 1/2 MILE OR LESS
                                                   8 = SMOKE OR HAZE
[NO. OF DAYS WITH]      [WEATHER - DAYS WITH]      9 = BLOWING SNOW
                                                   X = TORNADO
MAX 32 OR BELOW:   0    0.01 INCH OR MORE:  11
MAX 90 OR ABOVE:   4    0.10 INCH OR MORE:   9
MIN 32 OR BELOW:   2    0.50 INCH OR MORE:   2
MIN  0 OR BELOW:   0    1.00 INCH OR MORE:   0

[HDD (BASE 65) ]
TOTAL THIS MO.   162    CLEAR  (SCALE 0-3)  15
DPTR FM NORMAL    33    PTCLDY (SCALE 4-7)   8
TOTAL FM JUL 1  4742    CLOUDY (SCALE 8-10)  2
DPTR FM NORMAL  -787

[CDD (BASE 65) ]
TOTAL THIS MO.    35
DPTR FM NORMAL    -1    [PRESSURE DATA]
TOTAL FM JAN 1    52    HIGHEST SLP M ON M
DPTR FM NORMAL    11    LOWEST  SLP 29.49 ON M

[REMARKS]
