000
CXUS55 KPUB 241059
CF6LAA
PRELIMINARY LOCAL CLIMATOLOGICAL DATA (WS FORM: F-6)

                                          STATION:   LAMAR CO
                                          MONTH:     MAY
                                          YEAR:      2015
                                          LATITUDE:   38  4 N
                                          LONGITUDE: 102 41 W

  TEMPERATURE IN F:       :PCPN:    SNOW:  WIND      :SUNSHINE: SKY     :PK WND
================================================================================
1   2   3   4   5  6A  6B    7    8   9   10  11  12  13   14  15   16   17  18
                                     12Z  AVG MX 2MIN
DY MAX MIN AVG DEP HDD CDD  WTR  SNW DPTH SPD SPD DIR MIN PSBL S-S WX    SPD DR
================================================================================

 1  76  52  64   7   1   0 0.13  0.0    0  9.2 24  80   M    M   5 1      32  80
 2  85  43  64   6   1   0 0.05  0.0    0  7.5 40 330   M    M   2 12     49 330
 3  86  45  66   8   0   1    T  0.0    0  8.1 26 160   M    M   2        36 180
 4  75  51  63   5   2   0 0.37  0.0    0  9.0 28 200   M    M   7 1      34 200
 5  64  53  59   1   6   0 0.65  0.0    0  9.9 22 220   M    M  10 1      25 210
 6  78  51  65   6   0   0 0.28  0.0    0  5.8 28 300   M    M   6 1      38 300
 7  72  49  61   2   4   0 0.64  0.0    0  7.7 20  40   M    M   6 1      24  30
 8  62  51  57  -3   8   0 0.30  0.0    0 12.9 25 140   M    M   7 1      31 130
 9  73  43  58  -2   7   0 0.25  0.0    0 16.2 36 270   M    M   7 1      46 260
10  57  34  46 -14  19   0 0.00  0.0    0 15.6 30 330   M    M   6        39 340
11  62  32  47 -14  18   0 0.17    M    0  9.0 22 350   M    M   5 1      29 360
12  76  39  58  -3   7   0 0.00  0.0    0 19.9 32 190   M    M   0        42 190
13  60  51  56  -5   9   0 0.35  0.0    0 12.0 28 190   M    M   6 1      36 180
14  79  47  63   1   2   0 0.11    M    0  9.8 31 190   M    M   4 12     40 190
15  82  54  68   6   0   3    T  0.0    0 17.8 38 240   M    M   1        50 240
16  75  44  60  -2   5   0    T  0.0    0 13.6 36 170   M    M   2        52 190
17  79  46  63   0   2   0 0.00  0.0    0 10.1 18  40   M    M   0        23  40
18  68  46  57  -6   8   0    T  0.0    0 11.6 26 100   M    M   8        35  90
19  53  39  46 -17  19   0 2.01  0.0    0 16.3 36  90   M    M  10 1      45  90
20  56  37  47 -17  18   0 0.00  0.0    0  8.5 16 110   M    M  10 1      19 110
21  60  44  52 -12  13   0 0.11  0.0    0 10.9 21 150   M    M   9 1      27 140
22  76  48  62  -2   3   0 0.12  0.0    0 17.5 30 180   M    M   6 1      37 180
23  73  50  62  -3   3   0 0.39  0.0    0 13.9 39 250   M    M   6 1      53 240
================================================================================
SM 1627 1049       155   4  5.93     0.0 272.8          M      125
================================================================================
AV 70.7 45.6                              11.9 FASTST   M    M   5    MAX(MPH)
                                 MISC ---->  # 40 330               # 53  240
================================================================================
NOTES:
# LAST OF SEVERAL OCCURRENCES

COLUMN 17 PEAK WIND IN M.P.H.

PRELIMINARY LOCAL CLIMATOLOGICAL DATA (WS FORM: F-6) , PAGE 2

                                          STATION:  LAMAR CO
                                          MONTH:    MAY
                                          YEAR:     2015
                                          LATITUDE:   38  4 N
                                          LONGITUDE: 102 41 W

[TEMPERATURE DATA]      [PRECIPITATION DATA]       SYMBOLS USED IN COLUMN 16

AVERAGE MONTHLY: 58.2   TOTAL FOR MONTH:   5.93    1 = FOG OR MIST
DPTR FM NORMAL:  -2.8   DPTR FM NORMAL:    4.66    2 = FOG REDUCING VISIBILITY
HIGHEST:    86 ON  3    GRTST 24HR  2.01 ON 19-19      TO 1/4 MILE OR LESS
LOWEST:     32 ON 11                               3 = THUNDER
                        SNOW, ICE PELLETS, HAIL    4 = ICE PELLETS
                        TOTAL MONTH:   0.0 INCH    5 = HAIL
                        GRTST 24HR     0.0         6 = FREEZING RAIN OR DRIZZLE
                        GRTST DEPTH:   0           7 = DUSTSTORM OR SANDSTORM:
                                                       VSBY 1/2 MILE OR LESS
                                                   8 = SMOKE OR HAZE
[NO. OF DAYS WITH]      [WEATHER - DAYS WITH]      9 = BLOWING SNOW
                                                   X = TORNADO
MAX 32 OR BELOW:   0    0.01 INCH OR MORE:  15
MAX 90 OR ABOVE:   0    0.10 INCH OR MORE:  14
MIN 32 OR BELOW:   1    0.50 INCH OR MORE:   3
MIN  0 OR BELOW:   0    1.00 INCH OR MORE:   1

[HDD (BASE 65) ]
TOTAL THIS MO.   155    CLEAR  (SCALE 0-3)   6
DPTR FM NORMAL    31    PTCLDY (SCALE 4-7)  13
TOTAL FM JUL 1  5085    CLOUDY (SCALE 8-10)  4
DPTR FM NORMAL  -439

[CDD (BASE 65) ]
TOTAL THIS MO.     4
DPTR FM NORMAL   -26    [PRESSURE DATA]
TOTAL FM JAN 1     4    HIGHEST SLP M ON M
DPTR FM NORMAL   -31    LOWEST  SLP 29.57 ON  9

[REMARKS]
