000
CXUS53 KIND 210730
CF6LAF
PRELIMINARY LOCAL CLIMATOLOGICAL DATA (WS FORM: F-6)

                                          STATION:   LAFAYETTE IN
                                          MONTH:     JANUARY
                                          YEAR:      2017
                                          LATITUDE:   40 25 N
                                          LONGITUDE:  86 56 W

  TEMPERATURE IN F:       :PCPN:    SNOW:  WIND      :SUNSHINE: SKY     :PK WND
================================================================================
1   2   3   4   5  6A  6B    7    8   9   10  11  12  13   14  15   16   17  18
                                     12Z  AVG MX 2MIN
DY MAX MIN AVG DEP HDD CDD  WTR  SNW DPTH SPD SPD DIR MIN PSBL S-S WX    SPD DR
================================================================================

 1  43  17  30   3  35   0 0.00    M    M  3.8 13  60   M    M   0 1      17  60
 2  50  30  40  13  25   0 0.07    M    M  7.6 14 160   M    M   9 1      18 140
 3  45  29  37  10  28   0 0.39    M    M  9.0 26 280   M    M  10 13     33 280
 4  28  14  21  -6  44   0    T    M    M 15.5 23 280   M    M   5        33 290
 5  16   4  10 -16  55   0    T    M    M  7.8 13 280   M    M   8 1      24 270
 6   9  -1   4 -22  61   0    T    M    M  6.0 14 250   M    M   3        19 280
 7  17  -4   7 -19  58   0    T    M    M  7.4 17 270   M    M   2 18     23 270
 8  18  -2   8 -18  57   0 0.00    M    M  5.6 13 300   M    M   1        20 310
 9  36  18  27   1  38   0    T    M    M  9.1 16 230   M    M   5        22 230
10  54  33  44  18  21   0 0.26    M    M 19.0 40 270   M    M  10 13     55 270
11  61  26  44  18  21   0 0.28    M    M  9.8 24 210   M    M   6 1      36 210
12  55  24  40  14  25   0 0.47    M    M  9.1 23 340   M    M  10 13     28 330
13  30  19  25  -1  40   0 0.00    M    M  8.6 17  50   M    M   2        21  50
14  31  26  29   3  36   0    T    M    M  4.8 13 100   M    M  10 16     16 100
15  35  24  30   4  35   0 0.00    M    M  3.4 10  80   M    M   5 18     11  80
16  51  32  42  16  23   0 0.79    M    M  6.1 12 150   M    M  10 1      15 150
17  56  35  46  20  19   0 0.18    M    M 12.6 21 270   M    M  10 1      30 270
18  37  33  35   9  30   0 0.00    M    M  8.6 20 290   M    M  10 1      25 300
19  44  32  38  12  27   0 0.64    M    M  7.8 20  90   M    M   7 1      24  90
20  53  42  48  22  17   0 0.51    M    M  5.1 16 230   M    M  10 1      23 220
================================================================================
SM  769  431       695   0  3.59    M    166.7          M      133
================================================================================
AV 38.5 21.6                               8.3 FASTST   M    M   7    MAX(MPH)
                                 MISC ---->  # 40 270               # 55  270
================================================================================
NOTES:
# LAST OF SEVERAL OCCURRENCES

COLUMN 17 PEAK WIND IN M.P.H.

PRELIMINARY LOCAL CLIMATOLOGICAL DATA (WS FORM: F-6) , PAGE 2

                                          STATION:  LAFAYETTE IN
                                          MONTH:    JANUARY
                                          YEAR:     2017
                                          LATITUDE:   40 25 N
                                          LONGITUDE:  86 56 W

[TEMPERATURE DATA]      [PRECIPITATION DATA]       SYMBOLS USED IN COLUMN 16

AVERAGE MONTHLY: 30.0   TOTAL FOR MONTH:   3.59    1 = FOG OR MIST
DPTR FM NORMAL:   3.8   DPTR FM NORMAL:    2.34    2 = FOG REDUCING VISIBILITY
HIGHEST:    61 ON 11    GRTST 24HR  1.15 ON 19-20      TO 1/4 MILE OR LESS
LOWEST:     -4 ON  7                               3 = THUNDER
                        SNOW, ICE PELLETS, HAIL    4 = ICE PELLETS
                        TOTAL MONTH:    M          5 = HAIL
                        GRTST 24HR    M  ON   M    6 = FREEZING RAIN OR DRIZZLE
                        GRTST DEPTH:  M  ON   M    7 = DUSTSTORM OR SANDSTORM:
                                                       VSBY 1/2 MILE OR LESS
                                                   8 = SMOKE OR HAZE
[NO. OF DAYS WITH]      [WEATHER - DAYS WITH]      9 = BLOWING SNOW
                                                   X = TORNADO
MAX 32 OR BELOW:   7    0.01 INCH OR MORE:   9
MAX 90 OR ABOVE:   0    0.10 INCH OR MORE:   8
MIN 32 OR BELOW:  16    0.50 INCH OR MORE:   3
MIN  0 OR BELOW:   3    1.00 INCH OR MORE:   0

[HDD (BASE 65) ]
TOTAL THIS MO.   695    CLEAR  (SCALE 0-3)   5
DPTR FM NORMAL   -81    PTCLDY (SCALE 4-7)   6
TOTAL FM JUL 1  2679    CLOUDY (SCALE 8-10)  9
DPTR FM NORMAL  -272

[CDD (BASE 65) ]
TOTAL THIS MO.     0
DPTR FM NORMAL     0    [PRESSURE DATA]
TOTAL FM JAN 1     0    HIGHEST SLP M ON M
DPTR FM NORMAL     0    LOWEST  SLP 29.57 ON 20

[REMARKS]
