000
CXUS54 KLUB 300812
CF6LBB
PRELIMINARY LOCAL CLIMATOLOGICAL DATA (WS FORM: F-6)

                                          STATION:   LUBBOCK
                                          MONTH:     OCTOBER
                                          YEAR:      2014
                                          LATITUDE:   33 39 N
                                          LONGITUDE: 101 49 W

  TEMPERATURE IN F:       :PCPN:    SNOW:  WIND      :SUNSHINE: SKY     :PK WND
================================================================================
1   2   3   4   5  6A  6B    7    8   9   10  11  12  13   14  15   16   17  18
                                     12Z  AVG MX 2MIN
DY MAX MIN AVG DEP HDD CDD  WTR  SNW DPTH SPD SPD DIR MIN PSBL S-S WX    SPD DR
================================================================================

 1  87  57  72   6   0   7 0.00  0.0    0  9.1 20 220   M    M   1        25 230
 2  75  52  64  -2   1   0 0.00  0.0    0 11.5 25 360   M    M   1 8      32 350
 3  73  45  59  -7   6   0 0.00  0.0    0  8.0 24  20   M    M   0 8      29  20
 4  81  46  64  -1   1   0 0.00  0.0    0 10.3 22 210   M    M   0        28 200
 5  83  49  66   1   0   1 0.00  0.0    0  5.9 14 150   M    M   1        17 200
 6  86  51  69   4   0   4 0.00  0.0    0  8.1 21 210   M    M   2 8      26 210
 7  90  50  70   6   0   5 0.00  0.0    0 10.3 21 210   M    M   7        24 230
 8  88  56  72   8   0   7 0.00  0.0    0  9.4 23 190   M    M   7        31 190
 9  86  63  75  11   0  10 0.00  0.0    0 12.0 21 190   M    M   5        27 200
10  72  48  60  -4   5   0 0.00  0.0    0 14.4 23  10   M    M   8 8      29  10
11  67  47  57  -6   8   0 0.00  0.0    0  8.5 21  10   M    M   8 8      26 350
12  85  50  68   5   0   3 0.15  0.0    0 16.1 36 320   M    M   3 138    44 320
13  67  42  55  -8  10   0    T    M    0 21.3 37 350   M    M   4        49 330
14  74  38  56  -6   9   0 0.00  0.0    0  7.7 17 240   M    M   0        21 240
15  81  40  61  -1   4   0 0.00  0.0    0  8.2 14 220   M    M   1        18 230
16  91  49  70   8   0   5 0.00  0.0    0 10.6 18 270   M    M   2 8      23 260
17  77  47  62   1   3   0 0.00  0.0    0 10.1 20  90   M    M   4 8      26  70
18  63  49  56  -5   9   0 0.04  0.0    0  8.6 17  80   M    M   7        23  80
19  72  47  60  -1   5   0    T  0.0    0  8.1 15 190   M    M   7        22 150
20  77  50  64   4   1   0 0.00  0.0    0  5.0 16 160   M    M   3 12     19 160
21  77  49  63   3   2   0 0.00  0.0    0  6.7 20 150   M    M   5 18     24 150
22  68  58  63   3   2   0 0.19  0.0    0 10.5 18 150   M    M   9 18     21 150
23  76  50  63   4   2   0 0.00  0.0    0  7.2 13 150   M    M   3 12     15 150
24  86  50  68   9   0   3 0.00  0.0    0  8.5 18 220   M    M   1 12     23 210
25  85  53  69  10   0   4 0.00  0.0    0  9.3 17 200   M    M   0        22 200
26  91  53  72  14   0   7 0.00  0.0    0 12.8 20 210   M    M   1        26 210
27  84  54  69  11   0   4 0.00  0.0    0 11.2 22 210   M    M   5        29 210
28  70  43  57  -1   8   0 0.00  0.0    0  8.3 16  20   M    M   4        22  10
29  71  41  56  -1   9   0 0.00  0.0    0  8.4 15 160   M    M   0        20 190
================================================================================
SM 2283 1427        85  60  0.38     0.0 286.1          M       99
================================================================================
AV 78.7 49.2                               9.9 FASTST   M    M   3    MAX(MPH)
                                 MISC ---->  # 37 350               # 49  330
================================================================================
NOTES:
# LAST OF SEVERAL OCCURRENCES

COLUMN 17 PEAK WIND IN M.P.H.

PRELIMINARY LOCAL CLIMATOLOGICAL DATA (WS FORM: F-6) , PAGE 2

                                          STATION:  LUBBOCK
                                          MONTH:    OCTOBER
                                          YEAR:     2014
                                          LATITUDE:   33 39 N
                                          LONGITUDE: 101 49 W

[TEMPERATURE DATA]      [PRECIPITATION DATA]       SYMBOLS USED IN COLUMN 16

AVERAGE MONTHLY: 64.0   TOTAL FOR MONTH:   0.38    1 = FOG OR MIST
DPTR FM NORMAL:   2.1   DPTR FM NORMAL:   -1.46    2 = FOG REDUCING VISIBILITY
HIGHEST:    91 ON 26,16 GRTST 24HR  0.19 ON 22-22      TO 1/4 MILE OR LESS
LOWEST:     38 ON 14                               3 = THUNDER
                        SNOW, ICE PELLETS, HAIL    4 = ICE PELLETS
                        TOTAL MONTH:   0.0 INCH    5 = HAIL
                        GRTST 24HR     0.0         6 = FREEZING RAIN OR DRIZZLE
                        GRTST DEPTH:   0           7 = DUSTSTORM OR SANDSTORM:
                                                       VSBY 1/2 MILE OR LESS
                                                   8 = SMOKE OR HAZE
[NO. OF DAYS WITH]      [WEATHER - DAYS WITH]      9 = BLOWING SNOW
                                                   X = TORNADO
MAX 32 OR BELOW:   0    0.01 INCH OR MORE:   3
MAX 90 OR ABOVE:   3    0.10 INCH OR MORE:   2
MIN 32 OR BELOW:   0    0.50 INCH OR MORE:   0
MIN  0 OR BELOW:   0    1.00 INCH OR MORE:   0

[HDD (BASE 65) ]
TOTAL THIS MO.    85    CLEAR  (SCALE 0-3)  14
DPTR FM NORMAL   -56    PTCLDY (SCALE 4-7)  14
TOTAL FM JUL 1   110    CLOUDY (SCALE 8-10)  1
DPTR FM NORMAL   -54

[CDD (BASE 65) ]
TOTAL THIS MO.    60
DPTR FM NORMAL     6    [PRESSURE DATA]
TOTAL FM JAN 1  1917    HIGHEST SLP M ON M
DPTR FM NORMAL   114    LOWEST  SLP 29.48 ON 12

[REMARKS]
