000
CXUS54 KHGX 311415
CF6LBX
PRELIMINARY LOCAL CLIMATOLOGICAL DATA (WS FORM: F-6)

                                          STATION:   ANGLETON/LAKE_JACKS
                                          MONTH:     JULY
                                          YEAR:      2015
                                          LATITUDE:   29  6 N
                                          LONGITUDE:  95 28 W

  TEMPERATURE IN F:       :PCPN:    SNOW:  WIND      :SUNSHINE: SKY     :PK WND
================================================================================
1   2   3   4   5  6A  6B    7    8   9   10  11  12  13   14  15   16   17  18
                                     12Z  AVG MX 2MIN
DY MAX MIN AVG DEP HDD CDD  WTR  SNW DPTH SPD SPD DIR MIN PSBL S-S WX    SPD DR
================================================================================

 1  90  73  82   0   0  17 0.08  0.0    0  5.8 21 230   M    M   2 13     30 230
 2  90  72  81  -1   0  16 0.00  0.0    0  7.9 18 170   M    M   2        21 170
 3  91  72  82   0   0  17 0.11  0.0    0  7.3 17 170   M    M   3 13     27 190
 4  90  77  84   2   0  19 0.09  0.0    0  7.2 23 170   M    M   2 3      29 170
 5  91  79  85   3   0  20 0.00  0.0    0  9.5 20 170   M    M   3 1      25 180
 6  90  80  85   3   0  20 0.00  0.0    0 10.9 20 170   M    M   4        25 150
 7  91  80  86   4   0  21 0.00  0.0    0 12.8 24 180   M    M   5 18     29 160
 8  90  78  84   2   0  19 0.00  0.0    0 10.8 22 180   M    M   5        27 150
 9  92  75  84   2   0  19 0.00  0.0    0  7.9 16 150   M    M   1        21 180
10  92  73  83   1   0  18 0.00  0.0    0  4.0 14 150   M    M   1 1      19 170
11  92  74  83   1   0  18 0.00  0.0    0  5.5 15 160   M    M   2        19 160
12  93  73  83   1   0  18 0.00  0.0    0  5.1 15 170   M    M   1 1      20 170
13  93  73  83   1   0  18 0.00  0.0    0  5.6 17 180   M    M   2 1      21 180
14  92  73  83   1   0  18 0.00  0.0    0  6.9 17 180   M    M   1 1      21 180
15  93  73  83   1   0  18 0.00  0.0    0  6.4 17 170   M    M   1        22 170
16  93  75  84   2   0  19 0.00  0.0    0  7.3 17 170   M    M   1 1      21 150
17  93  75  84   2   0  19 0.03  0.0    0  8.0 23 180   M    M   1 8      29 190
18  95  78  87   5   0  22 0.00  0.0    0  7.8 16 180   M    M   1        21 190
19  95  75  85   3   0  20 0.00  0.0    0  5.9 16 180   M    M   1 1      20 180
20  94  75  85   3   0  20 0.00  0.0    0  6.9 17 190   M    M   1 1      23 190
21  94  76  85   3   0  20 0.00  0.0    0  7.4 20 180   M    M   1 1      27 190
22  94  77  86   4   0  21 0.00  0.0    0  9.7 18 180   M    M   2        23 180
23  94  77  86   4   0  21 0.00  0.0    0  8.9 18 180   M    M   1 1      24 190
24  95  75  85   3   0  20 0.00  0.0    0  6.4 17 180   M    M   1 1      21 180
25  96  73  85   3   0  20 0.00  0.0    0  5.3 16 160   M    M   1 1      21 150
26  96  75  86   4   0  21 0.00  0.0    0  5.9 17 180   M    M   2 1      22 180
27  96  77  87   5   0  22 0.00  0.0    0  6.7 17 180   M    M   1 1      20 170
28  96  75  86   4   0  21 0.00  0.0    0  6.9 16 170   M    M   1 1      20 170
29  97  73  85   3   0  20 0.30  0.0    0  4.5 17 170   M    M   2 123    21 170
30 100  77  89   7   0  24 0.00  0.0    0  4.0 14 160   M    M   3 13     17 170
================================================================================
SM 2798 2258         0 586  0.61     0.0 215.2          M       55
================================================================================
AV 93.3 75.3                               7.2 FASTST   M    M   2    MAX(MPH)
                                 MISC ---->  # 24 180               # 30  230
================================================================================
NOTES:
# LAST OF SEVERAL OCCURRENCES

COLUMN 17 PEAK WIND IN M.P.H.

PRELIMINARY LOCAL CLIMATOLOGICAL DATA (WS FORM: F-6) , PAGE 2

                                          STATION:  ANGLETON/LAKE_JACKS
                                          MONTH:    JULY
                                          YEAR:     2015
                                          LATITUDE:   29  6 N
                                          LONGITUDE:  95 28 W

[TEMPERATURE DATA]      [PRECIPITATION DATA]       SYMBOLS USED IN COLUMN 16

AVERAGE MONTHLY: 84.3   TOTAL FOR MONTH:   0.61    1 = FOG OR MIST
DPTR FM NORMAL:   2.3   DPTR FM NORMAL:   -3.90    2 = FOG REDUCING VISIBILITY
HIGHEST:   100 ON 30    GRTST 24HR  0.63 ON 30- 1      TO 1/4 MILE OR LESS
LOWEST:     72 ON  3, 2                            3 = THUNDER
                        SNOW, ICE PELLETS, HAIL    4 = ICE PELLETS
                        TOTAL MONTH:   0.0 INCH    5 = HAIL
                        GRTST 24HR     0.0         6 = FREEZING RAIN OR DRIZZLE
                        GRTST DEPTH:   0           7 = DUSTSTORM OR SANDSTORM:
                                                       VSBY 1/2 MILE OR LESS
                                                   8 = SMOKE OR HAZE
[NO. OF DAYS WITH]      [WEATHER - DAYS WITH]      9 = BLOWING SNOW
                                                   X = TORNADO
MAX 32 OR BELOW:   0    0.01 INCH OR MORE:   5
MAX 90 OR ABOVE:  30    0.10 INCH OR MORE:   2
MIN 32 OR BELOW:   0    0.50 INCH OR MORE:   0
MIN  0 OR BELOW:   0    1.00 INCH OR MORE:   0

[HDD (BASE 65) ]
TOTAL THIS MO.     0    CLEAR  (SCALE 0-3)  27
DPTR FM NORMAL     0    PTCLDY (SCALE 4-7)   3
TOTAL FM JUL 1     0    CLOUDY (SCALE 8-10)  0
DPTR FM NORMAL     0

[CDD (BASE 65) ]
TOTAL THIS MO.   586
DPTR FM NORMAL    76    [PRESSURE DATA]
TOTAL FM JAN 1  1661    HIGHEST SLP M ON M
DPTR FM NORMAL    99    LOWEST  SLP 29.82 ON 14

[REMARKS]
