000
CXUS55 KPUB 241059
CF6LHX
PRELIMINARY LOCAL CLIMATOLOGICAL DATA (WS FORM: F-6)

                                          STATION:   LA JUNTA CO
                                          MONTH:     MAY
                                          YEAR:      2015
                                          LATITUDE:   38  2 N
                                          LONGITUDE: 103 31 W

  TEMPERATURE IN F:       :PCPN:    SNOW:  WIND      :SUNSHINE: SKY     :PK WND
================================================================================
1   2   3   4   5  6A  6B    7    8   9   10  11  12  13   14  15   16   17  18
                                     12Z  AVG MX 2MIN
DY MAX MIN AVG DEP HDD CDD  WTR  SNW DPTH SPD SPD DIR MIN PSBL S-S WX    SPD DR
================================================================================

 1  74  53  64   6   1   0 0.01  0.0    0  8.7 32  20   M    M   4 3      38  20
 2  87  50  69  11   0   4    T  0.0    0 11.3 46 320   M    M   1 8      60 290
 3  85  46  66   7   0   1    T  0.0    0  9.0 35 200   M    M   2 3      46 210
 4  72  52  62   3   3   0 0.35  0.0    0 11.1 35 170   M    M   7 13     50 180
 5  61  53  57  -2   8   0 0.46  0.0    0 10.7 20 110   M    M   9 1      24 110
 6  78  51  65   5   0   0 0.50  0.0    0  5.8 49 230   M    M   3 13     60 230
 7  69  50  60   0   5   0 0.68  0.0    0 11.0 30  70   M    M   5 13     33  60
 8  62  52  57  -3   8   0 1.30  0.0    0 16.8 32  80   M    M   8 13     43  70
 9  72  36  54  -7  11   0 0.30    M    0 18.7 38 260   M    M   7 13     47 270
10  57  33  45 -16  20   0 0.23    M    M 14.6 25 320   M    M   8 1      29 330
11  59  33  46 -15  19   0 0.18    M    0  7.5 17 110   M    M   5 18     20 110
12  77  44  61  -1   4   0 0.00  0.0    0 14.3 26 190   M    M   0        32 180
13  63  51  57  -5   8   0 0.10  0.0    0 12.2 23 200   M    M   4 12     30 200
14  80  49  65   3   0   0    T    M    0  7.9 23  90   M    M   5 128    29 120
15  82  56  69   6   0   4    T  0.0    0 16.1 41 230   M    M   2        51 230
16  72  48  60  -3   5   0 0.01  0.0    0 13.0 32 280   M    M   2        38 280
17  79  48  64   1   1   0 0.00  0.0    0 12.7 29  40   M    M   1        35  50
18  65  50  58  -6   7   0 0.05  0.0    0 12.8 24 110   M    M   9 13     29 110
19  53  40  47 -17  18   0 1.58  0.0    0 14.7 29 100   M    M  10 13     35 100
20  54  40  47 -17  18   0    T  0.0    0  9.6 24  90   M    M  10 1      28  90
21  59  44  52 -12  13   0 0.34  0.0    0 15.1 22 130   M    M   9 1      26 130
22  76  49  63  -2   2   0 0.09  0.0    0 10.3 21 170   M    M   4 13     26 170
23  69  49  59  -6   6   0 0.65  0.0    0 13.8 32 300   M    M   3 13     37 300
================================================================================
SM 1605 1077       157   9  6.83     0.0 277.7          M      118
================================================================================
AV 69.8 46.8                              12.1 FASTST   M    M   5    MAX(MPH)
                                 MISC ---->  # 49 230               # 60  290
================================================================================
NOTES:
# LAST OF SEVERAL OCCURRENCES

COLUMN 17 PEAK WIND IN M.P.H.

PRELIMINARY LOCAL CLIMATOLOGICAL DATA (WS FORM: F-6) , PAGE 2

                                          STATION:  LA JUNTA CO
                                          MONTH:    MAY
                                          YEAR:     2015
                                          LATITUDE:   38  2 N
                                          LONGITUDE: 103 31 W

[TEMPERATURE DATA]      [PRECIPITATION DATA]       SYMBOLS USED IN COLUMN 16

AVERAGE MONTHLY: 58.3   TOTAL FOR MONTH:   6.83    1 = FOG OR MIST
DPTR FM NORMAL:  -3.3   DPTR FM NORMAL:    5.66    2 = FOG REDUCING VISIBILITY
HIGHEST:    87 ON  2    GRTST 24HR  1.97 ON  7- 8      TO 1/4 MILE OR LESS
LOWEST:     33 ON 11,10                            3 = THUNDER
                        SNOW, ICE PELLETS, HAIL    4 = ICE PELLETS
                        TOTAL MONTH:   0.0 INCH    5 = HAIL
                        GRTST 24HR     0.0         6 = FREEZING RAIN OR DRIZZLE
                        GRTST DEPTH:   0           7 = DUSTSTORM OR SANDSTORM:
                                                       VSBY 1/2 MILE OR LESS
                                                   8 = SMOKE OR HAZE
[NO. OF DAYS WITH]      [WEATHER - DAYS WITH]      9 = BLOWING SNOW
                                                   X = TORNADO
MAX 32 OR BELOW:   0    0.01 INCH OR MORE:  16
MAX 90 OR ABOVE:   0    0.10 INCH OR MORE:  12
MIN 32 OR BELOW:   0    0.50 INCH OR MORE:   5
MIN  0 OR BELOW:   0    1.00 INCH OR MORE:   2

[HDD (BASE 65) ]
TOTAL THIS MO.   157    CLEAR  (SCALE 0-3)   7
DPTR FM NORMAL    41    PTCLDY (SCALE 4-7)  11
TOTAL FM JUL 1  4639    CLOUDY (SCALE 8-10)  5
DPTR FM NORMAL  -600

[CDD (BASE 65) ]
TOTAL THIS MO.     9
DPTR FM NORMAL   -26    [PRESSURE DATA]
TOTAL FM JAN 1    10    HIGHEST SLP M ON M
DPTR FM NORMAL   -34    LOWEST  SLP 29.57 ON  9

[REMARKS]
