000
CXHW51 PHFO 291250
CF6LIH
PRELIMINARY LOCAL CLIMATOLOGICAL DATA (WS FORM: F-6)

                                          STATION:   LIHUE HI
                                          MONTH:     AUGUST
                                          YEAR:      2015
                                          LATITUDE:   21 58 N
                                          LONGITUDE: 159 21 W

  TEMPERATURE IN F:       :PCPN:    SNOW:  WIND      :SUNSHINE: SKY     :PK WND
================================================================================
1   2   3   4   5  6A  6B    7    8   9   10  11  12  13   14  15   16   17  18
                                     12Z  AVG MX 2MIN
DY MAX MIN AVG DEP HDD CDD  WTR  SNW DPTH SPD SPD DIR MIN PSBL S-S WX    SPD DR
================================================================================

 1  87  77  82   2   0  17 0.02  0.0    0 16.2 22  40   M    M   5        25  50
 2  87  78  83   3   0  18    T  0.0    0 15.1 23  40   M    M   5        26  30
 3  87  76  82   2   0  17 0.03  0.0    0 16.3 22  40   M    M   4        26  40
 4  86  74  80   0   0  15    T  0.0    0  9.6 17  20   M    M   5        23  10
 5  87  76  82   2   0  17 0.15  0.0    0 14.7 23  40   M    M   6 1      28  50
 6  87  77  82   2   0  17 0.03  0.0    0 15.9 22  40   M    M   7 18     25  30
 7  87  76  82   2   0  17    T  0.0    0 10.5 22  90   M    M   5        26  90
 8  88  77  83   3   0  18 0.06  0.0    0 16.0 23  50   M    M   8 1      28  50
 9  87  77  82   2   0  17 0.02  0.0    0 16.9 25  30   M    M   6        30  40
10  87  76  82   2   0  17 0.00  0.0    0 16.1 23  50   M    M   6        28  50
11  87  75  81   1   0  16 0.05  0.0    0 11.0 18  90   M    M   6 1      22  90
12  87  78  83   3   0  18 0.00  0.0    0 10.5 15  80   M    M   4        17  50
13  87  79  83   3   0  18    T  0.0    0 14.4 20  60   M    M   7        24  60
14  88  78  83   3   0  18 0.01  0.0    0 14.1 22  60   M    M   7        26  60
15  87  78  83   3   0  18    T  0.0    0 14.2 21  60   M    M   5        25  70
16  87  74  81   1   0  16 0.08  0.0    0 11.5 20  40   M    M   4 1      23  40
17  86  73  80   0   0  15 0.18  0.0    0  9.1 17  40   M    M   5 1      20  40
18  85  72  79  -1   0  14 0.61  0.0    0  6.1 16  20   M    M   5 1      22  30
19  87  72  80   0   0  15 0.00  0.0    0  8.9 17 180   M    M   1        22 170
20  88  74  81   1   0  16 0.09  0.0    0  7.0 17 240   M    M   4 1      20 130
21  88  76  82   2   0  17 0.07  0.0    0  8.3 13  50   M    M   3 1      13  50
22  88  79  84   4   0  19    T  0.0    0 10.5 15  90   M    M   6        17  70
23  90  76  83   3   0  18 0.02  0.0    0  6.6 16 240   M    M   5        20 240
24  84  76  80   0   0  15 5.28  0.0    0 11.1 20  70   M    M   9 13     23  60
25  87  76  82   2   0  17 0.69  0.0    0  7.3 16 150   M    M   5 1      18 160
26  85  75  80   0   0  15    T  0.0    0  5.7 13 310   M    M   3        15 270
27  85  74  80   0   0  15 0.00  0.0    0  5.6 12 150   M    M   3        13 130
28  87  75  81   1   0  16 1.37  0.0    0  7.7 16  20   M    M   6 1      18 310
================================================================================
SM 2433 2124         0 466  8.76     0.0 316.9          M      145
================================================================================
AV 86.9 75.9                              11.3 FASTST   M    M   5    MAX(MPH)
                                 MISC ---->  # 25  30               # 30   40
================================================================================
NOTES:
# LAST OF SEVERAL OCCURRENCES

COLUMN 17 PEAK WIND IN M.P.H.

PRELIMINARY LOCAL CLIMATOLOGICAL DATA (WS FORM: F-6) , PAGE 2

                                          STATION:  LIHUE HI
                                          MONTH:    AUGUST
                                          YEAR:     2015
                                          LATITUDE:   21 58 N
                                          LONGITUDE: 159 21 W

[TEMPERATURE DATA]      [PRECIPITATION DATA]       SYMBOLS USED IN COLUMN 16

AVERAGE MONTHLY: 81.4   TOTAL FOR MONTH:   8.76    1 = FOG OR MIST
DPTR FM NORMAL:   1.4   DPTR FM NORMAL:    6.81    2 = FOG REDUCING VISIBILITY
HIGHEST:    90 ON 23    GRTST 24HR  5.36 ON 24-25      TO 1/4 MILE OR LESS
LOWEST:     72 ON 19,18                            3 = THUNDER
                        SNOW, ICE PELLETS, HAIL    4 = ICE PELLETS
                        TOTAL MONTH:   0.0 INCH    5 = HAIL
                        GRTST 24HR     0.0         6 = FREEZING RAIN OR DRIZZLE
                        GRTST DEPTH:   0           7 = DUSTSTORM OR SANDSTORM:
                                                       VSBY 1/2 MILE OR LESS
                                                   8 = SMOKE OR HAZE
[NO. OF DAYS WITH]      [WEATHER - DAYS WITH]      9 = BLOWING SNOW
                                                   X = TORNADO
MAX 32 OR BELOW:   0    0.01 INCH OR MORE:  17
MAX 90 OR ABOVE:   1    0.10 INCH OR MORE:   6
MIN 32 OR BELOW:   0    0.50 INCH OR MORE:   4
MIN  0 OR BELOW:   0    1.00 INCH OR MORE:   2

[HDD (BASE 65) ]
TOTAL THIS MO.     0    CLEAR  (SCALE 0-3)   3
DPTR FM NORMAL     0    PTCLDY (SCALE 4-7)  24
TOTAL FM JUL 1     0    CLOUDY (SCALE 8-10)  1
DPTR FM NORMAL     0

[CDD (BASE 65) ]
TOTAL THIS MO.   466
DPTR FM NORMAL    47    [PRESSURE DATA]
TOTAL FM JAN 1  2777    HIGHEST SLP M ON M
DPTR FM NORMAL   286    LOWEST  SLP 29.80 ON 18

[REMARKS]
