000
CXUS56 KMFR 261000
CF6LMT
PRELIMINARY LOCAL CLIMATOLOGICAL DATA (WS FORM: F-6)

                                          STATION:   KLAMATH FALLS OR
                                          MONTH:     MAY
                                          YEAR:      2015
                                          LATITUDE:   42  9 N
                                          LONGITUDE: 121 44 W

  TEMPERATURE IN F:       :PCPN:    SNOW:  WIND      :SUNSHINE: SKY     :PK WND
================================================================================
1   2   3   4   5  6A  6B    7    8   9   10  11  12  13   14  15   16   17  18
                                     12Z  AVG MX 2MIN
DY MAX MIN AVG DEP HDD CDD  WTR  SNW DPTH SPD SPD DIR MIN PSBL S-S WX    SPD DR
================================================================================

 1  77  30  54   7  11   0 0.00    M    M  4.5 20 340   M    M   0        23 350
 2  77  35  56   8   9   0 0.00    M    M  5.7 22 300   M    M   0        26 270
 3  75  34  55   7  10   0 0.00    M    M  4.7 20 330   M    M   2 18     24 330
 4  74  34  54   6  11   0 0.00    M    M  7.6 24 330   M    M   0        29 280
 5  65  29  47  -1  18   0 0.00    M    M  7.9 20 330   M    M   0        27 260
 6  57  24  41  -8  24   0    T    M    M 11.5 28  10   M    M   2 3      36 360
 7  60  30  45  -4  20   0 0.00    M    M 11.5 29  30   M    M   6        34  30
 8  70  42  56   7   9   0 0.00    M    M  9.0 21  50   M    M   4        28  10
 9  72  30  51   1  14   0 0.00    M    M  5.3 15 330   M    M   0 8      21 310
10  72  34  53   3  12   0 0.03    M    M  4.3 26 280   M    M   3 3      35 280
11  55  30  43  -7  22   0 0.28    M    M  8.1 22 320   M    M   M        25 320
12  52  30  41  -9  24   0    T    M    M  8.2 24 310   M    M   6        29 310
13  53  27  40 -10  25   0 0.01    M    M  2.3 15 240   M    M   6 1      21 280
14  60  30  45  -6  20   0 0.00    M    M  4.7 16 320   M    M   5        19 330
15  55  34  45  -6  20   0 0.14    M    M 11.3 24 320   M    M   7        30 320
16  61  29  45  -6  20   0 0.00    M    M  4.3 16 330   M    M   5        21 330
17  65  38  52   1  13   0    T    M    M  5.4 30 150   M    M   4        36 150
18  59  44  52   0  13   0 0.02    M    M  3.7 17 300   M    M  10        21 310
19  63  48  56   4   9   0 0.30    M    M  5.6 21  10   M    M   9 1      26  10
20  61  48  55   3  10   0 0.63    M    M  2.7 14 340   M    M   8 1      16 330
21  65  48  57   5   8   0 0.01    M    M  5.6 17 330   M    M   6        21 320
22  62  48  55   3  10   0 0.03    M    M  8.2 25 330   M    M  10        29 330
23  67  43  55   3  10   0    T    M    M  6.9 16 300   M    M   9        26 280
24  74  39  57   4   8   0 0.00    M    M  5.1 17 260   M    M   1 1      22 250
25  74  39  57   4   8   0 0.00    M    M  5.5 20 330   M    M   1 12     27 330
================================================================================
SM 1625  897       358   0  1.45    M    159.6          M      104
================================================================================
AV 65.0 35.9                               6.4 FASTST   M    M   4    MAX(MPH)
                                 MISC ---->  # 30 150               # 36  360
================================================================================
NOTES:
# LAST OF SEVERAL OCCURRENCES

COLUMN 17 PEAK WIND IN M.P.H.

PRELIMINARY LOCAL CLIMATOLOGICAL DATA (WS FORM: F-6) , PAGE 2

                                          STATION:  KLAMATH FALLS OR
                                          MONTH:    MAY
                                          YEAR:     2015
                                          LATITUDE:   42  9 N
                                          LONGITUDE: 121 44 W

[TEMPERATURE DATA]      [PRECIPITATION DATA]       SYMBOLS USED IN COLUMN 16

AVERAGE MONTHLY: 50.4   TOTAL FOR MONTH:   1.45    1 = FOG OR MIST
DPTR FM NORMAL:   0.1   DPTR FM NORMAL:    0.17    2 = FOG REDUCING VISIBILITY
HIGHEST:    77 ON  2, 1 GRTST 24HR  0.64 ON 19-20      TO 1/4 MILE OR LESS
LOWEST:     24 ON  6                               3 = THUNDER
                        SNOW, ICE PELLETS, HAIL    4 = ICE PELLETS
                        TOTAL MONTH:    M          5 = HAIL
                        GRTST 24HR    M  ON   M    6 = FREEZING RAIN OR DRIZZLE
                        GRTST DEPTH:  M  ON   M    7 = DUSTSTORM OR SANDSTORM:
                                                       VSBY 1/2 MILE OR LESS
                                                   8 = SMOKE OR HAZE
[NO. OF DAYS WITH]      [WEATHER - DAYS WITH]      9 = BLOWING SNOW
                                                   X = TORNADO
MAX 32 OR BELOW:   0    0.01 INCH OR MORE:   9
MAX 90 OR ABOVE:   0    0.10 INCH OR MORE:   4
MIN 32 OR BELOW:  10    0.50 INCH OR MORE:   1
MIN  0 OR BELOW:   0    1.00 INCH OR MORE:   0

[HDD (BASE 65) ]
TOTAL THIS MO.   358    CLEAR  (SCALE 0-3)   9
DPTR FM NORMAL   -11    PTCLDY (SCALE 4-7)  10
TOTAL FM JUL 1  5222    CLOUDY (SCALE 8-10)  5
DPTR FM NORMAL -1466

[CDD (BASE 65) ]
TOTAL THIS MO.     0
DPTR FM NORMAL     0    [PRESSURE DATA]
TOTAL FM JAN 1     0    HIGHEST SLP M ON M
DPTR FM NORMAL     0    LOWEST  SLP  0.00 ON 14

[REMARKS]
