000
CXUS55 KRIW 300901
CF6LND
PRELIMINARY LOCAL CLIMATOLOGICAL DATA (WS FORM: F-6)

                                          STATION:   LANDER WY
                                          MONTH:     SEPTEMBER
                                          YEAR:      2014
                                          LATITUDE:   42 49 N
                                          LONGITUDE: 108 44 W

  TEMPERATURE IN F:       :PCPN:    SNOW:  WIND      :SUNSHINE: SKY     :PK WND
================================================================================
1   2   3   4   5  6A  6B    7    8   9   10  11  12  13   14  15   16   17  18
                                     12Z  AVG MX 2MIN
DY MAX MIN AVG DEP HDD CDD  WTR  SNW DPTH SPD SPD DIR MIN PSBL S-S WX    SPD DR
================================================================================

 1  75  46  61  -4   4   0 0.00  0.0    0  4.5 14 230   M    M   0        16 230
 2  83  44  64  -1   1   0 0.00  0.0    0  6.4 16 240   M    M   0        20 340
 3  87  53  70   6   0   5    T  0.0    0 10.7 35 260   M    M   1        46 250
 4  68  49  59  -5   6   0    T  0.0    0  6.0 13 320   M    M   2        16  80
 5  68  44  56  -8   9   0 0.02  0.0    0  6.9 14  30   M    M   1        17  30
 6  76  44  60  -3   5   0 0.01  0.0    0  4.7 14 250   M    M   0        15 240
 7  85  48  67   4   0   2    T  0.0    0  7.2 28 320   M    M   1        36 350
 8  84  48  66   4   0   1 0.00  0.0    0  7.5 33 220   M    M   1        43 230
 9  73  51  62   0   3   0    T  0.0    0  6.3 38 310   M    M   2        47 320
10  72  45  59  -2   6   0 0.00  0.0    0  6.1 24  20   M    M   6        28  30
11  46  33  40 -21  25   0 0.14    T    0  8.1 21  20   M    M  10 1      25  20
12  57  31  44 -16  21   0 0.00  0.0    0  2.8 12 240   M    M   3        14  30
13  69  34  52  -8  13   0 0.00  0.0    0  4.3 12 260   M    M   0        13 270
14  82  37  60   1   5   0 0.00  0.0    0  7.5 21  40   M    M   0        24  30
15  77  39  58  -1   7   0 0.00  0.0    0  4.2 16 250   M    M   0        19 250
16  87  49  68  10   0   3    T  0.0    0  5.0 18  20   M    M   1        24  30
17  87  50  69  11   0   4    T  0.0    0  7.3 24 330   M    M   2        31 330
18  89  49  69  12   0   4 0.00  0.0    0  7.4 26 240   M    M   2        33 240
19  83  55  69  12   0   4    T  0.0    0  6.8 22 190   M    M   1        26 190
20  79  51  65   9   0   0 0.00  0.0    0  6.1 15 250   M    M   0        18  60
21  75  48  62   6   3   0 0.00  0.0    0  6.7 13 150   M    M   1        15 150
22  78  50  64   8   1   0 0.01  0.0    0  4.5 17 290   M    M   3        23 270
23  79  46  63   8   2   0 0.00  0.0    0  4.8 15 320   M    M   1        19 140
24  87  50  69  15   0   4 0.00  0.0    0  4.9 15 240   M    M   0        18  80
25  88  53  71  17   0   6 0.00  0.0    0  4.6 21 190   M    M   0        23 190
26  87  55  71  17   0   6 0.00  0.0    0  6.7 23 220   M    M   0        27 230
27  73  51  62   9   3   0 0.22  0.0    0  6.3 13 360   M    M   4 1      16  30
28  51  46  49  -4  16   0 1.37  0.0    0  4.6 15 350   M    M  10 1      17 350
29  65  45  55   3  10   0 0.02  0.0    0  5.6 21 230   M    M   4 1      24 220
================================================================================
SM 2210 1344       140  39  1.79    T    174.5          M       56
================================================================================
AV 76.2 46.3                               6.0 FASTST   M    M   2    MAX(MPH)
                                 MISC ---->  # 38 310               # 47  320
================================================================================
NOTES:
# LAST OF SEVERAL OCCURRENCES

COLUMN 17 PEAK WIND IN M.P.H.

PRELIMINARY LOCAL CLIMATOLOGICAL DATA (WS FORM: F-6) , PAGE 2

                                          STATION:  LANDER WY
                                          MONTH:    SEPTEMBER
                                          YEAR:     2014
                                          LATITUDE:   42 49 N
                                          LONGITUDE: 108 44 W

[TEMPERATURE DATA]      [PRECIPITATION DATA]       SYMBOLS USED IN COLUMN 16

AVERAGE MONTHLY: 61.3   TOTAL FOR MONTH:   1.79    1 = FOG OR MIST
DPTR FM NORMAL:   2.5   DPTR FM NORMAL:    0.78    2 = FOG REDUCING VISIBILITY
HIGHEST:    89 ON 18    GRTST 24HR  1.57 ON 27-28      TO 1/4 MILE OR LESS
LOWEST:     31 ON 12                               3 = THUNDER
                        SNOW, ICE PELLETS, HAIL    4 = ICE PELLETS
                        TOTAL MONTH:    T          5 = HAIL
                        GRTST 24HR    T  ON 11-11  6 = FREEZING RAIN OR DRIZZLE
                        GRTST DEPTH:   0           7 = DUSTSTORM OR SANDSTORM:
                                                       VSBY 1/2 MILE OR LESS
                                                   8 = SMOKE OR HAZE
[NO. OF DAYS WITH]      [WEATHER - DAYS WITH]      9 = BLOWING SNOW
                                                   X = TORNADO
MAX 32 OR BELOW:   0    0.01 INCH OR MORE:   7
MAX 90 OR ABOVE:   0    0.10 INCH OR MORE:   3
MIN 32 OR BELOW:   1    0.50 INCH OR MORE:   1
MIN  0 OR BELOW:   0    1.00 INCH OR MORE:   1

[HDD (BASE 65) ]
TOTAL THIS MO.   140    CLEAR  (SCALE 0-3)  23
DPTR FM NORMAL   -66    PTCLDY (SCALE 4-7)   4
TOTAL FM JUL 1   184    CLOUDY (SCALE 8-10)  2
DPTR FM NORMAL   -62

[CDD (BASE 65) ]
TOTAL THIS MO.    39
DPTR FM NORMAL    13    [PRESSURE DATA]
TOTAL FM JAN 1   445    HIGHEST SLP M ON M
DPTR FM NORMAL   -26    LOWEST  SLP 29.76 ON  3

[REMARKS]
