000
CXUS55 KRIW 260901
CF6LND
PRELIMINARY LOCAL CLIMATOLOGICAL DATA (WS FORM: F-6)

                                          STATION:   LANDER WY
                                          MONTH:     MARCH
                                          YEAR:      2015
                                          LATITUDE:   42 49 N
                                          LONGITUDE: 108 44 W

  TEMPERATURE IN F:       :PCPN:    SNOW:  WIND      :SUNSHINE: SKY     :PK WND
================================================================================
1   2   3   4   5  6A  6B    7    8   9   10  11  12  13   14  15   16   17  18
                                     12Z  AVG MX 2MIN
DY MAX MIN AVG DEP HDD CDD  WTR  SNW DPTH SPD SPD DIR MIN PSBL S-S WX    SPD DR
================================================================================

 1  25  12  19 -11  46   0    T    T    4  3.9 10 250   M    M   7 18     12 250
 2  28   8  18 -12  47   0 0.19  3.8    4  4.0 15 250   M    M   4 128    17 250
 3  25   2  14 -17  51   0 0.34  4.8   11  6.8 18  70   M    M   9 128    21  70
 4  18  -7   6 -25  59   0 0.00  0.0   11  2.7 12 230   M    M   0        13 350
 5  26  -5  11 -21  54   0 0.00  0.0    9  2.0 10 330   M    M   0 18     13 330
 6  47  12  30  -2  35   0 0.00  0.0    6  4.1 15 150   M    M   0        17 150
 7  46  24  35   2  30   0 0.00  0.0    5  3.1 14 250   M    M   0        15 250
 8  45  23  34   1  31   0 0.00  0.0    3  2.6 14 240   M    M   0        15 240
 9  49  26  38   5  27   0 0.00  0.0    1  3.2 12 240   M    M   0        13 240
10  54  29  42   8  23   0 0.00  0.0    T  4.0 14 260   M    M   0        15 250
11  46  31  39   5  26   0 0.00  0.0    0  3.2 13 290   M    M   0        14 290
12  56  37  47  13  18   0 0.00  0.0    0  7.7 15 230   M    M   3        20  60
13  58  33  46  11  19   0 0.00  0.0    0  4.9 12 280   M    M   1        13 250
14  59  31  45  10  20   0 0.00  0.0    0  4.5 12 250   M    M   0        12 250
15  66  39  53  17  12   0 0.00  0.0    0  6.2 26 250   M    M   0        35 250
16  67  39  53  17  12   0    T    M    M  8.9 24  70   M    M   2        27  60
17  49  35  42   6  23   0    T    T    0  4.1 10 260   M    M   7 18     13 330
18  61  33  47  11  18   0    T    T    0  6.2 22 340   M    M   4        27 340
19  56  28  42   5  23   0 0.00  0.0    0  5.3 13 250   M    M   0        14 360
20  66  31  49  12  16   0 0.00  0.0    0  6.9 18 240   M    M   0        21 220
21  67  34  51  14  14   0 0.00  0.0    0  5.9 14 340   M    M   0        17 350
22  61  32  47   9  18   0 0.00  0.0    0  6.4 17 220   M    M   0        20 220
23  56  37  47   9  18   0 0.00  0.0    0  6.9 36 220   M    M   4        42 220
24  53  26  40   2  25   0 0.00  0.0    0  9.9 30 280   M    M   2        39 270
25  50  29  40   2  25   0 0.02  0.3    T  6.4 17 140   M    M   3 1      20 140
================================================================================
SM 1234  619       690   0  0.55     8.9 129.8          M       46
================================================================================
AV 49.4 24.8                               5.2 FASTST   M    M   2    MAX(MPH)
                                 MISC ---->  # 36 220               # 42  220
================================================================================
NOTES:
# LAST OF SEVERAL OCCURRENCES

COLUMN 17 PEAK WIND IN M.P.H.

PRELIMINARY LOCAL CLIMATOLOGICAL DATA (WS FORM: F-6) , PAGE 2

                                          STATION:  LANDER WY
                                          MONTH:    MARCH
                                          YEAR:     2015
                                          LATITUDE:   42 49 N
                                          LONGITUDE: 108 44 W

[TEMPERATURE DATA]      [PRECIPITATION DATA]       SYMBOLS USED IN COLUMN 16

AVERAGE MONTHLY: 37.1   TOTAL FOR MONTH:   0.55    1 = FOG OR MIST
DPTR FM NORMAL:   2.5   DPTR FM NORMAL:   -0.32    2 = FOG REDUCING VISIBILITY
HIGHEST:    67 ON 21,16 GRTST 24HR  0.34 ON  3- 3      TO 1/4 MILE OR LESS
LOWEST:     -7 ON  4                               3 = THUNDER
                        SNOW, ICE PELLETS, HAIL    4 = ICE PELLETS
                        TOTAL MONTH:   8.9 INCHES  5 = HAIL
                        GRTST 24HR   4.8 ON   M    6 = FREEZING RAIN OR DRIZZLE
                        GRTST DEPTH:  11 ON  4, 3  7 = DUSTSTORM OR SANDSTORM:
                                                       VSBY 1/2 MILE OR LESS
                                                   8 = SMOKE OR HAZE
[NO. OF DAYS WITH]      [WEATHER - DAYS WITH]      9 = BLOWING SNOW
                                                   X = TORNADO
MAX 32 OR BELOW:   5    0.01 INCH OR MORE:   3
MAX 90 OR ABOVE:   0    0.10 INCH OR MORE:   2
MIN 32 OR BELOW:  17    0.50 INCH OR MORE:   0
MIN  0 OR BELOW:   2    1.00 INCH OR MORE:   0

[HDD (BASE 65) ]
TOTAL THIS MO.   690    CLEAR  (SCALE 0-3)  18
DPTR FM NORMAL   -71    PTCLDY (SCALE 4-7)   6
TOTAL FM JUL 1  5814    CLOUDY (SCALE 8-10)  1
DPTR FM NORMAL  -651

[CDD (BASE 65) ]
TOTAL THIS MO.     0
DPTR FM NORMAL     0    [PRESSURE DATA]
TOTAL FM JAN 1     0    HIGHEST SLP M ON M
DPTR FM NORMAL     0    LOWEST  SLP 29.74 ON 23

[REMARKS]
