000
CXUS53 KMKX 290642
CF6LNR
PRELIMINARY LOCAL CLIMATOLOGICAL DATA (WS FORM: F-6)

                                          STATION:   LONE ROCK WI
                                          MONTH:     JULY
                                          YEAR:      2017
                                          LATITUDE:   43 12 N
                                          LONGITUDE:  90 11 W

  TEMPERATURE IN F:       :PCPN:    SNOW:  WIND      :SUNSHINE: SKY     :PK WND
================================================================================
1   2   3   4   5  6A  6B    7    8   9   10  11  12  13   14  15   16   17  18
                                     12Z  AVG MX 2MIN
DY MAX MIN AVG DEP HDD CDD  WTR  SNW DPTH SPD SPD DIR MIN PSBL S-S WX    SPD DR
================================================================================

 1  78  59  69  -2   0   4 0.00  0.0    0  6.9 18 290   M    M   2        24 280
 2  86  57  72   1   0   7 0.00  0.0    0  3.9 15 300   M    M   4 3      19 290
 3  82  59  71   0   0   6 0.00  0.0    0  6.4 16  90   M    M   3 1      19  90
 4  84  56  70  -1   0   5 0.00  0.0    0  2.9 12 110   M    M   0        16 100
 5  88  65  77   6   0  12 1.03  0.0    0  4.6 22  80   M    M   4 138    27  70
 6  89  63  76   5   0  11 0.00  0.0    0  3.8 17  30   M    M   3 12     22  20
 7  84  63  74   2   0   9 0.00  0.0    0  7.2 20  30   M    M   1        27 300
 8  79  58  69  -3   0   4 0.00  0.0    0  3.5 14 300   M    M   1        16 280
 9  84  56  70  -2   0   5 0.00  0.0    0  4.0 14 220   M    M   2 13     19 200
10  84  64  74   2   0   9 0.98    M    M  4.6 23 110   M    M   5 13     31  30
11  84  68  76   4   0  11 0.03  0.0    0  2.8 14 210   M    M   6 12     19 190
12  86  66  76   4   0  11 1.30  0.0    0  6.7 29  10   M    M   6 13     42  30
13  80  61  71  -1   0   6 0.00  0.0    0  8.7 15 300   M    M   3        20 290
14  72  58  65  -7   0   0 0.00  0.0    0  4.3 14 340   M    M   8 1      18 360
15  84  56  70  -2   0   5 0.06    M    M  4.3 14  90   M    M   4 123    19 230
16  80  62  71  -1   0   6 0.00    M    M  6.0 15  80   M    M   5 3      20  80
17  81  57  69  -3   0   4 0.00    M    M  3.9 10 140   M    M   1 1      15 190
18  88  62  75   3   0  10 0.10  0.0    0  5.3 16 200   M    M   4 13     20 190
19  85  68  77   6   0  12 0.39  0.0    0  6.6 36  40   M    M   4 1238   53  20
20  89  66  78   7   0  13 2.45  0.0    0  4.5 26  20   M    M   4 13     33  20
21  74  67  71   0   0   6 1.18  0.0    0  5.3 17 280   M    M   8 123    21 280
22  84  68  76   5   0  11 0.00  0.0    0  2.8 10 350   M    M   6 1      12 350
23  83  66  75   4   0  10    T  0.0    0  6.8 18 300   M    M   4 12     23 290
24  75  60  68  -3   0   3 0.00  0.0    0  3.9 12  60   M    M   3 1      16  50
25  79  56  68  -3   0   3    T  0.0    0  5.2 16 170   M    M   1 18     21 180
26  80  68  74   3   0   9 0.30  0.0    0  3.0 13 340   M    M   5 123    16 340
27  84  63  74   3   0   9 0.00  0.0    0  4.6 14  40   M    M   3 12     18  20
28  82  60  71   0   0   6 0.00  0.0    0  5.3 16  30   M    M   2 1      20  30
================================================================================
SM 2308 1732         0 207  7.82     0.0 137.8          M      102
================================================================================
AV 82.4 61.9                               4.9 FASTST   M    M   4    MAX(MPH)
                                 MISC ---->  # 36  40               # 53   20
================================================================================
NOTES:
# LAST OF SEVERAL OCCURRENCES

COLUMN 17 PEAK WIND IN M.P.H.

PRELIMINARY LOCAL CLIMATOLOGICAL DATA (WS FORM: F-6) , PAGE 2

                                          STATION:  LONE ROCK WI
                                          MONTH:    JULY
                                          YEAR:     2017
                                          LATITUDE:   43 12 N
                                          LONGITUDE:  90 11 W

[TEMPERATURE DATA]      [PRECIPITATION DATA]       SYMBOLS USED IN COLUMN 16

AVERAGE MONTHLY: 72.1   TOTAL FOR MONTH:   7.82    1 = FOG OR MIST
DPTR FM NORMAL:   0.7   DPTR FM NORMAL:    3.39    2 = FOG REDUCING VISIBILITY
HIGHEST:    89 ON 20, 6 GRTST 24HR  2.45 ON 20-20      TO 1/4 MILE OR LESS
LOWEST:     56 ON 25,15                            3 = THUNDER
                        SNOW, ICE PELLETS, HAIL    4 = ICE PELLETS
                        TOTAL MONTH:   0.0 INCH    5 = HAIL
                        GRTST 24HR     0.0         6 = FREEZING RAIN OR DRIZZLE
                        GRTST DEPTH:   0           7 = DUSTSTORM OR SANDSTORM:
                                                       VSBY 1/2 MILE OR LESS
                                                   8 = SMOKE OR HAZE
[NO. OF DAYS WITH]      [WEATHER - DAYS WITH]      9 = BLOWING SNOW
                                                   X = TORNADO
MAX 32 OR BELOW:   0    0.01 INCH OR MORE:  10
MAX 90 OR ABOVE:   0    0.10 INCH OR MORE:   8
MIN 32 OR BELOW:   0    0.50 INCH OR MORE:   5
MIN  0 OR BELOW:   0    1.00 INCH OR MORE:   4

[HDD (BASE 65) ]
TOTAL THIS MO.     0    CLEAR  (SCALE 0-3)  12
DPTR FM NORMAL     0    PTCLDY (SCALE 4-7)  14
TOTAL FM JUL 1     0    CLOUDY (SCALE 8-10)  2
DPTR FM NORMAL     0

[CDD (BASE 65) ]
TOTAL THIS MO.   207
DPTR FM NORMAL    17    [PRESSURE DATA]
TOTAL FM JAN 1   391    HIGHEST SLP M ON M
DPTR FM NORMAL    44    LOWEST  SLP 29.75 ON M

[REMARKS]
