000
CXUS55 KJKL 221000
CF6LOZ
PRELIMINARY LOCAL CLIMATOLOGICAL DATA (WS FORM: F-6)

                                          STATION:   LONDON KY
                                          MONTH:     AUGUST
                                          YEAR:      2017
                                          LATITUDE:   37  4 N
                                          LONGITUDE:  84  5 W

  TEMPERATURE IN F:       :PCPN:    SNOW:  WIND      :SUNSHINE: SKY     :PK WND
================================================================================
1   2   3   4   5  6A  6B    7    8   9   10  11  12  13   14  15   16   17  18
                                     12Z  AVG MX 2MIN
DY MAX MIN AVG DEP HDD CDD  WTR  SNW DPTH SPD SPD DIR MIN PSBL S-S WX    SPD DR
================================================================================

 1  85  64  75  -1   0  10 0.00    M    M  0.6  8 250   M    M   1 3      10 250
 2  86  65  76   0   0  11 0.43    M    M  3.5 20 200   M    M   1 13     26 210
 3  85  62  74  -2   0   9 0.00    M    M  3.4 13 190   M    M   1 18     16 190
 4  79  63  71  -5   0   6 0.16    M    M  7.1 21 250   M    M   4 13     26 270
 5  77  53  65 -11   0   0 0.00    M    M  2.1 10 350   M    M   0        15  10
 6  82  55  69  -7   0   4 0.38    M    M  3.5 12  20   M    M   3 13     15  10
 7  77  66  72  -4   0   7 2.20    M    M  5.6 14 260   M    M  10 1      20 260
 8  80  63  72  -4   0   7 0.00    M    M  4.6 14  30   M    M   3        19  20
 9  84  60  72  -4   0   7 0.12    M    M  3.8 14 340   M    M   2 1      17 340
10  80  69  75  -1   0  10 0.69    M    M  3.1 10 180   M    M   6 13     14  90
11  81  67  74  -2   0   9 0.00    M    M  2.2  9 200   M    M   5 1      13 210
12  82  69  76   0   0  11 0.09    M    M  3.2 13  10   M    M   5 13     20 280
13  84  65  75  -1   0  10 0.00    M    M  3.2  9 360   M    M   1        14  60
14  82  68  75  -1   0  10 0.14    M    M  2.3 21 190   M    M   8 13     27 180
15  84  71  78   2   0  13 0.95    M    M  2.6 12 320   M    M   6 18     17 330
16  86  68  77   1   0  12 0.11    M    M  2.3 17 320   M    M   6 123    25 310
17  90  72  81   6   0  16    T    M    M  6.0 17 250   M    M   2 1      21 250
18  85  66  76   1   0  11    M    M    M  6.6 17 260   M    M   3 13     21 290
19  86  63  75   0   0  10    M    M    M  2.5 10 250   M    M   1 1      15 260
20  89  64  77   2   0  12    M    M    M  1.5  8 220   M    M   0 1      11 220
21  89  65  77   2   0  12 0.00    M    M  1.1  9 240   M    M   1 1      12 170
================================================================================
SM 1753 1358         0 197  5.27    M     70.8          M       69
================================================================================
AV 83.5 64.7                               3.4 FASTST   M    M   3    MAX(MPH)
                                 MISC ---->  # 21 250               # 27  180
================================================================================
NOTES:
# LAST OF SEVERAL OCCURRENCES

COLUMN 17 PEAK WIND IN M.P.H.

PRELIMINARY LOCAL CLIMATOLOGICAL DATA (WS FORM: F-6) , PAGE 2

                                          STATION:  LONDON KY
                                          MONTH:    AUGUST
                                          YEAR:     2017
                                          LATITUDE:   37  4 N
                                          LONGITUDE:  84  5 W

[TEMPERATURE DATA]      [PRECIPITATION DATA]       SYMBOLS USED IN COLUMN 16

AVERAGE MONTHLY: 74.1   TOTAL FOR MONTH:   5.27    1 = FOG OR MIST
DPTR FM NORMAL:  -1.7   DPTR FM NORMAL:    2.64    2 = FOG REDUCING VISIBILITY
HIGHEST:    90 ON 17    GRTST 24HR  2.20 ON  7- 7      TO 1/4 MILE OR LESS
LOWEST:     53 ON  5                               3 = THUNDER
                        SNOW, ICE PELLETS, HAIL    4 = ICE PELLETS
                        TOTAL MONTH:    M          5 = HAIL
                        GRTST 24HR    M  ON   M    6 = FREEZING RAIN OR DRIZZLE
                        GRTST DEPTH:  M  ON   M    7 = DUSTSTORM OR SANDSTORM:
                                                       VSBY 1/2 MILE OR LESS
                                                   8 = SMOKE OR HAZE
[NO. OF DAYS WITH]      [WEATHER - DAYS WITH]      9 = BLOWING SNOW
                                                   X = TORNADO
MAX 32 OR BELOW:   0    0.01 INCH OR MORE:  10
MAX 90 OR ABOVE:   1    0.10 INCH OR MORE:   9
MIN 32 OR BELOW:   0    0.50 INCH OR MORE:   3
MIN  0 OR BELOW:   0    1.00 INCH OR MORE:   1

[HDD (BASE 65) ]
TOTAL THIS MO.     0    CLEAR  (SCALE 0-3)  12
DPTR FM NORMAL     0    PTCLDY (SCALE 4-7)   7
TOTAL FM JUL 1     0    CLOUDY (SCALE 8-10)  2
DPTR FM NORMAL     0

[CDD (BASE 65) ]
TOTAL THIS MO.   197
DPTR FM NORMAL   -28    [PRESSURE DATA]
TOTAL FM JAN 1   909    HIGHEST SLP M ON M
DPTR FM NORMAL   -23    LOWEST  SLP 29.85 ON 15

[REMARKS]
