000
CXUS55 KJKL 291000
CF6LOZ
PRELIMINARY LOCAL CLIMATOLOGICAL DATA (WS FORM: F-6)

                                          STATION:   LONDON KY
                                          MONTH:     JUNE
                                          YEAR:      2017
                                          LATITUDE:   37  4 N
                                          LONGITUDE:  84  5 W

  TEMPERATURE IN F:       :PCPN:    SNOW:  WIND      :SUNSHINE: SKY     :PK WND
================================================================================
1   2   3   4   5  6A  6B    7    8   9   10  11  12  13   14  15   16   17  18
                                     12Z  AVG MX 2MIN
DY MAX MIN AVG DEP HDD CDD  WTR  SNW DPTH SPD SPD DIR MIN PSBL S-S WX    SPD DR
================================================================================

 1  81  56  69   0   0   4    T    M    M  2.3 12 240   M    M   1 13     14 250
 2  83  57  70   1   0   5 0.00    M    M  2.4 10  20   M    M   2 12     14 360
 3  83  54  69  -1   0   4 0.00    M    M  2.3 13  50   M    M   0 8      19  50
 4  84  55  70   0   0   5 0.25    M    M  3.5 15 180   M    M   1 13     19 180
 5  72  63  68  -2   0   3 0.50    M    M  2.9 14  50   M    M   6 1      20  40
 6  76  58  67  -3   0   2 0.00    M    M  5.4 14  10   M    M   6 1      20  30
 7  74  53  64  -7   1   0 0.00    M    M  6.9 15  30   M    M   3        23  40
 8  73  52  63  -8   2   0 0.00    M    M  4.7 14 300   M    M   6        18 300
 9  78  51  65  -6   0   0 0.00    M    M  2.1 12 250   M    M   1 1      14 260
10  83  54  69  -3   0   4 0.00    M    M  3.7 16 200   M    M   1 1      23 200
11  85  61  73   1   0   8 0.00    M    M  3.2 13 210   M    M   2        16 180
12  84  65  75   3   0  10 0.01    M    M  3.1 16 300   M    M   1 3      21 290
13  91  68  80   8   0  15 0.02    M    M  4.6 25  20   M    M   5 13     34  30
14  81  66  74   1   0   9 1.62    M    M  2.5 17 180   M    M   4 138    21 200
15  84  66  75   2   0  10    T    M    M  6.4 16 250   M    M   1 1      22 250
16  85  65  75   2   0  10 0.00    M    M  2.3  7 360   M    M   5        11 190
17  88  65  77   4   0  12 0.00    M    M  3.8 15 250   M    M   1 1      19 250
18  88  68  78   4   0  13 0.17    M    M  6.9 26 260   M    M   1 3      35 220
19  82  64  73  -1   0   8 1.24    M    M  7.3 18 280   M    M   5 13     24 290
20  84  59  72  -2   0   7 0.00    M    M  4.0 15 240   M    M   1 1      19 240
21  85  62  74   0   0   9 0.00    M    M  4.3 13 200   M    M   0 1      17 200
22  75  67  71  -3   0   6 0.38    M    M  4.7 14 180   M    M   7 1      19 170
23  81  68  75   0   0  10 0.29    M    M  8.5 28 250   M    M   9 1      39 240
24  82  64  73  -2   0   8    T    M    M  5.4 15 310   M    M   3        20 280
25  79  57  68  -7   0   3 0.00    M    M  3.9 14 270   M    M   0        19 310
26  78  53  66  -9   0   1 0.00    M    M  3.5 17 290   M    M   1        23 300
27  78  55  67  -8   0   2 0.00    M    M  3.7 14 340   M    M   1        20 170
28  82  51  67  -9   0   2 0.00    M    M  2.8  9 200   M    M   0        14 150
================================================================================
SM 2279 1677         3 170  4.48    M    117.1          M       74
================================================================================
AV 81.4 59.9                               4.2 FASTST   M    M   3    MAX(MPH)
                                 MISC ---->  # 28 250               # 39  240
================================================================================
NOTES:
# LAST OF SEVERAL OCCURRENCES

COLUMN 17 PEAK WIND IN M.P.H.

PRELIMINARY LOCAL CLIMATOLOGICAL DATA (WS FORM: F-6) , PAGE 2

                                          STATION:  LONDON KY
                                          MONTH:    JUNE
                                          YEAR:     2017
                                          LATITUDE:   37  4 N
                                          LONGITUDE:  84  5 W

[TEMPERATURE DATA]      [PRECIPITATION DATA]       SYMBOLS USED IN COLUMN 16

AVERAGE MONTHLY: 70.6   TOTAL FOR MONTH:   4.48    1 = FOG OR MIST
DPTR FM NORMAL:  -1.9   DPTR FM NORMAL:    0.37    2 = FOG REDUCING VISIBILITY
HIGHEST:    91 ON 13    GRTST 24HR  1.62 ON 14-14      TO 1/4 MILE OR LESS
LOWEST:     51 ON 28, 9                            3 = THUNDER
                        SNOW, ICE PELLETS, HAIL    4 = ICE PELLETS
                        TOTAL MONTH:    M          5 = HAIL
                        GRTST 24HR    M  ON   M    6 = FREEZING RAIN OR DRIZZLE
                        GRTST DEPTH:  M  ON   M    7 = DUSTSTORM OR SANDSTORM:
                                                       VSBY 1/2 MILE OR LESS
                                                   8 = SMOKE OR HAZE
[NO. OF DAYS WITH]      [WEATHER - DAYS WITH]      9 = BLOWING SNOW
                                                   X = TORNADO
MAX 32 OR BELOW:   0    0.01 INCH OR MORE:   9
MAX 90 OR ABOVE:   1    0.10 INCH OR MORE:   7
MIN 32 OR BELOW:   0    0.50 INCH OR MORE:   3
MIN  0 OR BELOW:   0    1.00 INCH OR MORE:   2

[HDD (BASE 65) ]
TOTAL THIS MO.     3    CLEAR  (SCALE 0-3)  18
DPTR FM NORMAL    -4    PTCLDY (SCALE 4-7)   9
TOTAL FM JUL 1  3322    CLOUDY (SCALE 8-10)  1
DPTR FM NORMAL  -881

[CDD (BASE 65) ]
TOTAL THIS MO.   170
DPTR FM NORMAL   -52    [PRESSURE DATA]
TOTAL FM JAN 1   321    HIGHEST SLP M ON M
DPTR FM NORMAL   -15    LOWEST  SLP 29.63 ON 23

[REMARKS]
