000
CXUS55 KJKL 201000
CF6LOZ
PRELIMINARY LOCAL CLIMATOLOGICAL DATA (WS FORM: F-6)

                                          STATION:   LONDON KY
                                          MONTH:     AUGUST
                                          YEAR:      2014
                                          LATITUDE:   37  4 N
                                          LONGITUDE:  84  5 W

  TEMPERATURE IN F:       :PCPN:    SNOW:  WIND      :SUNSHINE: SKY     :PK WND
================================================================================
1   2   3   4   5  6A  6B    7    8   9   10  11  12  13   14  15   16   17  18
                                     12Z  AVG MX 2MIN
DY MAX MIN AVG DEP HDD CDD  WTR  SNW DPTH SPD SPD DIR MIN PSBL S-S WX    SPD DR
================================================================================

 1  84  62  73  -3   0   8    T    M    M  2.1 10 310   M    M   4 13     13 160
 2  85  65  75  -1   0  10    T    M    M  3.0 15 360   M    M   3 1      21  20
 3  83  60  72  -4   0   7 0.00    M    M  3.7 14  20   M    M   0 128    16  20
 4  85  59  72  -4   0   7 0.00    M    M  3.1 13  40   M    M   1 18     17  20
 5  85  60  73  -3   0   8 0.00    M    M  1.5  9 280   M    M   2 128    12 260
 6  87  65  76   0   0  11 0.36    M    M  2.8 28 240   M    M   3 18     38 260
 7  85  66  76   0   0  11 0.00    M    M  3.0 10  90   M    M   3 128    13  90
 8  79  68  74  -2   0   9 0.83    M    M  3.6  9 100   M    M   9 18     12 130
 9  85  71  78   2   0  13 0.00    M    M  3.4 10 250   M    M   8 1      12 250
10  82  72  77   1   0  12 0.38    M    M  3.2 17 250   M    M   6 138    22 240
11  79  70  75  -1   0  10 0.42    M    M  4.3 22 280   M    M   4 138    28 290
12  83  64  74  -2   0   9 0.07    M    M  7.7 23 260   M    M   6 1      29 250
13  75  57  66 -10   0   1 0.00    M    M  3.6 10 290   M    M   4 1      14 320
14  81  56  69  -7   0   4 0.00    M    M  2.6 12 250   M    M   3 12     15 270
15  83  61  72  -4   0   7 0.00    M    M  4.0 14 340   M    M   3 1      18 350
16  82  58  70  -6   0   5    T    M    M  3.0 10 220   M    M   2 1      14 240
17  80  68  74  -1   0   9 0.51    M    M  2.6 14 230   M    M   6 138    19 240
18  84  70  77   2   0  12 0.89    M    M  6.9 17 270   M    M   6 1      22 250
19  86  69  78   3   0  13 0.03    M    M  3.6 15 260   M    M   6 128    18 270
================================================================================
SM 1573 1221         0 166  3.49    M     67.7          M       79
================================================================================
AV 82.8 64.3                               3.6 FASTST   M    M   4    MAX(MPH)
                                 MISC ---->  # 28 240               # 38  260
================================================================================
NOTES:
# LAST OF SEVERAL OCCURRENCES

COLUMN 17 PEAK WIND IN M.P.H.

PRELIMINARY LOCAL CLIMATOLOGICAL DATA (WS FORM: F-6) , PAGE 2

                                          STATION:  LONDON KY
                                          MONTH:    AUGUST
                                          YEAR:     2014
                                          LATITUDE:   37  4 N
                                          LONGITUDE:  84  5 W

[TEMPERATURE DATA]      [PRECIPITATION DATA]       SYMBOLS USED IN COLUMN 16

AVERAGE MONTHLY: 73.5   TOTAL FOR MONTH:   3.49    1 = FOG OR MIST
DPTR FM NORMAL:  -2.3   DPTR FM NORMAL:    1.09    2 = FOG REDUCING VISIBILITY
HIGHEST:    87 ON  6    GRTST 24HR  1.40 ON 17-18      TO 1/4 MILE OR LESS
LOWEST:     56 ON 14                               3 = THUNDER
                        SNOW, ICE PELLETS, HAIL    4 = ICE PELLETS
                        TOTAL MONTH:    M          5 = HAIL
                        GRTST 24HR    M  ON   M    6 = FREEZING RAIN OR DRIZZLE
                        GRTST DEPTH:  M  ON   M    7 = DUSTSTORM OR SANDSTORM:
                                                       VSBY 1/2 MILE OR LESS
                                                   8 = SMOKE OR HAZE
[NO. OF DAYS WITH]      [WEATHER - DAYS WITH]      9 = BLOWING SNOW
                                                   X = TORNADO
MAX 32 OR BELOW:   0    0.01 INCH OR MORE:   8
MAX 90 OR ABOVE:   0    0.10 INCH OR MORE:   6
MIN 32 OR BELOW:   0    0.50 INCH OR MORE:   3
MIN  0 OR BELOW:   0    1.00 INCH OR MORE:   0

[HDD (BASE 65) ]
TOTAL THIS MO.     0    CLEAR  (SCALE 0-3)   8
DPTR FM NORMAL     0    PTCLDY (SCALE 4-7)  10
TOTAL FM JUL 1     0    CLOUDY (SCALE 8-10)  1
DPTR FM NORMAL     0

[CDD (BASE 65) ]
TOTAL THIS MO.   166
DPTR FM NORMAL   -39    [PRESSURE DATA]
TOTAL FM JAN 1   889    HIGHEST SLP M ON M
DPTR FM NORMAL   -23    LOWEST  SLP 29.80 ON 12

[REMARKS]
